{"id":10070,"date":"2026-03-11T08:26:46","date_gmt":"2026-03-11T11:26:46","guid":{"rendered":"https:\/\/homologacaointerna.tjba.jus.br\/estrategia\/?page_id=10070"},"modified":"2026-03-11T09:42:17","modified_gmt":"2026-03-11T12:42:17","slug":"manuais","status":"publish","type":"page","link":"https:\/\/www.tjba.jus.br\/estrategia\/manuais\/","title":{"rendered":"Manuais"},"content":{"rendered":"\n<div class=\"wp-block-media-text is-stacked-on-mobile\" style=\"grid-template-columns:20% auto\"><figure class=\"wp-block-media-text__media\"><img loading=\"lazy\" decoding=\"async\" width=\"512\" height=\"512\" src=\"https:\/\/www.tjba.jus.br\/estrategia\/wp-content\/uploads\/2026\/03\/estrategia.png\" alt=\"\" class=\"wp-image-9887 size-full\" srcset=\"https:\/\/www.tjba.jus.br\/estrategia\/wp-content\/uploads\/2026\/03\/estrategia.png 512w, https:\/\/www.tjba.jus.br\/estrategia\/wp-content\/uploads\/2026\/03\/estrategia-300x300.png 300w, https:\/\/www.tjba.jus.br\/estrategia\/wp-content\/uploads\/2026\/03\/estrategia-150x150.png 150w\" sizes=\"auto, (max-width: 512px) 100vw, 512px\" \/><\/figure><div class=\"wp-block-media-text__content\">\n<p><a href=\"https:\/\/www.tjba.jus.br\/estrategia\/wp-content\/uploads\/2023\/03\/Manual-de-Gest\u00e3o-Estrat\u00e9gica-V2.0-Final.pdf\">Manual de Gest\u00e3o Estrat\u00e9gica<\/a><\/p>\n\n\n\n<p><\/p>\n<\/div><\/div>\n\n\n<div class=\"wp-block-ub-divider ub_divider ub-divider-orientation-horizontal\" id=\"ub_divider_8f28b730-2f70-408d-a4b3-790e10c7c222\"><div class=\"ub_divider_wrapper\" style=\"position: relative; margin-bottom: 2px; width: 100%; height: 2px; \" data-divider-alignment=\"center\"><div class=\"ub_divider_line\" style=\"border-top: 2px solid #ccc; margin-top: 2px; \"><\/div><\/div><\/div>\n\n\n<div class=\"wp-block-media-text is-stacked-on-mobile\" style=\"grid-template-columns:20% auto\"><figure class=\"wp-block-media-text__media\"><img loading=\"lazy\" decoding=\"async\" width=\"512\" height=\"512\" src=\"https:\/\/www.tjba.jus.br\/estrategia\/wp-content\/uploads\/2026\/03\/projetos.png\" alt=\"\" class=\"wp-image-9886 size-full\" srcset=\"https:\/\/www.tjba.jus.br\/estrategia\/wp-content\/uploads\/2026\/03\/projetos.png 512w, https:\/\/www.tjba.jus.br\/estrategia\/wp-content\/uploads\/2026\/03\/projetos-300x300.png 300w, https:\/\/www.tjba.jus.br\/estrategia\/wp-content\/uploads\/2026\/03\/projetos-150x150.png 150w\" sizes=\"auto, (max-width: 512px) 100vw, 512px\" \/><\/figure><div class=\"wp-block-media-text__content\">\n<p><a href=\"http:\/\/www5.tjba.jus.br\/estrategia\/wp-content\/uploads\/2022\/10\/Manual-de-Gesta%CC%83o-de-Projetos.pdf\">Manual de Gest\u00e3o de Projetos<\/a> <\/p>\n\n\n\n<p>O Manual de Gest\u00e3o de Projetos do Tribunal de Justi\u00e7a do Estado da Bahia (TJBA) estabelece orienta\u00e7\u00f5es para o gerenciamento e o monitoramento dos projetos institucionais. Seu objetivo \u00e9 servir como documento de refer\u00eancia para a padroniza\u00e7\u00e3o de pr\u00e1ticas e processos de condu\u00e7\u00e3o dos projetos, bem como para a avalia\u00e7\u00e3o de seus riscos e custos at\u00e9 o seu encerramento.<\/p>\n<\/div><\/div>\n\n\n<div class=\"wp-block-ub-divider ub_divider ub-divider-orientation-horizontal\" id=\"ub_divider_8c009d92-5bf2-44b6-8fbf-634635f7b251\"><div class=\"ub_divider_wrapper\" style=\"position: relative; margin-bottom: 2px; width: 100%; height: 2px; \" data-divider-alignment=\"center\"><div class=\"ub_divider_line\" style=\"border-top: 2px solid #ccc; margin-top: 2px; \"><\/div><\/div><\/div>\n\n\n<div class=\"wp-block-media-text is-stacked-on-mobile\" style=\"grid-template-columns:20% auto\"><figure class=\"wp-block-media-text__media\"><img loading=\"lazy\" decoding=\"async\" width=\"512\" height=\"512\" src=\"https:\/\/www.tjba.jus.br\/estrategia\/wp-content\/uploads\/2026\/03\/processos.png\" alt=\"\" class=\"wp-image-9885 size-full\" srcset=\"https:\/\/www.tjba.jus.br\/estrategia\/wp-content\/uploads\/2026\/03\/processos.png 512w, https:\/\/www.tjba.jus.br\/estrategia\/wp-content\/uploads\/2026\/03\/processos-300x300.png 300w, https:\/\/www.tjba.jus.br\/estrategia\/wp-content\/uploads\/2026\/03\/processos-150x150.png 150w\" sizes=\"auto, (max-width: 512px) 100vw, 512px\" \/><\/figure><div class=\"wp-block-media-text__content\">\n<p><a href=\"http:\/\/www5.tjba.jus.br\/estrategia\/wp-content\/uploads\/2023\/03\/Manual-de-Gest%C3%A3o-de-Processos-V2.0-Final.pdf\">Manual de Gest\u00e3o de Processos<\/a><\/p>\n\n\n\n<p>O Manual de Gest\u00e3o de Processos do Tribunal de Justi\u00e7a do Estado da Bahia (TJBA) estabelece orienta\u00e7\u00f5es para o mapeamento, an\u00e1lise, padroniza\u00e7\u00e3o e melhoria dos processos institucionais. Seu objetivo \u00e9 servir como documento de refer\u00eancia para a organiza\u00e7\u00e3o e o aprimoramento das rotinas de trabalho, por meio da aplica\u00e7\u00e3o de t\u00e9cnicas, m\u00e9todos, modelos e matrizes.<\/p>\n<\/div><\/div>\n\n\n<div class=\"wp-block-ub-divider ub_divider ub-divider-orientation-horizontal\" id=\"ub_divider_01209b38-5ebd-4622-9b37-e59b0960db3a\"><div class=\"ub_divider_wrapper\" style=\"position: relative; margin-bottom: 2px; width: 100%; height: 2px; \" data-divider-alignment=\"center\"><div class=\"ub_divider_line\" style=\"border-top: 2px solid #ccc; margin-top: 2px; \"><\/div><\/div><\/div>\n\n\n<div class=\"wp-block-media-text is-stacked-on-mobile\" style=\"grid-template-columns:20% auto\"><figure class=\"wp-block-media-text__media\"><img loading=\"lazy\" decoding=\"async\" width=\"512\" height=\"512\" src=\"https:\/\/www.tjba.jus.br\/estrategia\/wp-content\/uploads\/2026\/03\/riscos.png\" alt=\"\" class=\"wp-image-10076 size-full\" srcset=\"https:\/\/www.tjba.jus.br\/estrategia\/wp-content\/uploads\/2026\/03\/riscos.png 512w, https:\/\/www.tjba.jus.br\/estrategia\/wp-content\/uploads\/2026\/03\/riscos-300x300.png 300w, https:\/\/www.tjba.jus.br\/estrategia\/wp-content\/uploads\/2026\/03\/riscos-150x150.png 150w\" sizes=\"auto, (max-width: 512px) 100vw, 512px\" \/><\/figure><div class=\"wp-block-media-text__content\">\n<p><a href=\"http:\/\/www5.tjba.jus.br\/estrategia\/wp-content\/uploads\/2023\/03\/Manual-de-Gest%C3%A3o-de-Processos-V2.0-Final.pdf\">Manual de Gest\u00e3o de Riscos<\/a><\/p>\n\n\n\n<p>O Manual de Gest\u00e3o de Riscos do Tribunal de Justi\u00e7a do Estado da Bahia (TJBA) estabelece orienta\u00e7\u00f5es para a identifica\u00e7\u00e3o, an\u00e1lise, avalia\u00e7\u00e3o e tratamento dos riscos. Esse manual visa servir como refer\u00eancia para apoiar a gest\u00e3o na preven\u00e7\u00e3o e mitiga\u00e7\u00e3o de riscos, por meio da aplica\u00e7\u00e3o de m\u00e9todos, t\u00e9cnicas e instrumentos que contribuam para o alcance dos objetivos institucionais.<\/p>\n<\/div><\/div>\n\n\n\n<p><\/p>\n\n\n\n<p><\/p>\n","protected":false},"excerpt":{"rendered":"<p>Manual de Gest\u00e3o Estrat\u00e9gica Manual de Gest\u00e3o de Projetos O Manual de Gest\u00e3o de Projetos do Tribunal de Justi\u00e7a do Estado da Bahia (TJBA) estabelece orienta\u00e7\u00f5es para o gerenciamento e o monitoramento dos projetos institucionais. Seu objetivo \u00e9 servir como documento de refer\u00eancia para a padroniza\u00e7\u00e3o de pr\u00e1ticas e processos de condu\u00e7\u00e3o dos projetos, bem [&hellip;]<\/p>\n","protected":false},"author":16,"featured_media":0,"parent":0,"menu_order":0,"comment_status":"closed","ping_status":"closed","template":"page-modelo-1280px.php","meta":{"footnotes":""},"class_list":["post-10070","page","type-page","status-publish","hentry"],"acf":[],"featured_image_src":null,"_links":{"self":[{"href":"https:\/\/www.tjba.jus.br\/estrategia\/wp-json\/wp\/v2\/pages\/10070","targetHints":{"allow":["GET"]}}],"collection":[{"href":"https:\/\/www.tjba.jus.br\/estrategia\/wp-json\/wp\/v2\/pages"}],"about":[{"href":"https:\/\/www.tjba.jus.br\/estrategia\/wp-json\/wp\/v2\/types\/page"}],"author":[{"embeddable":true,"href":"https:\/\/www.tjba.jus.br\/estrategia\/wp-json\/wp\/v2\/users\/16"}],"replies":[{"embeddable":true,"href":"https:\/\/www.tjba.jus.br\/estrategia\/wp-json\/wp\/v2\/comments?post=10070"}],"version-history":[{"count":4,"href":"https:\/\/www.tjba.jus.br\/estrategia\/wp-json\/wp\/v2\/pages\/10070\/revisions"}],"predecessor-version":[{"id":10082,"href":"https:\/\/www.tjba.jus.br\/estrategia\/wp-json\/wp\/v2\/pages\/10070\/revisions\/10082"}],"wp:attachment":[{"href":"https:\/\/www.tjba.jus.br\/estrategia\/wp-json\/wp\/v2\/media?parent=10070"}],"curies":[{"name":"wp","href":"https:\/\/api.w.org\/{rel}","templated":true}]}}