{"id":10727,"date":"2026-04-29T15:07:38","date_gmt":"2026-04-29T18:07:38","guid":{"rendered":"https:\/\/www.tjba.jus.br\/estrategia\/?page_id=10727"},"modified":"2026-04-29T15:15:36","modified_gmt":"2026-04-29T18:15:36","slug":"calendario-de-sentencas-e-baixas-2026","status":"publish","type":"page","link":"https:\/\/www.tjba.jus.br\/estrategia\/calendario-de-sentencas-e-baixas-2026\/","title":{"rendered":"Calend\u00e1rio de Senten\u00e7as e Baixas 2026"},"content":{"rendered":"\n<p>Nos termos do <a href=\"https:\/\/www7.tjba.jus.br\/secao\/lerPublicacao.wsp?tmp.mostrarDiv=sim&amp;tmp.id=42107&amp;tmp.secao=9\">Decreto Judici\u00e1rio n\u00ba 380, de 14 de abril de 2026<\/a>, &#8220;a ades\u00e3o das unidades judiciais ao Calend\u00e1rio de Julgamentos Tem\u00e1ticas \u00e9 obrigat\u00f3ria&#8221; e a execu\u00e7\u00e3o das a\u00e7\u00f5es previstas &#8220;observar\u00e1 as Metas Nacionais do Poder Judici\u00e1rio e os indicadores institucionais de desempenho&#8221;.<\/p>\n\n\n\n<p>Desta forma, durante os dias relacionados, deve ser priorizado o julgamento e baixa dos processos enquadrados nas Metas Nacionais do Conselho Nacional de Justi\u00e7a. A rela\u00e7\u00e3o dos processos pode ser extra\u00edda no <a href=\"http:\/\/bi.tjba.jus.br\">BI EXAUDI<\/a>.<\/p>\n\n\n\n<hr class=\"wp-block-separator has-alpha-channel-opacity\"\/>\n\n\n\n<p><strong>Divulga\u00e7\u00e3o dos resultados alcan\u00e7ados (Senten\u00e7as e Baixas):<\/strong><\/p>\n\n\n\n<p>30 de abril de 2026<\/p>\n\n\n\n<p>22 de maio de 2026<\/p>\n\n\n\n<p>30 de junho de 2026<\/p>\n\n\n\n<p>31 de julho de 2026<\/p>\n\n\n\n<p>31 de agosto de 2026<\/p>\n\n\n\n<p>30 de setembro de 2026<\/p>\n\n\n\n<p>29 de outubro de 2026<\/p>\n\n\n\n<p>30 de novembro de 2026<\/p>\n\n\n\n<p><\/p>\n\n\n\n<p><strong>Resultados acumulados no ano<\/strong><\/p>\n","protected":false},"excerpt":{"rendered":"<p>Nos termos do Decreto Judici\u00e1rio n\u00ba 380, de 14 de abril de 2026, &#8220;a ades\u00e3o das unidades judiciais ao Calend\u00e1rio de Julgamentos Tem\u00e1ticas \u00e9 obrigat\u00f3ria&#8221; e a execu\u00e7\u00e3o das a\u00e7\u00f5es previstas &#8220;observar\u00e1 as Metas Nacionais do Poder Judici\u00e1rio e os indicadores institucionais de desempenho&#8221;. Desta forma, durante os dias relacionados, deve ser priorizado o julgamento [&hellip;]<\/p>\n","protected":false},"author":16,"featured_media":0,"parent":0,"menu_order":0,"comment_status":"closed","ping_status":"closed","template":"page-modelo-1280px.php","meta":{"footnotes":""},"class_list":["post-10727","page","type-page","status-publish","hentry"],"acf":[],"featured_image_src":null,"_links":{"self":[{"href":"https:\/\/www.tjba.jus.br\/estrategia\/wp-json\/wp\/v2\/pages\/10727","targetHints":{"allow":["GET"]}}],"collection":[{"href":"https:\/\/www.tjba.jus.br\/estrategia\/wp-json\/wp\/v2\/pages"}],"about":[{"href":"https:\/\/www.tjba.jus.br\/estrategia\/wp-json\/wp\/v2\/types\/page"}],"author":[{"embeddable":true,"href":"https:\/\/www.tjba.jus.br\/estrategia\/wp-json\/wp\/v2\/users\/16"}],"replies":[{"embeddable":true,"href":"https:\/\/www.tjba.jus.br\/estrategia\/wp-json\/wp\/v2\/comments?post=10727"}],"version-history":[{"count":7,"href":"https:\/\/www.tjba.jus.br\/estrategia\/wp-json\/wp\/v2\/pages\/10727\/revisions"}],"predecessor-version":[{"id":10738,"href":"https:\/\/www.tjba.jus.br\/estrategia\/wp-json\/wp\/v2\/pages\/10727\/revisions\/10738"}],"wp:attachment":[{"href":"https:\/\/www.tjba.jus.br\/estrategia\/wp-json\/wp\/v2\/media?parent=10727"}],"curies":[{"name":"wp","href":"https:\/\/api.w.org\/{rel}","templated":true}]}}

Calendário de Sentenças e Baixas 2026

<p>Nos termos do <a href="https://www7.tjba.jus.br/secao/lerPublicacao.wsp?tmp.mostrarDiv=sim&amp;tmp.id=42107&amp;tmp.secao=9">Decreto Judiciário nº 380, de 14 de abril de 2026</a>, &#8220;a adesão das unidades judiciais ao Calendário de Julgamentos Temáticas é obrigatória&#8221; e a execução das ações previstas &#8220;observará as Metas Nacionais do Poder Judiciário e os indicadores institucionais de desempenho&#8221;.</p>



<p>Desta forma, durante os dias relacionados, deve ser priorizado o julgamento e baixa dos processos enquadrados nas Metas Nacionais do Conselho Nacional de Justiça. A relação dos processos pode ser extraída no <a href="http://bi.tjba.jus.br">BI EXAUDI</a>.</p>



<hr class="wp-block-separator has-alpha-channel-opacity"/>



<p><strong>Divulgação dos resultados alcançados (Sentenças e Baixas):</strong></p>



<p>30 de abril de 2026</p>



<p>22 de maio de 2026</p>



<p>30 de junho de 2026</p>



<p>31 de julho de 2026</p>



<p>31 de agosto de 2026</p>



<p>30 de setembro de 2026</p>



<p>29 de outubro de 2026</p>



<p>30 de novembro de 2026</p>



<p></p>



<p><strong>Resultados acumulados no ano</strong></p>

<p>Nos termos do Decreto Judiciário nº 380, de 14 de abril de 2026, &#8220;a adesão das unidades judiciais ao Calendário de Julgamentos Temáticas é obrigatória&#8221; e a execução das ações previstas &#8220;observará as Metas Nacionais do Poder Judiciário e os indicadores institucionais de desempenho&#8221;. Desta forma, durante os dias relacionados, deve ser priorizado o julgamento [&hellip;]</p>
