{"id":2399,"date":"2017-05-15T16:22:41","date_gmt":"2017-05-15T16:22:41","guid":{"rendered":"http:\/\/www5.tjba.jus.br\/estrategia\/?page_id=2399"},"modified":"2018-09-25T16:58:23","modified_gmt":"2018-09-25T16:58:23","slug":"resultado-pesquisa-de-opiniao","status":"publish","type":"page","link":"https:\/\/www.tjba.jus.br\/estrategia\/resultado-pesquisa-de-opiniao\/","title":{"rendered":"Resultado Pesquisa de Opini\u00e3o 2017"},"content":{"rendered":"<div style=\"text-align: justify;\">\n<blockquote><p><a href=\"http:\/\/www5.tjba.jus.br\/estrategia\/wp-content\/uploads\/2017\/05\/pesquisa_opiniao.jpg\"><img loading=\"lazy\" decoding=\"async\" class=\"alignleft wp-image-2371\" src=\"http:\/\/www5.tjba.jus.br\/estrategia\/wp-content\/uploads\/2017\/05\/pesquisa_opiniao-300x254.jpg\" alt=\"\" width=\"250\" height=\"212\" srcset=\"https:\/\/www.tjba.jus.br\/estrategia\/wp-content\/uploads\/2017\/05\/pesquisa_opiniao-300x254.jpg 300w, https:\/\/www.tjba.jus.br\/estrategia\/wp-content\/uploads\/2017\/05\/pesquisa_opiniao.jpg 352w\" sizes=\"auto, (max-width: 250px) 100vw, 250px\" \/><\/a><\/p>\n<p>A <strong>Pesquisa de Opini\u00e3o do Tribunal de Justi\u00e7a da Bahia<\/strong> \u00e9 uma necessidade imposta pela\u00a0\u00a0Resolu\u00e7\u00e3o 198, do Conselho Nacional de Justi\u00e7a, e pela resolu\u00e7\u00e3o 3\/2015, do TJBA, que instituiu o Planejamento Estrat\u00e9gico 2015-2020. Essa pesquisa visa a <strong>conhecer a opini\u00e3o dos nossos usu\u00e1rios sobre diferentes aspectos<\/strong>, como atendimento, audi\u00eancias e instala\u00e7\u00f5es f\u00edsicas, a fim de melhorar e corrigir poss\u00edveis falhas nos servi\u00e7os prestados \u00e0 nossa popula\u00e7\u00e3o.<\/p><\/blockquote>\n<p>&nbsp;<\/p>\n<p><strong>..:: CONFIRA O RESULTADO ::..<\/strong><\/p>\n<p><strong>Vers\u00e3o PDF<\/strong> <a href=\"http:\/\/www5.tjba.jus.br\/estrategia\/wp-content\/uploads\/2017\/09\/Resultado-Pesquisa-de-Opini\u00e3o.pdf\" target=\"_blank\" rel=\"noopener\">clique aqui<\/a><\/p>\n<p>[embeddoc url=&#8221;http:\/\/www5.tjba.jus.br\/estrategia\/wp-content\/uploads\/2017\/05\/Resultado-Pesquisa-de-Opini\u00e3o.pps&#8221; download=&#8221;none&#8221; viewer=&#8221;microsoft&#8221;]<\/p>\n<p>&nbsp;<\/p>\n<p>&nbsp;<\/p>\n<p><strong>..:: Galeria de Fotos ::..<\/strong><\/p>\n<p>[huge_it_gallery id=&#8221;9&#8243;]<\/p>\n<p>&nbsp;<\/p>\n<p>&nbsp;<\/p>\n<p><strong>..:: Mat\u00e9rias Relacionadas ::..<\/strong><\/p>\n<p><a href=\"http:\/\/www5.tjba.jus.br\/estrategia\/index.php\/2017\/07\/18\/pesquisa-de-opiniao-do-tjba-para-8654-dos-pesquisados-vale-a-pena-procurar-o-judiciario\/\" target=\"_blank\" rel=\"noopener noreferrer\">Pesquisa de opini\u00e3o do TJBA: para 86,54% dos pesquisados \u201cvale a pena procurar o judici\u00e1rio\u201d<\/a><\/p>\n<p><a href=\"http:\/\/www5.tjba.jus.br\/estrategia\/index.php\/2017\/05\/30\/termina-nesta-terca-30-prazo-para-envio-de-formularios-da-pesquisa-de-opiniao\/\" target=\"_blank\" rel=\"noopener noreferrer\">Termina nesta ter\u00e7a (30) prazo para envio de formul\u00e1rios da Pesquisa de Opini\u00e3o<\/a><\/p>\n<p><a href=\"http:\/\/www5.tjba.jus.br\/estrategia\/index.php\/2017\/05\/26\/seplan-conclui-visitas-aos-foruns-participantes-da-pesquisa-de-opiniao\/\" target=\"_blank\" rel=\"noopener noreferrer\">Seplan conclui visitas aos f\u00f3runs participantes da Pesquisa de Opini\u00e3o<\/a><\/p>\n<p><a href=\"http:\/\/www5.tjba.jus.br\/estrategia\/index.php\/2017\/05\/26\/tecnicos-da-seplan-visitam-foruns-para-orientar-servidores-sobre-pesquisa-de-opiniao\/\" target=\"_blank\" rel=\"noopener noreferrer\">T\u00e9cnicos da Seplan visitam f\u00f3runs para orientar servidores sobre pesquisa de opini\u00e3o<\/a><\/p>\n<p><a href=\"http:\/\/www5.tjba.jus.br\/estrategia\/index.php\/2017\/05\/11\/tjba-lanca-pesquisa-de-opiniao-em-51-comarcas-sobre-satisfacao-e-confianca-no-judiciario\/\" target=\"_blank\" rel=\"noopener noreferrer\">TJBA lan\u00e7a pesquisa de opini\u00e3o em 51 comarcas sobre satisfa\u00e7\u00e3o e confian\u00e7a no Judici\u00e1rio<\/a><\/p>\n<\/div>\n","protected":false},"excerpt":{"rendered":"<p>A Pesquisa de Opini\u00e3o do Tribunal de Justi\u00e7a da Bahia \u00e9 uma necessidade imposta pela\u00a0\u00a0Resolu\u00e7\u00e3o 198, do Conselho Nacional de Justi\u00e7a, e pela resolu\u00e7\u00e3o 3\/2015, do TJBA, que instituiu o Planejamento Estrat\u00e9gico 2015-2020. Essa pesquisa visa a conhecer a opini\u00e3o dos nossos usu\u00e1rios sobre diferentes aspectos, como atendimento, audi\u00eancias e instala\u00e7\u00f5es f\u00edsicas, a fim de [&hellip;]<\/p>\n","protected":false},"author":2,"featured_media":0,"parent":0,"menu_order":0,"comment_status":"closed","ping_status":"closed","template":"","meta":{"footnotes":""},"class_list":["post-2399","page","type-page","status-publish","hentry"],"acf":[],"featured_image_src":null,"_links":{"self":[{"href":"https:\/\/www.tjba.jus.br\/estrategia\/wp-json\/wp\/v2\/pages\/2399","targetHints":{"allow":["GET"]}}],"collection":[{"href":"https:\/\/www.tjba.jus.br\/estrategia\/wp-json\/wp\/v2\/pages"}],"about":[{"href":"https:\/\/www.tjba.jus.br\/estrategia\/wp-json\/wp\/v2\/types\/page"}],"author":[{"embeddable":true,"href":"https:\/\/www.tjba.jus.br\/estrategia\/wp-json\/wp\/v2\/users\/2"}],"replies":[{"embeddable":true,"href":"https:\/\/www.tjba.jus.br\/estrategia\/wp-json\/wp\/v2\/comments?post=2399"}],"version-history":[{"count":36,"href":"https:\/\/www.tjba.jus.br\/estrategia\/wp-json\/wp\/v2\/pages\/2399\/revisions"}],"predecessor-version":[{"id":3950,"href":"https:\/\/www.tjba.jus.br\/estrategia\/wp-json\/wp\/v2\/pages\/2399\/revisions\/3950"}],"wp:attachment":[{"href":"https:\/\/www.tjba.jus.br\/estrategia\/wp-json\/wp\/v2\/media?parent=2399"}],"curies":[{"name":"wp","href":"https:\/\/api.w.org\/{rel}","templated":true}]}}