{"id":2626,"date":"2017-07-20T18:13:15","date_gmt":"2017-07-20T18:13:15","guid":{"rendered":"http:\/\/www5.tjba.jus.br\/estrategia\/?page_id=2626"},"modified":"2017-09-20T15:12:31","modified_gmt":"2017-09-20T15:12:31","slug":"reuniao-de-analise-da-estrategia-rae-17072017","status":"publish","type":"page","link":"https:\/\/www.tjba.jus.br\/estrategia\/reuniao-de-analise-da-estrategia-rae-17072017\/","title":{"rendered":"Reuni\u00e3o de An\u00e1lise da Estrat\u00e9gia \u2013 RAE (17\/07\/2017)"},"content":{"rendered":"<p><strong>Acesse <a href=\"http:\/\/www5.tjba.jus.br\/estrategia\/wp-content\/uploads\/2017\/09\/Ata-de-Reuni\u00e3o-RAE-2017_07_17_rev1.pdf\" target=\"_blank\" rel=\"noopener\">aqui <\/a>a ata da II RAE.<\/strong><\/p>\n<p>&nbsp;<\/p>\n<p><strong>..:: Apresenta\u00e7\u00e3o\u00a0::..<\/strong><\/p>\n<p><a href=\"https:\/\/prezi.com\/view\/Wr9i5jbRgNhHu7uUpzYI\/\" target=\"_blank\" rel=\"noopener noreferrer\"><img loading=\"lazy\" decoding=\"async\" class=\"aligncenter wp-image-2628\" title=\"Clique para acessar\" src=\"http:\/\/www5.tjba.jus.br\/estrategia\/wp-content\/uploads\/2017\/07\/apresentacao-RAE-1024x573.png\" alt=\"\" width=\"600\" height=\"335\" srcset=\"https:\/\/www.tjba.jus.br\/estrategia\/wp-content\/uploads\/2017\/07\/apresentacao-RAE-1024x573.png 1024w, https:\/\/www.tjba.jus.br\/estrategia\/wp-content\/uploads\/2017\/07\/apresentacao-RAE-300x168.png 300w, https:\/\/www.tjba.jus.br\/estrategia\/wp-content\/uploads\/2017\/07\/apresentacao-RAE-768x429.png 768w, https:\/\/www.tjba.jus.br\/estrategia\/wp-content\/uploads\/2017\/07\/apresentacao-RAE.png 1488w\" sizes=\"auto, (max-width: 600px) 100vw, 600px\" \/><\/a><\/p>\n<p>&nbsp;<\/p>\n<p><strong>..::\u00a0<a href=\"http:\/\/www5.tjba.jus.br\/estrategia\/wp-content\/uploads\/2017\/08\/POLITICA-DA-QUALIDADE.pdf\" target=\"_blank\" rel=\"noopener\">Acesse aqui<\/a> a Pol\u00edtica da Qualidade estabelecida pelo TJBA ::..<\/strong><\/p>\n<p>&nbsp;<\/p>\n<p><strong>..:: Galeria de Fotos ::..<\/strong><\/p>\n<p>[huge_it_gallery id=&#8221;10&#8243;]<\/p>\n<p>&nbsp;<\/p>\n<p>&nbsp;<\/p>\n<p><strong>..:: Mat\u00e9rias Relacionadas ::..<\/strong><\/p>\n<p><a href=\"http:\/\/www5.tjba.jus.br\/estrategia\/index.php\/2017\/07\/18\/segunda-reuniao-de-analise-estrategica-apresenta-projetos-alinhados-ao-planejamento-do-tjba\/\" target=\"_blank\" rel=\"noopener noreferrer\">Segunda RAE apresenta projetos alinhados ao planejamento do TJBA<\/a><\/p>\n<p><a href=\"http:\/\/www5.tjba.jus.br\/estrategia\/index.php\/2017\/07\/12\/reuniao-de-analise-estrategica-unidades-tem-ate-esta-quarta-12-para-enviar-projetos\/\" target=\"_blank\" rel=\"noopener noreferrer\">Reuni\u00e3o de An\u00e1lise Estrat\u00e9gica: unidades t\u00eam at\u00e9 esta quarta (12) para enviar projetos<\/a><\/p>\n<p><a href=\"http:\/\/www5.tjba.jus.br\/estrategia\/index.php\/2017\/06\/08\/apresentacao-de-projetos-finaliza-preparativos-para-reuniao-de-analise-estrategica\/\" target=\"_blank\" rel=\"noopener noreferrer\">Apresenta\u00e7\u00e3o de projetos finaliza preparativos para Reuni\u00e3o de An\u00e1lise Estrat\u00e9gica<\/a><\/p>\n<p>&nbsp;<\/p>\n","protected":false},"excerpt":{"rendered":"<p>Acesse aqui a ata da II RAE. &nbsp; ..:: Apresenta\u00e7\u00e3o\u00a0::.. &nbsp; ..::\u00a0Acesse aqui a Pol\u00edtica da Qualidade estabelecida pelo TJBA ::.. &nbsp; ..:: Galeria de Fotos ::.. [huge_it_gallery id=&#8221;10&#8243;] &nbsp; &nbsp; ..:: Mat\u00e9rias Relacionadas ::.. Segunda RAE apresenta projetos alinhados ao planejamento do TJBA Reuni\u00e3o de An\u00e1lise Estrat\u00e9gica: unidades t\u00eam at\u00e9 esta quarta (12) para [&hellip;]<\/p>\n","protected":false},"author":2,"featured_media":0,"parent":0,"menu_order":0,"comment_status":"closed","ping_status":"closed","template":"","meta":{"footnotes":""},"class_list":["post-2626","page","type-page","status-publish","hentry"],"acf":[],"featured_image_src":null,"_links":{"self":[{"href":"https:\/\/www.tjba.jus.br\/estrategia\/wp-json\/wp\/v2\/pages\/2626","targetHints":{"allow":["GET"]}}],"collection":[{"href":"https:\/\/www.tjba.jus.br\/estrategia\/wp-json\/wp\/v2\/pages"}],"about":[{"href":"https:\/\/www.tjba.jus.br\/estrategia\/wp-json\/wp\/v2\/types\/page"}],"author":[{"embeddable":true,"href":"https:\/\/www.tjba.jus.br\/estrategia\/wp-json\/wp\/v2\/users\/2"}],"replies":[{"embeddable":true,"href":"https:\/\/www.tjba.jus.br\/estrategia\/wp-json\/wp\/v2\/comments?post=2626"}],"version-history":[{"count":18,"href":"https:\/\/www.tjba.jus.br\/estrategia\/wp-json\/wp\/v2\/pages\/2626\/revisions"}],"predecessor-version":[{"id":2877,"href":"https:\/\/www.tjba.jus.br\/estrategia\/wp-json\/wp\/v2\/pages\/2626\/revisions\/2877"}],"wp:attachment":[{"href":"https:\/\/www.tjba.jus.br\/estrategia\/wp-json\/wp\/v2\/media?parent=2626"}],"curies":[{"name":"wp","href":"https:\/\/api.w.org\/{rel}","templated":true}]}}