{"id":3366,"date":"2018-01-08T17:04:51","date_gmt":"2018-01-08T17:04:51","guid":{"rendered":"http:\/\/www5.tjba.jus.br\/estrategia\/?page_id=3366"},"modified":"2018-01-15T14:19:54","modified_gmt":"2018-01-15T14:19:54","slug":"selo-justica-em-numeros-tjba-2017","status":"publish","type":"page","link":"https:\/\/www.tjba.jus.br\/estrategia\/selo-justica-em-numeros-tjba-2017\/","title":{"rendered":"Selo Justi\u00e7a em N\u00fameros TJBA 2017"},"content":{"rendered":"<div class=\"geral\">\n<div class=\"conteiner\">\n<div class=\"componetes\">\n<div class=\"conteudo\">\n<div class=\"item-page\">\n<p><a href=\"http:\/\/www5.tjba.jus.br\/estrategia\/wp-content\/uploads\/2018\/01\/ban-selo-tjba-2017-dentro.png\"><img loading=\"lazy\" decoding=\"async\" class=\"aligncenter wp-image-3383 size-full\" src=\"http:\/\/www5.tjba.jus.br\/estrategia\/wp-content\/uploads\/2018\/01\/ban-selo-tjba-2017-dentro.png\" alt=\"\" width=\"1200\" height=\"380\" srcset=\"https:\/\/www.tjba.jus.br\/estrategia\/wp-content\/uploads\/2018\/01\/ban-selo-tjba-2017-dentro.png 1200w, https:\/\/www.tjba.jus.br\/estrategia\/wp-content\/uploads\/2018\/01\/ban-selo-tjba-2017-dentro-300x95.png 300w, https:\/\/www.tjba.jus.br\/estrategia\/wp-content\/uploads\/2018\/01\/ban-selo-tjba-2017-dentro-768x243.png 768w, https:\/\/www.tjba.jus.br\/estrategia\/wp-content\/uploads\/2018\/01\/ban-selo-tjba-2017-dentro-1024x324.png 1024w\" sizes=\"auto, (max-width: 1200px) 100vw, 1200px\" \/><\/a>No dia <strong>16 de janeiro<\/strong>, pela primeira vez, o Tribunal de Justi\u00e7a da Bahia vai premiar as unidades judici\u00e1rias do estado que tiveram os melhores desempenho em produtividade no ano de 2017. A premia\u00e7\u00e3o, denominada <strong>Selo Justi\u00e7a em N\u00fameros do TJBA<\/strong>, est\u00e1 regulamentada pelo<a href=\"http:\/\/www5.tjba.jus.br\/estrategia\/wp-content\/uploads\/2017\/10\/decreto_judiciario_769_280817.pdf\" target=\"_blank\" rel=\"noopener\"> Decreto n\u00ba 769<\/a>, publicado no dia 24 de agosto de 2017.<\/p>\n<p>Voltado para as unidades de 1\u00ba e 2\u00ba Graus, categorizadas por compet\u00eancia, a premia\u00e7\u00e3o confere<strong> Selos Diamante, Ouro, Prata e Bronze<\/strong>, <strong>conforme a taxa de congestionamento apurada no per\u00edodo de um ano<\/strong>.<\/p>\n<p>O Decreto 769 determina a porcentagem da taxa de congestionamento que as unidades devem alcan\u00e7ar para obter o Selo Ouro, Prata ou Bronze. J\u00e1 o Diamante ser\u00e1 conferido \u00e0quela que obtiver a melhor classifica\u00e7\u00e3o dentro do Selo Ouro de sua compet\u00eancia.<\/p>\n<p>A premia\u00e7\u00e3o, desenvolvida com crit\u00e9rios semelhantes ao Selo Justi\u00e7a em N\u00fameros do Conselho Nacional de Justi\u00e7a (CNJ), busca <strong>incentivar e reconhecer o esfor\u00e7o de magistrados e servidores e os resultados alcan\u00e7ados<\/strong>. Em 2017, o TJBA recebeu, pela primeira vez, o <a href=\"http:\/\/www5.tjba.jus.br\/estrategia\/index.php\/2017\/11\/20\/pela-primeira-vez-tjba-ganha-selo-do-cnj-que-reconhece-excelencia-na-gestao-da-informacao\/\" target=\"_blank\" rel=\"noopener\">Selo Justi\u00e7a em N\u00fameros do CNJ, na categoria Ouro<\/a>.<\/p>\n<p>\u201cQueremos incentivar as unidades para a melhoria da produtividade, com a conquista do selo local e a contribui\u00e7\u00e3o para o TJBA ter o reconhecimento nacional tamb\u00e9m. Na premia\u00e7\u00e3o utilizamos crit\u00e9rios t\u00e9cnicos e objetivos, dentro do formato do CNJ\u201d, destaca o secret\u00e1rio de Planejamento e Or\u00e7amento, Igor Caires.<\/p>\n<p><strong>Todas as informa\u00e7\u00f5es para a premia\u00e7\u00e3o s\u00e3o extra\u00eddas diretamente da base de dados dos sistemas judiciais (PJe, SAJ, Projudi e Saipro)<\/strong>. N\u00e3o concorrem ao pr\u00eamio as unidades judici\u00e1rias que tiverem realizado mutir\u00f5es e\/ou saneamento com trabalho auxiliar.<\/p>\n<p>O resultado da premia\u00e7\u00e3o ser\u00e1 divulgado no site do TJBA. <strong>A solenidade de entrega dos pr\u00eamios acontece no dia 16, \u00e0s 16h, no audit\u00f3rio do edif\u00edcio-sede<\/strong>, no Centro Administrativo da Bahia, com a presen\u00e7a da presidente, desembargadora Maria do Socorro Barreto Santiago.<\/p>\n<p>O Tribunal de Justi\u00e7a da Bahia tem desenvolvido a\u00e7\u00f5es de melhoria da produtividade e teve importantes conquistas em 2017, a exemplo do Selo Ouro do CNJ, do alcance da <a href=\"http:\/\/www5.tjba.jus.br\/estrategia\/index.php\/2017\/11\/09\/tjba-supera-a-marca-de-1-milhao-de-processos-baixados-em-2017\/\" target=\"_blank\" rel=\"noopener\">marca hist\u00f3rica de 1 milh\u00e3o de processos baixados<\/a> e do resultado positivo das Semanas de Senten\u00e7as e Baixas Processuais.<\/p>\n<\/div>\n<\/div>\n<\/div>\n<\/div>\n<\/div>\n<div class=\"geral\">\n<div class=\"conteiner\">\n<div class=\"componetes\">\n<div class=\"conteudo\">\n<div class=\"item-page\">\n<p>&nbsp;<\/p>\n<p><em><strong>Texto: Ascom TJBA<\/strong><\/em><\/p>\n<p>&nbsp;<\/p>\n<hr \/>\n<\/div>\n<\/div>\n<\/div>\n<\/div>\n<\/div>\n<p><strong>..:: Confira as listas dos premiados ::..<\/strong><\/p>\n<p><a href=\"http:\/\/www5.tjba.jus.br\/estrategia\/wp-content\/uploads\/2018\/01\/BRONZE.pdf\" target=\"_blank\" rel=\"noopener\"><img loading=\"lazy\" decoding=\"async\" class=\"alignleft wp-image-3367\" title=\"BRONZE - Clique para acessar\" src=\"http:\/\/www5.tjba.jus.br\/estrategia\/wp-content\/uploads\/2018\/01\/selo-bronze-884x1024.png\" alt=\"\" width=\"250\" height=\"290\" srcset=\"https:\/\/www.tjba.jus.br\/estrategia\/wp-content\/uploads\/2018\/01\/selo-bronze-884x1024.png 884w, https:\/\/www.tjba.jus.br\/estrategia\/wp-content\/uploads\/2018\/01\/selo-bronze-259x300.png 259w, https:\/\/www.tjba.jus.br\/estrategia\/wp-content\/uploads\/2018\/01\/selo-bronze-768x889.png 768w, https:\/\/www.tjba.jus.br\/estrategia\/wp-content\/uploads\/2018\/01\/selo-bronze.png 980w\" sizes=\"auto, (max-width: 250px) 100vw, 250px\" \/><\/a><a href=\"http:\/\/www5.tjba.jus.br\/estrategia\/wp-content\/uploads\/2018\/01\/PRATA.pdf\" target=\"_blank\" rel=\"noopener\"><img loading=\"lazy\" decoding=\"async\" class=\"alignleft wp-image-3370\" title=\"PRATA - Clique para acessar\" src=\"http:\/\/www5.tjba.jus.br\/estrategia\/wp-content\/uploads\/2018\/01\/selo-prata-887x1024.png\" alt=\"\" width=\"250\" height=\"289\" srcset=\"https:\/\/www.tjba.jus.br\/estrategia\/wp-content\/uploads\/2018\/01\/selo-prata-887x1024.png 887w, https:\/\/www.tjba.jus.br\/estrategia\/wp-content\/uploads\/2018\/01\/selo-prata-260x300.png 260w, https:\/\/www.tjba.jus.br\/estrategia\/wp-content\/uploads\/2018\/01\/selo-prata-768x887.png 768w, https:\/\/www.tjba.jus.br\/estrategia\/wp-content\/uploads\/2018\/01\/selo-prata.png 987w\" sizes=\"auto, (max-width: 250px) 100vw, 250px\" \/><\/a><a href=\"http:\/\/www5.tjba.jus.br\/estrategia\/wp-content\/uploads\/2018\/01\/OURO.pdf\" target=\"_blank\" rel=\"noopener\"><img loading=\"lazy\" decoding=\"async\" class=\"alignleft wp-image-3369\" title=\"OURO - Clique para acessar\" src=\"http:\/\/www5.tjba.jus.br\/estrategia\/wp-content\/uploads\/2018\/01\/selo-ouro-887x1024.png\" alt=\"\" width=\"250\" height=\"289\" srcset=\"https:\/\/www.tjba.jus.br\/estrategia\/wp-content\/uploads\/2018\/01\/selo-ouro-887x1024.png 887w, https:\/\/www.tjba.jus.br\/estrategia\/wp-content\/uploads\/2018\/01\/selo-ouro-260x300.png 260w, https:\/\/www.tjba.jus.br\/estrategia\/wp-content\/uploads\/2018\/01\/selo-ouro-768x886.png 768w, https:\/\/www.tjba.jus.br\/estrategia\/wp-content\/uploads\/2018\/01\/selo-ouro.png 986w\" sizes=\"auto, (max-width: 250px) 100vw, 250px\" \/><\/a><a href=\"http:\/\/www5.tjba.jus.br\/estrategia\/wp-content\/uploads\/2018\/01\/diamante.pdf\" target=\"_blank\" rel=\"noopener\"><img loading=\"lazy\" decoding=\"async\" class=\"alignleft wp-image-3368\" title=\"DIAMANTE - Clique para acessar\" src=\"http:\/\/www5.tjba.jus.br\/estrategia\/wp-content\/uploads\/2018\/01\/selo-diamante-887x1024.png\" alt=\"\" width=\"250\" height=\"289\" srcset=\"https:\/\/www.tjba.jus.br\/estrategia\/wp-content\/uploads\/2018\/01\/selo-diamante-887x1024.png 887w, https:\/\/www.tjba.jus.br\/estrategia\/wp-content\/uploads\/2018\/01\/selo-diamante-260x300.png 260w, https:\/\/www.tjba.jus.br\/estrategia\/wp-content\/uploads\/2018\/01\/selo-diamante-768x886.png 768w, https:\/\/www.tjba.jus.br\/estrategia\/wp-content\/uploads\/2018\/01\/selo-diamante.png 986w\" sizes=\"auto, (max-width: 250px) 100vw, 250px\" \/><\/a><\/p>\n<p>&nbsp;<\/p>\n<p><a href=\"http:\/\/www5.tjba.jus.br\/estrategia\/wp-content\/uploads\/2018\/01\/TaxadeCongestionamento.pdf\" target=\"_blank\" rel=\"noopener\"><img loading=\"lazy\" decoding=\"async\" class=\"alignleft wp-image-3400 size-full\" title=\"Clique para acessar\" src=\"http:\/\/www5.tjba.jus.br\/estrategia\/wp-content\/uploads\/2018\/01\/icones-tx-congestionamento.png\" alt=\"\" width=\"245\" height=\"148\" \/><\/a><\/p>\n<p><a href=\"http:\/\/www5.tjba.jus.br\/estrategia\/wp-content\/uploads\/2018\/01\/Unidades-com-Saneamento-ou-Mutir\u00e3o.pdf\" target=\"_blank\" rel=\"noopener\"><img loading=\"lazy\" decoding=\"async\" class=\"alignleft wp-image-3401 size-full\" title=\"Clique para acessar\" src=\"http:\/\/www5.tjba.jus.br\/estrategia\/wp-content\/uploads\/2018\/01\/unidades-excluidas.png\" alt=\"\" width=\"245\" height=\"148\" \/><\/a><\/p>\n<p>&nbsp;<\/p>\n<p><a href=\"http:\/\/www5.tjba.jus.br\/estrategia\/wp-content\/uploads\/2018\/01\/icone-busca2.png\"><img loading=\"lazy\" decoding=\"async\" class=\"alignleft size-medium wp-image-3403\" src=\"http:\/\/www5.tjba.jus.br\/estrategia\/wp-content\/uploads\/2018\/01\/icone-busca2-300x149.png\" alt=\"\" width=\"300\" height=\"149\" srcset=\"https:\/\/www.tjba.jus.br\/estrategia\/wp-content\/uploads\/2018\/01\/icone-busca2-300x149.png 300w, https:\/\/www.tjba.jus.br\/estrategia\/wp-content\/uploads\/2018\/01\/icone-busca2.png 343w\" sizes=\"auto, (max-width: 300px) 100vw, 300px\" \/><\/a><\/p>\n","protected":false},"excerpt":{"rendered":"<p>No dia 16 de janeiro, pela primeira vez, o Tribunal de Justi\u00e7a da Bahia vai premiar as unidades judici\u00e1rias do estado que tiveram os melhores desempenho em produtividade no ano de 2017. A premia\u00e7\u00e3o, denominada Selo Justi\u00e7a em N\u00fameros do TJBA, est\u00e1 regulamentada pelo Decreto n\u00ba 769, publicado no dia 24 de agosto de 2017. [&hellip;]<\/p>\n","protected":false},"author":2,"featured_media":0,"parent":0,"menu_order":0,"comment_status":"closed","ping_status":"closed","template":"","meta":{"footnotes":""},"class_list":["post-3366","page","type-page","status-publish","hentry"],"acf":[],"featured_image_src":null,"_links":{"self":[{"href":"https:\/\/www.tjba.jus.br\/estrategia\/wp-json\/wp\/v2\/pages\/3366","targetHints":{"allow":["GET"]}}],"collection":[{"href":"https:\/\/www.tjba.jus.br\/estrategia\/wp-json\/wp\/v2\/pages"}],"about":[{"href":"https:\/\/www.tjba.jus.br\/estrategia\/wp-json\/wp\/v2\/types\/page"}],"author":[{"embeddable":true,"href":"https:\/\/www.tjba.jus.br\/estrategia\/wp-json\/wp\/v2\/users\/2"}],"replies":[{"embeddable":true,"href":"https:\/\/www.tjba.jus.br\/estrategia\/wp-json\/wp\/v2\/comments?post=3366"}],"version-history":[{"count":18,"href":"https:\/\/www.tjba.jus.br\/estrategia\/wp-json\/wp\/v2\/pages\/3366\/revisions"}],"predecessor-version":[{"id":3391,"href":"https:\/\/www.tjba.jus.br\/estrategia\/wp-json\/wp\/v2\/pages\/3366\/revisions\/3391"}],"wp:attachment":[{"href":"https:\/\/www.tjba.jus.br\/estrategia\/wp-json\/wp\/v2\/media?parent=3366"}],"curies":[{"name":"wp","href":"https:\/\/api.w.org\/{rel}","templated":true}]}}