{"id":3416,"date":"2018-01-17T17:17:57","date_gmt":"2018-01-17T17:17:57","guid":{"rendered":"http:\/\/www5.tjba.jus.br\/estrategia\/?page_id=3416"},"modified":"2018-03-20T16:16:17","modified_gmt":"2018-03-20T16:16:17","slug":"selo-justica-em-numeros-tjba-2017-premiacao","status":"publish","type":"page","link":"https:\/\/www.tjba.jus.br\/estrategia\/selo-justica-em-numeros-tjba-2017-premiacao\/","title":{"rendered":"Selo Justi\u00e7a em N\u00fameros TJBA 2017"},"content":{"rendered":"<p><a href=\"http:\/\/www5.tjba.jus.br\/estrategia\/wp-content\/uploads\/2018\/01\/ban-selo-tjba-2017-dentro.png\"><img loading=\"lazy\" decoding=\"async\" class=\"aligncenter size-full wp-image-3383\" src=\"http:\/\/www5.tjba.jus.br\/estrategia\/wp-content\/uploads\/2018\/01\/ban-selo-tjba-2017-dentro.png\" alt=\"\" width=\"1200\" height=\"380\" srcset=\"https:\/\/www.tjba.jus.br\/estrategia\/wp-content\/uploads\/2018\/01\/ban-selo-tjba-2017-dentro.png 1200w, https:\/\/www.tjba.jus.br\/estrategia\/wp-content\/uploads\/2018\/01\/ban-selo-tjba-2017-dentro-300x95.png 300w, https:\/\/www.tjba.jus.br\/estrategia\/wp-content\/uploads\/2018\/01\/ban-selo-tjba-2017-dentro-768x243.png 768w, https:\/\/www.tjba.jus.br\/estrategia\/wp-content\/uploads\/2018\/01\/ban-selo-tjba-2017-dentro-1024x324.png 1024w\" sizes=\"auto, (max-width: 1200px) 100vw, 1200px\" \/><\/a><\/p>\n<blockquote><p>&#8220;O poder judici\u00e1rio do Estado da Bahia \u00e9 modelo de excel\u00eancia na presta\u00e7\u00e3o jurisdicional.&#8221;<\/p><\/blockquote>\n<p>&nbsp;<\/p>\n<p><strong>..:: O Pr\u00eamio ::..<\/strong><\/p>\n<p>O Selo Justi\u00e7a em N\u00fameros TJBA 2017 premiou\u00a0as unidades de 1\u00ba e 2\u00ba graus mais produtivas, conforme estabelecido no <a href=\"http:\/\/www5.tjba.jus.br\/estrategia\/wp-content\/uploads\/2017\/10\/decreto_judiciario_769_280817.pdf\" target=\"_blank\" rel=\"noopener\">Decreto n\u00ba 769<\/a>, de 23 de agosto de 2017. As unidades, categorizadas por compet\u00eancia, concorreram aos Selos Bronze, Prata, Ouro e Diamante, concedidos de acordo com a taxa de congestionamento apurada no per\u00edodo de um (1) ano.<\/p>\n<p>&nbsp;<\/p>\n<p><strong>..:: Confira as listas dos premiados ::..<\/strong><\/p>\n<p><a href=\"http:\/\/www5.tjba.jus.br\/estrategia\/wp-content\/uploads\/2018\/01\/BRONZE.pdf\" target=\"_blank\" rel=\"noopener\"><img loading=\"lazy\" decoding=\"async\" class=\"alignleft wp-image-3367\" title=\"BRONZE - Clique para acessar\" src=\"http:\/\/www5.tjba.jus.br\/estrategia\/wp-content\/uploads\/2018\/01\/selo-bronze-884x1024.png\" alt=\"\" width=\"150\" height=\"174\" srcset=\"https:\/\/www.tjba.jus.br\/estrategia\/wp-content\/uploads\/2018\/01\/selo-bronze-884x1024.png 884w, https:\/\/www.tjba.jus.br\/estrategia\/wp-content\/uploads\/2018\/01\/selo-bronze-259x300.png 259w, https:\/\/www.tjba.jus.br\/estrategia\/wp-content\/uploads\/2018\/01\/selo-bronze-768x889.png 768w, https:\/\/www.tjba.jus.br\/estrategia\/wp-content\/uploads\/2018\/01\/selo-bronze.png 980w\" sizes=\"auto, (max-width: 150px) 100vw, 150px\" \/><\/a><a href=\"http:\/\/www5.tjba.jus.br\/estrategia\/wp-content\/uploads\/2018\/01\/PRATA.pdf\" target=\"_blank\" rel=\"noopener\"><img loading=\"lazy\" decoding=\"async\" class=\"alignleft wp-image-3370\" title=\"PRATA - Clique para acessar\" src=\"http:\/\/www5.tjba.jus.br\/estrategia\/wp-content\/uploads\/2018\/01\/selo-prata-887x1024.png\" alt=\"\" width=\"150\" height=\"173\" srcset=\"https:\/\/www.tjba.jus.br\/estrategia\/wp-content\/uploads\/2018\/01\/selo-prata-887x1024.png 887w, https:\/\/www.tjba.jus.br\/estrategia\/wp-content\/uploads\/2018\/01\/selo-prata-260x300.png 260w, https:\/\/www.tjba.jus.br\/estrategia\/wp-content\/uploads\/2018\/01\/selo-prata-768x887.png 768w, https:\/\/www.tjba.jus.br\/estrategia\/wp-content\/uploads\/2018\/01\/selo-prata.png 987w\" sizes=\"auto, (max-width: 150px) 100vw, 150px\" \/><\/a><a href=\"http:\/\/www5.tjba.jus.br\/estrategia\/wp-content\/uploads\/2018\/01\/OURO.pdf\" target=\"_blank\" rel=\"noopener\"><img loading=\"lazy\" decoding=\"async\" class=\"alignleft wp-image-3369\" title=\"OURO - Clique para acessar\" src=\"http:\/\/www5.tjba.jus.br\/estrategia\/wp-content\/uploads\/2018\/01\/selo-ouro-887x1024.png\" alt=\"\" width=\"150\" height=\"173\" srcset=\"https:\/\/www.tjba.jus.br\/estrategia\/wp-content\/uploads\/2018\/01\/selo-ouro-887x1024.png 887w, https:\/\/www.tjba.jus.br\/estrategia\/wp-content\/uploads\/2018\/01\/selo-ouro-260x300.png 260w, https:\/\/www.tjba.jus.br\/estrategia\/wp-content\/uploads\/2018\/01\/selo-ouro-768x886.png 768w, https:\/\/www.tjba.jus.br\/estrategia\/wp-content\/uploads\/2018\/01\/selo-ouro.png 986w\" sizes=\"auto, (max-width: 150px) 100vw, 150px\" \/><\/a><a href=\"http:\/\/www5.tjba.jus.br\/estrategia\/wp-content\/uploads\/2018\/01\/diamante.pdf\" target=\"_blank\" rel=\"noopener\"><img loading=\"lazy\" decoding=\"async\" class=\"alignleft wp-image-3368\" title=\"DIAMANTE - Clique para acessar\" src=\"http:\/\/www5.tjba.jus.br\/estrategia\/wp-content\/uploads\/2018\/01\/selo-diamante-887x1024.png\" alt=\"\" width=\"150\" height=\"173\" srcset=\"https:\/\/www.tjba.jus.br\/estrategia\/wp-content\/uploads\/2018\/01\/selo-diamante-887x1024.png 887w, https:\/\/www.tjba.jus.br\/estrategia\/wp-content\/uploads\/2018\/01\/selo-diamante-260x300.png 260w, https:\/\/www.tjba.jus.br\/estrategia\/wp-content\/uploads\/2018\/01\/selo-diamante-768x886.png 768w, https:\/\/www.tjba.jus.br\/estrategia\/wp-content\/uploads\/2018\/01\/selo-diamante.png 986w\" sizes=\"auto, (max-width: 150px) 100vw, 150px\" \/><\/a><\/p>\n<p>&nbsp;<\/p>\n<p>&nbsp;<\/p>\n<p>&nbsp;<\/p>\n<p>&nbsp;<\/p>\n<p>&nbsp;<\/p>\n<p>&nbsp;<\/p>\n<p>&nbsp;<\/p>\n<p><strong>..:: A Cerim\u00f4nia ::..<br \/>\n<\/strong>A solenidade ocorreu na tarde de 16 de janeiro de 2018, reunindo magistrados e servidores, que\u00a0comemoraram os avan\u00e7os obtidos na presta\u00e7\u00e3o jurisdicional. Confira!<\/p>\n<p><iframe loading=\"lazy\" src=\"https:\/\/www.youtube.com\/embed\/m8my6ZCtHbc\" width=\"560 height=\" height=\"315\" frameborder=\"0\" allowfullscreen=\"allowfullscreen\"><span data-mce-type=\"bookmark\" style=\"display: inline-block; width: 0px; overflow: hidden; line-height: 0;\" class=\"mce_SELRES_start\">\ufeff<\/span><span data-mce-type=\"bookmark\" style=\"display: inline-block; width: 0px; overflow: hidden; line-height: 0;\" class=\"mce_SELRES_start\">\ufeff<\/span><span data-mce-type=\"bookmark\" style=\"display: inline-block; width: 0px; overflow: hidden; line-height: 0;\" class=\"mce_SELRES_start\">\ufeff<\/span><span data-mce-type=\"bookmark\" style=\"display: inline-block; width: 0px; overflow: hidden; line-height: 0;\" class=\"mce_SELRES_start\">\ufeff<\/span><\/iframe><\/p>\n<p><a href=\"https:\/\/www.flickr.com\/photos\/tjbahia\/sets\/72157689480204872\/with\/39022406814\/\" target=\"_blank\" rel=\"noopener\"><img loading=\"lazy\" decoding=\"async\" class=\"alignleft wp-image-3437 size-medium\" title=\"Clique para acessar\" src=\"http:\/\/www5.tjba.jus.br\/estrategia\/wp-content\/uploads\/2018\/01\/galeria-fotos-selo-266x300.png\" alt=\"\" width=\"266\" height=\"300\" srcset=\"https:\/\/www.tjba.jus.br\/estrategia\/wp-content\/uploads\/2018\/01\/galeria-fotos-selo-266x300.png 266w, https:\/\/www.tjba.jus.br\/estrategia\/wp-content\/uploads\/2018\/01\/galeria-fotos-selo-768x865.png 768w, https:\/\/www.tjba.jus.br\/estrategia\/wp-content\/uploads\/2018\/01\/galeria-fotos-selo-909x1024.png 909w, https:\/\/www.tjba.jus.br\/estrategia\/wp-content\/uploads\/2018\/01\/galeria-fotos-selo.png 1048w\" sizes=\"auto, (max-width: 266px) 100vw, 266px\" \/><\/a><a href=\"https:\/\/prezi.com\/view\/flNsbkLLmIDPueyp3XW7\/\" target=\"_blank\" rel=\"noopener\"><img loading=\"lazy\" decoding=\"async\" class=\"alignleft wp-image-3438 size-medium\" title=\"Clique para acessar\" src=\"http:\/\/www5.tjba.jus.br\/estrategia\/wp-content\/uploads\/2018\/01\/RESULTADOS-ICON-266x300.png\" alt=\"\" width=\"266\" height=\"300\" srcset=\"https:\/\/www.tjba.jus.br\/estrategia\/wp-content\/uploads\/2018\/01\/RESULTADOS-ICON-266x300.png 266w, https:\/\/www.tjba.jus.br\/estrategia\/wp-content\/uploads\/2018\/01\/RESULTADOS-ICON-768x865.png 768w, https:\/\/www.tjba.jus.br\/estrategia\/wp-content\/uploads\/2018\/01\/RESULTADOS-ICON-909x1024.png 909w, https:\/\/www.tjba.jus.br\/estrategia\/wp-content\/uploads\/2018\/01\/RESULTADOS-ICON.png 1048w\" sizes=\"auto, (max-width: 266px) 100vw, 266px\" \/><\/a><\/p>\n","protected":false},"excerpt":{"rendered":"<p>&#8220;O poder judici\u00e1rio do Estado da Bahia \u00e9 modelo de excel\u00eancia na presta\u00e7\u00e3o jurisdicional.&#8221; &nbsp; ..:: O Pr\u00eamio ::.. O Selo Justi\u00e7a em N\u00fameros TJBA 2017 premiou\u00a0as unidades de 1\u00ba e 2\u00ba graus mais produtivas, conforme estabelecido no Decreto n\u00ba 769, de 23 de agosto de 2017. As unidades, categorizadas por compet\u00eancia, concorreram aos Selos [&hellip;]<\/p>\n","protected":false},"author":2,"featured_media":0,"parent":0,"menu_order":0,"comment_status":"closed","ping_status":"closed","template":"","meta":{"footnotes":""},"class_list":["post-3416","page","type-page","status-publish","hentry"],"acf":[],"featured_image_src":null,"_links":{"self":[{"href":"https:\/\/www.tjba.jus.br\/estrategia\/wp-json\/wp\/v2\/pages\/3416","targetHints":{"allow":["GET"]}}],"collection":[{"href":"https:\/\/www.tjba.jus.br\/estrategia\/wp-json\/wp\/v2\/pages"}],"about":[{"href":"https:\/\/www.tjba.jus.br\/estrategia\/wp-json\/wp\/v2\/types\/page"}],"author":[{"embeddable":true,"href":"https:\/\/www.tjba.jus.br\/estrategia\/wp-json\/wp\/v2\/users\/2"}],"replies":[{"embeddable":true,"href":"https:\/\/www.tjba.jus.br\/estrategia\/wp-json\/wp\/v2\/comments?post=3416"}],"version-history":[{"count":18,"href":"https:\/\/www.tjba.jus.br\/estrategia\/wp-json\/wp\/v2\/pages\/3416\/revisions"}],"predecessor-version":[{"id":3637,"href":"https:\/\/www.tjba.jus.br\/estrategia\/wp-json\/wp\/v2\/pages\/3416\/revisions\/3637"}],"wp:attachment":[{"href":"https:\/\/www.tjba.jus.br\/estrategia\/wp-json\/wp\/v2\/media?parent=3416"}],"curies":[{"name":"wp","href":"https:\/\/api.w.org\/{rel}","templated":true}]}}