{"id":3858,"date":"2018-08-22T17:31:46","date_gmt":"2018-08-22T17:31:46","guid":{"rendered":"http:\/\/www5.tjba.jus.br\/estrategia\/?page_id=3858"},"modified":"2018-08-27T11:39:29","modified_gmt":"2018-08-27T11:39:29","slug":"pesquisa-de-gestao-participativa-2018","status":"publish","type":"page","link":"https:\/\/www.tjba.jus.br\/estrategia\/pesquisa-de-gestao-participativa-2018\/","title":{"rendered":"Pesquisa de Gest\u00e3o Participativa 2018"},"content":{"rendered":"<div style=\"text-align: justify;\">\n<blockquote><p>A pesquisa foi realizada por todos os Tribunais Estaduais do pa\u00eds e teve como <strong>p\u00fablico-alvo Magistrados, Servidores, Defensores P\u00fablicos, Membros do Minist\u00e9rio P\u00fablico, Advogados e os Jurisdicionados<\/strong>. Os 20 Tribunais que optaram por faz\u00ea-la conjuntamente alcan\u00e7aram <strong>5.057<\/strong> question\u00e1rios v\u00e1lidos, contribuindo para o total nacional de <strong>10.905<\/strong> question\u00e1rios v\u00e1lidos. Na Bahia, foram registrados <strong>819<\/strong> question\u00e1rios.<\/p><\/blockquote>\n<p>Inicialmente, o levantamento tra\u00e7ou o perfil sociogr\u00e1fico dos participantes, apresentando informa\u00e7\u00f5es como g\u00eanero, faixa et\u00e1ria, cor\/ra\u00e7a, renda familiar e grau de instru\u00e7\u00e3o. O p\u00fablico baiano foi formado por 436 mulheres e 383 homens, que se declararam, em sua maioria, como pardos (51,8%). Em rela\u00e7\u00e3o \u00e0 faixa et\u00e1ria, 69,7% dos participantes t\u00eam idade entre 37 e 64 anos. No que diz respeito ao grau de instru\u00e7\u00e3o, mais da metade dos respondentes (51,43%) possui especializa\u00e7\u00e3o Lato Sensu.<\/p>\n<p>Especificamente sobre as Metas Nacionais 2018, a pesquisa aponta que 44,08% dos participantes baianos possuem conhecimento b\u00e1sico acerca da quest\u00e3o e 22,1% det\u00eam conhecimento intermedi\u00e1rio. Em \u00e2mbito nacional, os resultados foram semelhantes, 42,26% e 29,17%, respectivamente.<\/p>\n<p>A similaridade regional e nacional persistiu tamb\u00e9m no quesito aceita\u00e7\u00e3o e rejei\u00e7\u00e3o sobre as Metas Nacionais. <strong>Em ambos os resultados, as Metas 5 (Impulsionar processos \u00e0 execu\u00e7\u00e3o) e 6 (Priorizar o julgamento das a\u00e7\u00f5es coletivas) foram rejeitadas.<\/strong><\/p>\n<p>Sobre a Proposta Inicial de Metas (Pime) para o ano de 2019, cujo foco \u00e9 o aprimoramento da Justi\u00e7a Criminal, os participantes baianos elegeram como prioridades em terceiro, segundo e primeiro lugar, respectivamente, a videoconfer\u00eancia de r\u00e9us presos, o processo judicial eletr\u00f4nico e o depoimento especial. J\u00e1 na esfera nacional, a videoconfer\u00eancia ocupou a lideran\u00e7a e o depoimento especial ficou com a terceira posi\u00e7\u00e3o.<\/p>\n<p>O resultado final, agregando os dados levantados por todos os Tribunais Estaduais, foi apresentado no V Encontro Nacional da Justi\u00e7a Estadual, realizado em Bras\u00edlia. Na ocasi\u00e3o, os representantes dos Tribunais de Justi\u00e7a votaram em uma das tr\u00eas proposi\u00e7\u00f5es, selecionando como proposta de meta, a ser levada ao Conselho Nacional de Justi\u00e7a (CNJ), a <strong>implanta\u00e7\u00e3o do processo eletr\u00f4nico em unidades de compet\u00eancia criminal<\/strong>.<\/p>\n<p>Al\u00e9m do TJBA, integram a iniciativa conjunta os Tribunais de Justi\u00e7a do Acre, de Alagoas, do Amazonas, do Amap\u00e1, do Cear\u00e1, do Distrito Federal e Territ\u00f3rios, do Maranh\u00e3o, de Minas Gerais, do Mato Grosso, do Par\u00e1, da Para\u00edba, de Pernambuco, do Piau\u00ed, do Rio de Janeiro, do Rio Grande do Norte, de Rond\u00f4nia, de Roraima, do Tocantins e de Sergipe.<\/p>\n<p>&nbsp;<\/p>\n<p><strong>Vers\u00e3o PDF<\/strong>\u00a0<a href=\"http:\/\/www5.tjba.jus.br\/estrategia\/wp-content\/uploads\/2018\/08\/Pesquisa-Gest\u00e3o-Participativa-2018.pdf\" target=\"_blank\" rel=\"noopener\">clique aqui<\/a><\/p>\n<p>[embeddoc url=&#8221;http:\/\/www5.tjba.jus.br\/estrategia\/wp-content\/uploads\/2018\/08\/Pesquisa-Gest\u00e3o-Participativa-2018.pdf&#8221; download=&#8221;none&#8221; viewer=&#8221;google&#8221;]<\/p>\n<p><strong><em>..:: As bandeiras do Brasil e da Bahia utilizadas indicam quando os dados s\u00e3o nacionais, regionais ou ambos.<\/em><\/strong><\/p>\n<\/div>\n","protected":false},"excerpt":{"rendered":"<p>A pesquisa foi realizada por todos os Tribunais Estaduais do pa\u00eds e teve como p\u00fablico-alvo Magistrados, Servidores, Defensores P\u00fablicos, Membros do Minist\u00e9rio P\u00fablico, Advogados e os Jurisdicionados. Os 20 Tribunais que optaram por faz\u00ea-la conjuntamente alcan\u00e7aram 5.057 question\u00e1rios v\u00e1lidos, contribuindo para o total nacional de 10.905 question\u00e1rios v\u00e1lidos. Na Bahia, foram registrados 819 question\u00e1rios. Inicialmente, [&hellip;]<\/p>\n","protected":false},"author":2,"featured_media":0,"parent":0,"menu_order":0,"comment_status":"closed","ping_status":"closed","template":"","meta":{"footnotes":""},"class_list":["post-3858","page","type-page","status-publish","hentry"],"acf":[],"featured_image_src":null,"_links":{"self":[{"href":"https:\/\/www.tjba.jus.br\/estrategia\/wp-json\/wp\/v2\/pages\/3858","targetHints":{"allow":["GET"]}}],"collection":[{"href":"https:\/\/www.tjba.jus.br\/estrategia\/wp-json\/wp\/v2\/pages"}],"about":[{"href":"https:\/\/www.tjba.jus.br\/estrategia\/wp-json\/wp\/v2\/types\/page"}],"author":[{"embeddable":true,"href":"https:\/\/www.tjba.jus.br\/estrategia\/wp-json\/wp\/v2\/users\/2"}],"replies":[{"embeddable":true,"href":"https:\/\/www.tjba.jus.br\/estrategia\/wp-json\/wp\/v2\/comments?post=3858"}],"version-history":[{"count":7,"href":"https:\/\/www.tjba.jus.br\/estrategia\/wp-json\/wp\/v2\/pages\/3858\/revisions"}],"predecessor-version":[{"id":3872,"href":"https:\/\/www.tjba.jus.br\/estrategia\/wp-json\/wp\/v2\/pages\/3858\/revisions\/3872"}],"wp:attachment":[{"href":"https:\/\/www.tjba.jus.br\/estrategia\/wp-json\/wp\/v2\/media?parent=3858"}],"curies":[{"name":"wp","href":"https:\/\/api.w.org\/{rel}","templated":true}]}}

Pesquisa de Gestão Participativa 2018

<div style="text-align: justify;">
<blockquote><p>A pesquisa foi realizada por todos os Tribunais Estaduais do país e teve como <strong>público-alvo Magistrados, Servidores, Defensores Públicos, Membros do Ministério Público, Advogados e os Jurisdicionados</strong>. Os 20 Tribunais que optaram por fazê-la conjuntamente alcançaram <strong>5.057</strong> questionários válidos, contribuindo para o total nacional de <strong>10.905</strong> questionários válidos. Na Bahia, foram registrados <strong>819</strong> questionários.</p></blockquote>
<p>Inicialmente, o levantamento traçou o perfil sociográfico dos participantes, apresentando informações como gênero, faixa etária, cor/raça, renda familiar e grau de instrução. O público baiano foi formado por 436 mulheres e 383 homens, que se declararam, em sua maioria, como pardos (51,8%). Em relação à faixa etária, 69,7% dos participantes têm idade entre 37 e 64 anos. No que diz respeito ao grau de instrução, mais da metade dos respondentes (51,43%) possui especialização Lato Sensu.</p>
<p>Especificamente sobre as Metas Nacionais 2018, a pesquisa aponta que 44,08% dos participantes baianos possuem conhecimento básico acerca da questão e 22,1% detêm conhecimento intermediário. Em âmbito nacional, os resultados foram semelhantes, 42,26% e 29,17%, respectivamente.</p>
<p>A similaridade regional e nacional persistiu também no quesito aceitação e rejeição sobre as Metas Nacionais. <strong>Em ambos os resultados, as Metas 5 (Impulsionar processos à execução) e 6 (Priorizar o julgamento das ações coletivas) foram rejeitadas.</strong></p>
<p>Sobre a Proposta Inicial de Metas (Pime) para o ano de 2019, cujo foco é o aprimoramento da Justiça Criminal, os participantes baianos elegeram como prioridades em terceiro, segundo e primeiro lugar, respectivamente, a videoconferência de réus presos, o processo judicial eletrônico e o depoimento especial. Já na esfera nacional, a videoconferência ocupou a liderança e o depoimento especial ficou com a terceira posição.</p>
<p>O resultado final, agregando os dados levantados por todos os Tribunais Estaduais, foi apresentado no V Encontro Nacional da Justiça Estadual, realizado em Brasília. Na ocasião, os representantes dos Tribunais de Justiça votaram em uma das três proposições, selecionando como proposta de meta, a ser levada ao Conselho Nacional de Justiça (CNJ), a <strong>implantação do processo eletrônico em unidades de competência criminal</strong>.</p>
<p>Além do TJBA, integram a iniciativa conjunta os Tribunais de Justiça do Acre, de Alagoas, do Amazonas, do Amapá, do Ceará, do Distrito Federal e Territórios, do Maranhão, de Minas Gerais, do Mato Grosso, do Pará, da Paraíba, de Pernambuco, do Piauí, do Rio de Janeiro, do Rio Grande do Norte, de Rondônia, de Roraima, do Tocantins e de Sergipe.</p>
<p>&nbsp;</p>
<p><strong>Versão PDF</strong> <a href="http://www5.tjba.jus.br/estrategia/wp-content/uploads/2018/08/Pesquisa-Gestão-Participativa-2018.pdf" target="_blank" rel="noopener">clique aqui</a></p>
<p>[embeddoc url=&#8221;http://www5.tjba.jus.br/estrategia/wp-content/uploads/2018/08/Pesquisa-Gestão-Participativa-2018.pdf&#8221; download=&#8221;none&#8221; viewer=&#8221;google&#8221;]</p>
<p><strong><em>..:: As bandeiras do Brasil e da Bahia utilizadas indicam quando os dados são nacionais, regionais ou ambos.</em></strong></p>
</div>

<p>A pesquisa foi realizada por todos os Tribunais Estaduais do país e teve como público-alvo Magistrados, Servidores, Defensores Públicos, Membros do Ministério Público, Advogados e os Jurisdicionados. Os 20 Tribunais que optaram por fazê-la conjuntamente alcançaram 5.057 questionários válidos, contribuindo para o total nacional de 10.905 questionários válidos. Na Bahia, foram registrados 819 questionários. Inicialmente, [&hellip;]</p>
