{"id":4089,"date":"2019-01-31T13:55:28","date_gmt":"2019-01-31T13:55:28","guid":{"rendered":"http:\/\/www5.tjba.jus.br\/estrategia\/?page_id=4089"},"modified":"2021-01-20T14:49:44","modified_gmt":"2021-01-20T16:49:44","slug":"atas-de-reunioes","status":"publish","type":"page","link":"https:\/\/www.tjba.jus.br\/estrategia\/nucleo-gestao-da-qualidade\/atas-de-reunioes\/","title":{"rendered":"Atas de Reuni\u00f5es"},"content":{"rendered":"<p><img loading=\"lazy\" decoding=\"async\" class=\"aligncenter size-full wp-image-4220\" src=\"http:\/\/www5.tjba.jus.br\/estrategia\/wp-content\/uploads\/2019\/04\/Nucleo-de-Gest\u00e3o-da-Qualidade_-logo.jpg\" alt=\"\" width=\"1200\" height=\"514\" srcset=\"https:\/\/www.tjba.jus.br\/estrategia\/wp-content\/uploads\/2019\/04\/Nucleo-de-Gest\u00e3o-da-Qualidade_-logo.jpg 1200w, https:\/\/www.tjba.jus.br\/estrategia\/wp-content\/uploads\/2019\/04\/Nucleo-de-Gest\u00e3o-da-Qualidade_-logo-300x129.jpg 300w, https:\/\/www.tjba.jus.br\/estrategia\/wp-content\/uploads\/2019\/04\/Nucleo-de-Gest\u00e3o-da-Qualidade_-logo-768x329.jpg 768w, https:\/\/www.tjba.jus.br\/estrategia\/wp-content\/uploads\/2019\/04\/Nucleo-de-Gest\u00e3o-da-Qualidade_-logo-1024x439.jpg 1024w\" sizes=\"auto, (max-width: 1200px) 100vw, 1200px\" \/><\/p>\n<div style=\"text-align: justify;\">\n<blockquote><p>A <strong>Gest\u00e3o da Qualidade<\/strong> \u00e9 um modelo de administra\u00e7\u00e3o que tem como objetivo aprimorar a qualidade dos processos organizacionais.\u00a0 A implementa\u00e7\u00e3o de um <strong>Sistema de Gest\u00e3o da Qualidade<\/strong> (SGQ) conduz a Organiza\u00e7\u00e3o ao planejamento e gerenciamento de todas as a\u00e7\u00f5es que contribuir\u00e3o para atingir, de forma constante, a satisfa\u00e7\u00e3o das necessidades e expectativas das partes interessadas.<\/p><\/blockquote>\n<p><strong>..:: N\u00facleo de Gest\u00e3o da Qualidade ::..<\/strong><\/p>\n<\/div>\n<p><a href=\"http:\/\/www5.tjba.jus.br\/estrategia\/wp-content\/uploads\/2021\/01\/Ata-2\u00aa-Reuni\u00e3o-01.02.2019.pdf\"><strong style=\"text-align: justify;\">:: 01\/02\/2019<\/strong><span style=\"text-align: justify;\"> &#8211; Acompanhamento A\u00e7\u00f5es do NUGEQ<\/span><\/a><\/p>\n<p><strong style=\"text-align: justify;\"><a href=\"http:\/\/www5.tjba.jus.br\/estrategia\/wp-content\/uploads\/2021\/01\/Ata-3\u00aa-Reuni\u00e3o-15.02.2019.pdf\">:: 15\/02\/2019<\/a><\/strong><a href=\"http:\/\/www5.tjba.jus.br\/estrategia\/wp-content\/uploads\/2021\/01\/Ata-3\u00aa-Reuni\u00e3o-15.02.2019.pdf\"><span style=\"text-align: justify;\">&#8211; Acompanhamento A\u00e7\u00f5es do NUGEQ<\/span><\/a><\/p>\n<p><a href=\"http:\/\/www5.tjba.jus.br\/estrategia\/wp-content\/uploads\/2021\/01\/Ata-4\u00aa-Reuni\u00e3o-19.03.2019.pdf\"><strong style=\"text-align: justify;\">:: 19\/03\/2019<\/strong> <\/a><a href=\"http:\/\/www5.tjba.jus.br\/estrategia\/wp-content\/uploads\/2021\/01\/Ata-4\u00aa-Reuni\u00e3o-19.03.2019.pdf\"><span style=\"text-align: justify;\">&#8211; Acompanhamento A\u00e7\u00f5es do NUGEQ<\/span><\/a><\/p>\n<p><a href=\"http:\/\/www5.tjba.jus.br\/estrategia\/wp-content\/uploads\/2021\/01\/Ata-5\u00aa-Reuni\u00e3o-29.03.2019.pdf\"><strong style=\"text-align: justify;\">:: 29\/03\/2019<\/strong> <\/a><a href=\"http:\/\/www5.tjba.jus.br\/estrategia\/wp-content\/uploads\/2021\/01\/Ata-5\u00aa-Reuni\u00e3o-29.03.2019.pdf\"><span style=\"text-align: justify;\">&#8211; Acompanhamento A\u00e7\u00f5es do<\/span><\/a><a href=\"http:\/\/www5.tjba.jus.br\/estrategia\/wp-content\/uploads\/2021\/01\/Ata-2\u00aa-Reuni\u00e3o-01.02.2019.pdf\"><span style=\"text-align: justify;\"> NUGEQ<\/span><\/a><\/p>\n<p><a href=\"http:\/\/www5.tjba.jus.br\/estrategia\/wp-content\/uploads\/2021\/01\/Ata-6\u00aa-Reuni\u00e3o-12.04.2019.pdf\"><strong style=\"text-align: justify;\">:: 12\/04\/2019<\/strong> <\/a><a href=\"http:\/\/www5.tjba.jus.br\/estrategia\/wp-content\/uploads\/2021\/01\/Ata-6\u00aa-Reuni\u00e3o-12.04.2019.pdf\"><span style=\"text-align: justify;\">&#8211; Acompanhamento A\u00e7\u00f5es do NUGEQ<\/span><\/a><\/p>\n<p><a href=\"http:\/\/www5.tjba.jus.br\/estrategia\/wp-content\/uploads\/2021\/01\/Ata-7\u00aa-Reuni\u00e3o-26.04.2019.pdf\"><strong style=\"text-align: justify;\">:: 26\/04\/2019<\/strong> <\/a><a href=\"http:\/\/www5.tjba.jus.br\/estrategia\/wp-content\/uploads\/2021\/01\/Ata-7\u00aa-Reuni\u00e3o-26.04.2019.pdf\"><span style=\"text-align: justify;\">&#8211; Acompanhamento A\u00e7\u00f5es do NUGEQ<\/span><\/a><\/p>\n<p><a href=\"http:\/\/www5.tjba.jus.br\/estrategia\/wp-content\/uploads\/2021\/01\/Ata-8\u00aa-Reuni\u00e3o-10.05.2019.pdf\"><strong style=\"text-align: justify;\">:: 10\/05\/2019<\/strong> <\/a><a href=\"http:\/\/www5.tjba.jus.br\/estrategia\/wp-content\/uploads\/2021\/01\/Ata-8\u00aa-Reuni\u00e3o-10.05.2019.pdf\"><span style=\"text-align: justify;\">&#8211; Acompanhamento A\u00e7\u00f5es do NUGEQ<\/span><\/a><\/p>\n<p><a href=\"http:\/\/www5.tjba.jus.br\/estrategia\/wp-content\/uploads\/2021\/01\/Ata-1\u00aa-Reuni\u00e3o-Setorial-PJ2G-13.02.pdf\"><strong style=\"text-align: justify;\">::<\/strong> <strong>13\/02\/2020<\/strong> &#8211; Acompanhamento Setorial &#8211; PJ2G<\/a><\/p>\n<p><a href=\"http:\/\/www5.tjba.jus.br\/estrategia\/wp-content\/uploads\/2021\/01\/Ata-1\u00aa-Reuni\u00e3o-Setorial-GAB1VP-27.03.20.pdf\"><strong style=\"text-align: justify;\">::<\/strong> <strong>27\/03\/2020<\/strong> &#8211; Acompanhamento Setorial &#8211; GAB1VP<\/a><\/p>\n<p><strong>..:: Sistema de Gest\u00e3o da Qualidade ::..<\/strong><\/p>\n<p><a href=\"http:\/\/www5.tjba.jus.br\/estrategia\/wp-content\/uploads\/2021\/01\/An\u00e1lise-Cr\u00edtica-16.01.20.pdf\"><strong>:: 16\/01\/2020<\/strong> &#8211; Reuni\u00e3o de An\u00e1lise Cr\u00edtica<\/a><\/p>\n<p><strong style=\"text-align: justify;\">:: 16\/01\/2019<\/strong><span style=\"text-align: justify;\"> &#8211;<\/span><a style=\"text-align: justify;\" href=\"http:\/\/www5.tjba.jus.br\/estrategia\/wp-content\/uploads\/2019\/01\/Ata-16.01.19_-Manuten\u00e7\u00e3o-SGQ.pdf\" target=\"_blank\" rel=\"noopener noreferrer\"> Manuten\u00e7\u00e3o do SGQ no Secomge e no Plant\u00e3o Judici\u00e1rio do 2\u00ba Grau<\/a><\/p>\n<div style=\"text-align: justify;\">\n<p><strong>::<\/strong> <strong>12\/12\/2018<\/strong> &#8211; <a href=\"http:\/\/www5.tjba.jus.br\/estrategia\/wp-content\/uploads\/2018\/12\/SGQ-Reuni\u00e3o-de-Encerramento.pdf\" target=\"_blank\" rel=\"noopener noreferrer\">Reuni\u00e3o de Encerramento de Auditoria Externa &#8211; SGQ<\/a><\/p>\n<p><strong>:: 19\/11\/2018<\/strong> &#8211;\u00a0 Reuni\u00e3o de <a href=\"http:\/\/www5.tjba.jus.br\/estrategia\/wp-content\/uploads\/2019\/01\/Ata-de-An\u00e1lise-Cr\u00edtica-Alta-Gest\u00e3o.pdf\" target=\"_blank\" rel=\"noopener noreferrer\">An\u00e1lise Cr\u00edtica<\/a><\/p>\n<p><strong>::<\/strong> <strong>23\/10\/2018<\/strong> &#8211; <a href=\"http:\/\/www5.tjba.jus.br\/estrategia\/wp-content\/uploads\/2018\/11\/Ata-23.10.18-SGQ.pdf\" target=\"_blank\" rel=\"noopener noreferrer\">Acompanhamento da manuten\u00e7\u00e3o do Sistema de Gest\u00e3o da Qualidade<\/a><\/p>\n<p><strong>:: 14\/09\/2017 <\/strong>&#8211;\u00a0<a href=\"http:\/\/www5.tjba.jus.br\/estrategia\/wp-content\/uploads\/2018\/12\/Ata-reuni\u00e3o-de-an\u00e1lise-cr\u00edtica.pdf\" target=\"_blank\" rel=\"noopener noreferrer\">Reuni\u00e3o de An\u00e1lise Cr\u00edtica<\/a><\/p>\n<\/div>\n","protected":false},"excerpt":{"rendered":"<p>A Gest\u00e3o da Qualidade \u00e9 um modelo de administra\u00e7\u00e3o que tem como objetivo aprimorar a qualidade dos processos organizacionais.\u00a0 A implementa\u00e7\u00e3o de um Sistema de Gest\u00e3o da Qualidade (SGQ) conduz a Organiza\u00e7\u00e3o ao planejamento e gerenciamento de todas as a\u00e7\u00f5es que contribuir\u00e3o para atingir, de forma constante, a satisfa\u00e7\u00e3o das necessidades e expectativas das partes [&hellip;]<\/p>\n","protected":false},"author":1,"featured_media":0,"parent":3987,"menu_order":0,"comment_status":"closed","ping_status":"closed","template":"","meta":{"footnotes":""},"class_list":["post-4089","page","type-page","status-publish","hentry"],"acf":[],"featured_image_src":null,"_links":{"self":[{"href":"https:\/\/www.tjba.jus.br\/estrategia\/wp-json\/wp\/v2\/pages\/4089","targetHints":{"allow":["GET"]}}],"collection":[{"href":"https:\/\/www.tjba.jus.br\/estrategia\/wp-json\/wp\/v2\/pages"}],"about":[{"href":"https:\/\/www.tjba.jus.br\/estrategia\/wp-json\/wp\/v2\/types\/page"}],"author":[{"embeddable":true,"href":"https:\/\/www.tjba.jus.br\/estrategia\/wp-json\/wp\/v2\/users\/1"}],"replies":[{"embeddable":true,"href":"https:\/\/www.tjba.jus.br\/estrategia\/wp-json\/wp\/v2\/comments?post=4089"}],"version-history":[{"count":18,"href":"https:\/\/www.tjba.jus.br\/estrategia\/wp-json\/wp\/v2\/pages\/4089\/revisions"}],"predecessor-version":[{"id":6065,"href":"https:\/\/www.tjba.jus.br\/estrategia\/wp-json\/wp\/v2\/pages\/4089\/revisions\/6065"}],"up":[{"embeddable":true,"href":"https:\/\/www.tjba.jus.br\/estrategia\/wp-json\/wp\/v2\/pages\/3987"}],"wp:attachment":[{"href":"https:\/\/www.tjba.jus.br\/estrategia\/wp-json\/wp\/v2\/media?parent=4089"}],"curies":[{"name":"wp","href":"https:\/\/api.w.org\/{rel}","templated":true}]}}