{"id":4559,"date":"2020-02-19T14:40:39","date_gmt":"2020-02-19T17:40:39","guid":{"rendered":"http:\/\/www5.tjba.jus.br\/estrategia\/?page_id=4559"},"modified":"2020-02-19T14:40:39","modified_gmt":"2020-02-19T17:40:39","slug":"loa-2020","status":"publish","type":"page","link":"https:\/\/www.tjba.jus.br\/estrategia\/loa-2020\/","title":{"rendered":"LOA 2020"},"content":{"rendered":"<div style=\"text-align: justify;\">\n<blockquote><p>A <strong>Lei Or\u00e7ament\u00e1ria Anual<\/strong> operacionaliza, no curto prazo, os programas previstos no Plano Plurianual (PPA) que foram priorizados na Lei de Diretrizes Or\u00e7ament\u00e1rias (LDO). A LOA cont\u00e9m receitas previstas, despesas autorizadas e metas que dever\u00e3o ser atingidas durante o exerc\u00edcio financeiro (dura\u00e7\u00e3o de um ano).<\/p><\/blockquote>\n<hr \/>\n<p><strong>Vers\u00e3o PDF<\/strong> <a href=\"http:\/\/www5.tjba.jus.br\/estrategia\/wp-content\/uploads\/2020\/02\/LOA_2020.pdf\" target=\"_blank\" rel=\"noopener noreferrer\">clique aqui<\/a><\/p>\n<p>&nbsp;<\/p>\n<p>&nbsp;<\/p>\n<\/div>\n","protected":false},"excerpt":{"rendered":"<p>A Lei Or\u00e7ament\u00e1ria Anual operacionaliza, no curto prazo, os programas previstos no Plano Plurianual (PPA) que foram priorizados na Lei de Diretrizes Or\u00e7ament\u00e1rias (LDO). A LOA cont\u00e9m receitas previstas, despesas autorizadas e metas que dever\u00e3o ser atingidas durante o exerc\u00edcio financeiro (dura\u00e7\u00e3o de um ano). Vers\u00e3o PDF clique aqui &nbsp; &nbsp;<\/p>\n","protected":false},"author":7,"featured_media":0,"parent":0,"menu_order":0,"comment_status":"closed","ping_status":"closed","template":"","meta":{"footnotes":""},"class_list":["post-4559","page","type-page","status-publish","hentry"],"acf":[],"featured_image_src":null,"_links":{"self":[{"href":"https:\/\/www.tjba.jus.br\/estrategia\/wp-json\/wp\/v2\/pages\/4559","targetHints":{"allow":["GET"]}}],"collection":[{"href":"https:\/\/www.tjba.jus.br\/estrategia\/wp-json\/wp\/v2\/pages"}],"about":[{"href":"https:\/\/www.tjba.jus.br\/estrategia\/wp-json\/wp\/v2\/types\/page"}],"author":[{"embeddable":true,"href":"https:\/\/www.tjba.jus.br\/estrategia\/wp-json\/wp\/v2\/users\/7"}],"replies":[{"embeddable":true,"href":"https:\/\/www.tjba.jus.br\/estrategia\/wp-json\/wp\/v2\/comments?post=4559"}],"version-history":[{"count":1,"href":"https:\/\/www.tjba.jus.br\/estrategia\/wp-json\/wp\/v2\/pages\/4559\/revisions"}],"predecessor-version":[{"id":4564,"href":"https:\/\/www.tjba.jus.br\/estrategia\/wp-json\/wp\/v2\/pages\/4559\/revisions\/4564"}],"wp:attachment":[{"href":"https:\/\/www.tjba.jus.br\/estrategia\/wp-json\/wp\/v2\/media?parent=4559"}],"curies":[{"name":"wp","href":"https:\/\/api.w.org\/{rel}","templated":true}]}}