{"id":6173,"date":"2021-04-07T16:18:08","date_gmt":"2021-04-07T19:18:08","guid":{"rendered":"http:\/\/www5.tjba.jus.br\/estrategia\/?page_id=6173"},"modified":"2026-03-10T08:34:31","modified_gmt":"2026-03-10T11:34:31","slug":"mapa-estrategico-2021-2026","status":"publish","type":"page","link":"https:\/\/www.tjba.jus.br\/estrategia\/mapa-estrategico-2021-2026\/","title":{"rendered":"Mapa Estrat\u00e9gico 2021-2026"},"content":{"rendered":"\n<div style=\"text-align: justify;\">\n<blockquote><p>O<strong> Mapa Estrat\u00e9gico<\/strong> sintetiza o Plano, pois parte da Miss\u00e3o e Vis\u00e3o da institui\u00e7\u00e3o (ao centro) para os Macrodesafios propostos e seu desdobramento em a\u00e7\u00f5es. Esta disposi\u00e7\u00e3o visual permite r\u00e1pida assimila\u00e7\u00e3o da ess\u00eancia da estrat\u00e9gia adotada.<\/p><\/blockquote>\n<\/div>\n\n\n\n<div data-wp-interactive=\"core\/file\" class=\"wp-block-file\"><object data-wp-bind--hidden=\"!state.hasPdfPreview\" hidden class=\"wp-block-file__embed\" data=\"https:\/\/www.tjba.jus.br\/estrategia\/wp-content\/uploads\/2025\/11\/Mapa-Estrat\u00e9gico-2021-2026-revisado-1.pdf\" type=\"application\/pdf\" style=\"width:100%;height:600px\" aria-label=\"Incorporado de Mapa Estrat\u00e9gico 2021-2026 - revisado.\"><\/object><a id=\"wp-block-file--media-1e27fa81-8d6a-4311-8d47-b93dfa72c0f0\" href=\"https:\/\/www.tjba.jus.br\/estrategia\/wp-content\/uploads\/2025\/11\/Mapa-Estrat\u00e9gico-2021-2026-revisado-1.pdf\">Mapa Estrat\u00e9gico 2021-2026 &#8211; revisado<\/a><a href=\"https:\/\/www.tjba.jus.br\/estrategia\/wp-content\/uploads\/2025\/11\/Mapa-Estrat\u00e9gico-2021-2026-revisado-1.pdf\" class=\"wp-block-file__button wp-element-button\" download aria-describedby=\"wp-block-file--media-1e27fa81-8d6a-4311-8d47-b93dfa72c0f0\">Baixar<\/a><\/div>\n\n\n\n<p>&nbsp;<\/p>\n\n\n\n<p>&nbsp;<\/p>\n\n\n\n<p>&nbsp;<\/p>\n","protected":false},"excerpt":{"rendered":"<p>O Mapa Estrat\u00e9gico sintetiza o Plano, pois parte da Miss\u00e3o e Vis\u00e3o da institui\u00e7\u00e3o (ao centro) para os Macrodesafios propostos e seu desdobramento em a\u00e7\u00f5es. Esta disposi\u00e7\u00e3o visual permite r\u00e1pida assimila\u00e7\u00e3o da ess\u00eancia da estrat\u00e9gia adotada. &nbsp; &nbsp; &nbsp;<\/p>\n","protected":false},"author":7,"featured_media":0,"parent":0,"menu_order":0,"comment_status":"closed","ping_status":"closed","template":"page-modelo-1280px.php","meta":{"footnotes":""},"class_list":["post-6173","page","type-page","status-publish","hentry"],"acf":[],"featured_image_src":null,"_links":{"self":[{"href":"https:\/\/www.tjba.jus.br\/estrategia\/wp-json\/wp\/v2\/pages\/6173","targetHints":{"allow":["GET"]}}],"collection":[{"href":"https:\/\/www.tjba.jus.br\/estrategia\/wp-json\/wp\/v2\/pages"}],"about":[{"href":"https:\/\/www.tjba.jus.br\/estrategia\/wp-json\/wp\/v2\/types\/page"}],"author":[{"embeddable":true,"href":"https:\/\/www.tjba.jus.br\/estrategia\/wp-json\/wp\/v2\/users\/7"}],"replies":[{"embeddable":true,"href":"https:\/\/www.tjba.jus.br\/estrategia\/wp-json\/wp\/v2\/comments?post=6173"}],"version-history":[{"count":25,"href":"https:\/\/www.tjba.jus.br\/estrategia\/wp-json\/wp\/v2\/pages\/6173\/revisions"}],"predecessor-version":[{"id":10002,"href":"https:\/\/www.tjba.jus.br\/estrategia\/wp-json\/wp\/v2\/pages\/6173\/revisions\/10002"}],"wp:attachment":[{"href":"https:\/\/www.tjba.jus.br\/estrategia\/wp-json\/wp\/v2\/media?parent=6173"}],"curies":[{"name":"wp","href":"https:\/\/api.w.org\/{rel}","templated":true}]}}