{"id":64,"date":"2017-01-26T14:33:22","date_gmt":"2017-01-26T14:33:22","guid":{"rendered":"http:\/\/vespa.tjba.jus.br\/estrategia\/?page_id=64"},"modified":"2022-05-16T17:55:12","modified_gmt":"2022-05-16T20:55:12","slug":"plano","status":"publish","type":"page","link":"https:\/\/www.tjba.jus.br\/estrategia\/plano\/","title":{"rendered":"Planejamento Estrat\u00e9gico"},"content":{"rendered":"<div style=\"text-align: justify;\">\n<blockquote><p>O\u00a0<strong>Planejamento Estrat\u00e9gico<\/strong>\u00a0\u00e9 o processo de analisar uma organiza\u00e7\u00e3o sob diferentes perspectivas, definindo as diretrizes para sua atua\u00e7\u00e3o, preparando, assim, a organiza\u00e7\u00e3o para lidar com as incertezas do futuro. J\u00e1 o\u00a0<strong>Plano Estrat\u00e9gico<\/strong> \u00e9 a materializa\u00e7\u00e3o do planejamento, ou seja, \u00e9 nele que ocorre o detalhamento das a\u00e7\u00f5es que devem ser adotadas para o alcance dos objetivos\u00a0organizacionais.<\/p><\/blockquote>\n<p>&nbsp;<\/p>\n<p><strong>Gest\u00e3o Estrat\u00e9gica<\/strong><br \/>\nAo processo de pensar a estrat\u00e9gia, realizar planejamento estrat\u00e9gico, agir estrategicamente e monitorar a\u00e7\u00f5es e projetos vinculados ao plano, d\u00e1-se o nome de <strong>Gest\u00e3o Estrat\u00e9gica, <\/strong>que<strong>\u00a0<\/strong>\u00e9 mais ampla que o planejamento estrat\u00e9gico: envolve o ciclo de gest\u00e3o (planejamento, execu\u00e7\u00e3o e controle) e a gest\u00e3o de projetos estrat\u00e9gicos. No contexto do Poder Judici\u00e1rio, esta gest\u00e3o deve alinhar-se com a Estrat\u00e9gia Nacional institu\u00edda pela Resolu\u00e7\u00e3o CNJ N\u00ba 325 de 29 de junho de 2020. O artigo primeiro da referida resolu\u00e7\u00e3o sintetiza a estrat\u00e9gia em componentes, a saber: <strong>miss\u00e3o, vis\u00e3o, valores <\/strong>e<strong> macrodesafios e indicadores de desempenho<\/strong> do Poder Judici\u00e1rio.<\/p>\n<p>&nbsp;<\/p>\n<p><strong>Miss\u00e3o, Vis\u00e3o e Valores<\/strong><br \/>\nA<strong> miss\u00e3o<\/strong> exerce fun\u00e7\u00e3o orientadora e delimitadora da a\u00e7\u00e3o organizacional, \u00e9 a ess\u00eancia da organiza\u00e7\u00e3o, sua raz\u00e3o de ser e deve ser projetada para o futuro. A <strong>vis\u00e3o<\/strong> \u00e9 o olhar sobre o futuro e traduz como a organiza\u00e7\u00e3o espera ser reconhecida pelos jurisdicionados. Essa \u00e9 uma perspectiva de efetividade. J\u00e1 os <strong>valores<\/strong> s\u00e3o princ\u00edpios ou cren\u00e7as que orientar\u00e3o o comportamento da organiza\u00e7\u00e3o. Esse conjunto de virtudes deve comprometer todos os integrantes da institui\u00e7\u00e3o e ser incorporado em sua cultura, deslocando a perspectiva individual dos colaboradores para uma outra, colaborativa.<\/p>\n<p><img loading=\"lazy\" decoding=\"async\" class=\"aligncenter wp-image-1240 size-full\" src=\"http:\/\/www5.tjba.jus.br\/estrategia\/wp-content\/uploads\/2017\/02\/missao-visao-valores-2.png\" width=\"694\" height=\"371\" srcset=\"https:\/\/www.tjba.jus.br\/estrategia\/wp-content\/uploads\/2017\/02\/missao-visao-valores-2.png 694w, https:\/\/www.tjba.jus.br\/estrategia\/wp-content\/uploads\/2017\/02\/missao-visao-valores-2-300x160.png 300w\" sizes=\"auto, (max-width: 694px) 100vw, 694px\" \/><\/p>\n<p>&nbsp;<\/p>\n<p><strong>Macrodesafios<\/strong><br \/>\nAssim denominados pelo CNJ, os <strong>macrodesafios<\/strong> representam os objetivos e s\u00e3o elaborados ap\u00f3s identifica\u00e7\u00e3o e discuss\u00e3o das principais quest\u00f5es que podem impactar no atendimento da miss\u00e3o e vis\u00e3o. Partindo-se destas quest\u00f5es, ser\u00e3o definidos objetivos que expressem as modifica\u00e7\u00f5es na realidade atual consideradas priorit\u00e1rias para a entidade.<\/p>\n<p>&nbsp;<\/p>\n<p><strong>Indicadores de Desempenho<\/strong><br \/>\nOs indicadores de desempenho s\u00e3o medidas que quantificam a performance institucional de acordo com seus objetivos organizacionais. Podem ser indicadores de produtividade, de qualidade, de capacidade, estrat\u00e9gicos, dentre outros.<\/p>\n<p>&nbsp;<\/p>\n<h4 class=\"entry-title\">Planejamento Estrat\u00e9gico 2015 &#8211; 2020<\/h4>\n<p><strong><a href=\"http:\/\/www5.tjba.jus.br\/estrategia\/index.php\/plano-estrategico\/\"><img loading=\"lazy\" decoding=\"async\" class=\"alignleft wp-image-1081 size-full\" src=\"http:\/\/www5.tjba.jus.br\/estrategia\/wp-content\/uploads\/2017\/02\/icone-plano.jpg\" alt=\"\" width=\"247\" height=\"300\" \/><\/a><\/strong><\/p>\n<\/div>\n<div>\n<p><strong><a href=\"http:\/\/www5.tjba.jus.br\/estrategia\/index.php\/mapa-estrategico\/\"><img loading=\"lazy\" decoding=\"async\" class=\"alignleft wp-image-1220 size-full\" src=\"http:\/\/www5.tjba.jus.br\/estrategia\/wp-content\/uploads\/2017\/01\/icone-mapa-estrategico.png\" alt=\"\" width=\"352\" height=\"250\" srcset=\"https:\/\/www.tjba.jus.br\/estrategia\/wp-content\/uploads\/2017\/01\/icone-mapa-estrategico.png 352w, https:\/\/www.tjba.jus.br\/estrategia\/wp-content\/uploads\/2017\/01\/icone-mapa-estrategico-300x213.png 300w\" sizes=\"auto, (max-width: 352px) 100vw, 352px\" \/><\/a><\/strong><\/p>\n<\/div>\n<p>&nbsp;<\/p>\n<p>&nbsp;<\/p>\n<h4><\/h4>\n<h4 class=\"entry-title\">Planejamento Estrat\u00e9gico 2021 &#8211; 2026<\/h4>\n<p>O Plano Estrat\u00e9gico do Poder Judici\u00e1rio da Bahia (PJBA) para o sex\u00eanio 2021-2026 foi institu\u00eddo pela Resolu\u00e7\u00e3o Plen\u00e1ria n\u00ba 03\/2021, em 25 de mar\u00e7o de 2021. Os Indicadores dos Objetivos Estrat\u00e9gicos, com seus Alvos e Metas Anuais seguem sendo elaborados e com previs\u00e3o final de publica\u00e7\u00e3o para o dia 22 de junho de 2021, conforme definido no normativo em seu Art.15.:<\/p>\n<p>Art. 15 \u2013 O gloss\u00e1rio e as metas dos indicadores estrat\u00e9gicos de desempenho do PJBA, estabelecidos no Anexo II, ser\u00e3o publicados no Portal da Estrat\u00e9gia do PJBA no prazo de 90 (noventa) dias ap\u00f3s a publica\u00e7\u00e3o desta Resolu\u00e7\u00e3o.<\/p>\n<p><a href=\"http:\/\/www5.tjba.jus.br\/estrategia\/index.php\/planejamento-estrategico-2021-2026\/\" target=\"_blank\" rel=\"noopener noreferrer\"><strong>CLIQUE AQUI PARA ACESSAR O PLANEJAMENTO ESTRAT\u00c9GICO 2021 &#8211; 2026<\/strong><\/a><\/p>\n<p>&nbsp;<\/p>\n<p>&nbsp;<\/p>\n","protected":false},"excerpt":{"rendered":"<p>O\u00a0Planejamento Estrat\u00e9gico\u00a0\u00e9 o processo de analisar uma organiza\u00e7\u00e3o sob diferentes perspectivas, definindo as diretrizes para sua atua\u00e7\u00e3o, preparando, assim, a organiza\u00e7\u00e3o para lidar com as incertezas do futuro. J\u00e1 o\u00a0Plano Estrat\u00e9gico \u00e9 a materializa\u00e7\u00e3o do planejamento, ou seja, \u00e9 nele que ocorre o detalhamento das a\u00e7\u00f5es que devem ser adotadas para o alcance dos objetivos\u00a0organizacionais. [&hellip;]<\/p>\n","protected":false},"author":2,"featured_media":0,"parent":0,"menu_order":3,"comment_status":"closed","ping_status":"closed","template":"","meta":{"footnotes":""},"class_list":["post-64","page","type-page","status-publish","hentry"],"acf":[],"featured_image_src":null,"_links":{"self":[{"href":"https:\/\/www.tjba.jus.br\/estrategia\/wp-json\/wp\/v2\/pages\/64","targetHints":{"allow":["GET"]}}],"collection":[{"href":"https:\/\/www.tjba.jus.br\/estrategia\/wp-json\/wp\/v2\/pages"}],"about":[{"href":"https:\/\/www.tjba.jus.br\/estrategia\/wp-json\/wp\/v2\/types\/page"}],"author":[{"embeddable":true,"href":"https:\/\/www.tjba.jus.br\/estrategia\/wp-json\/wp\/v2\/users\/2"}],"replies":[{"embeddable":true,"href":"https:\/\/www.tjba.jus.br\/estrategia\/wp-json\/wp\/v2\/comments?post=64"}],"version-history":[{"count":82,"href":"https:\/\/www.tjba.jus.br\/estrategia\/wp-json\/wp\/v2\/pages\/64\/revisions"}],"predecessor-version":[{"id":7050,"href":"https:\/\/www.tjba.jus.br\/estrategia\/wp-json\/wp\/v2\/pages\/64\/revisions\/7050"}],"wp:attachment":[{"href":"https:\/\/www.tjba.jus.br\/estrategia\/wp-json\/wp\/v2\/media?parent=64"}],"curies":[{"name":"wp","href":"https:\/\/api.w.org\/{rel}","templated":true}]}}