{"id":6675,"date":"2021-10-18T08:28:08","date_gmt":"2021-10-18T11:28:08","guid":{"rendered":"http:\/\/www5.tjba.jus.br\/estrategia\/?page_id=6675"},"modified":"2021-10-25T08:17:46","modified_gmt":"2021-10-25T11:17:46","slug":"2a-semana-de-sentencas-e-baixas-de-2021","status":"publish","type":"page","link":"https:\/\/www.tjba.jus.br\/estrategia\/2a-semana-de-sentencas-e-baixas-de-2021\/","title":{"rendered":"2\u00aa Semana de Senten\u00e7as e Baixas de 2021"},"content":{"rendered":"<p><img loading=\"lazy\" decoding=\"async\" class=\"aligncenter wp-image-6716 size-full\" src=\"http:\/\/www5.tjba.jus.br\/estrategia\/wp-content\/uploads\/2021\/10\/2-semana_sentencas_baixas_2121.jpeg\" alt=\"\" width=\"742\" height=\"491\" srcset=\"https:\/\/www.tjba.jus.br\/estrategia\/wp-content\/uploads\/2021\/10\/2-semana_sentencas_baixas_2121.jpeg 742w, https:\/\/www.tjba.jus.br\/estrategia\/wp-content\/uploads\/2021\/10\/2-semana_sentencas_baixas_2121-300x199.jpeg 300w\" sizes=\"auto, (max-width: 742px) 100vw, 742px\" \/><\/p>\n<p>&nbsp;<\/p>\n<p>Nos termos do Ato Normativo Conjunto N\u00ba 38, de 13 de outubro de 2021, magistrados e servidores dever\u00e3o dever\u00e3o:<\/p>\n<blockquote><p><span style=\"color: #000000;\"><strong>&#8220;<\/strong><strong>I- Julgar os processos que integram a Meta 2 do CNJ: &#8220;Identificar e julgar at\u00e9 31\/12\/2021 os processos distribu\u00eddos at\u00e9 31\/<\/strong><strong>12\/2017 no 1\u00ba grau; os processos distribu\u00eddos at\u00e9 31\/12\/2018 no 2\u00ba grau; e os processos distribu\u00eddos at\u00e9 31\/12\/2018 nos <\/strong><strong>Juizados Especiais e Turmas Recursais&#8221;;<\/strong><\/span><\/p>\n<p><span style=\"color: #000000;\"><strong>II- Determinar aos Diretores de Secretaria que procedam, em regime de mutir\u00e3o, \u00e0 an\u00e1lise de todos os processos n\u00e3o <\/strong><strong>baixados, com o objetivo de arquivamento definitivo dos processos transitados em julgado, promovendo a expedi\u00e7\u00e3o de <\/strong><strong>alvar\u00e1s e a baixa processual;<\/strong><\/span><\/p>\n<p><span style=\"color: #000000;\"><strong>III- Preparar e remeter \u00e0s inst\u00e2ncias recursais os processos aptos para tal dilig\u00eancia;<\/strong><\/span><\/p>\n<p><span style=\"color: #000000;\"><strong>V &#8211; Expedir documento &#8220;Certid\u00e3o &#8211; Tr\u00e2nsito em Julgado\/Remessa para a Central de Custas&#8221;, encaminhando para a fila <\/strong><strong>&#8220;Remetidos para a Central de Custas&#8221;, para os processos que se encontram em fase de arquivamento, cuja baixa se torna <\/strong><strong>invi\u00e1vel sem a verifica\u00e7\u00e3o de regularidade no recolhimento das custas judiciais remanescentes, nos termos do Decreto<\/strong><\/span><br \/>\n<span style=\"color: #000000;\"><strong>Judici\u00e1rio n\u00ba 832, de 13 de setembro de 2017, disponibilizado no DJE de 14 de setembro de 2017;&#8221;<\/strong><\/span><\/p><\/blockquote>\n<p style=\"text-align: center;\"><strong>..:: PROCESS\u00d4METRO <\/strong>Acompanhe os resultados<span style=\"color: #000000;\">:<\/span><\/p>\n<p><a href=\"http:\/\/www5.tjba.jus.br\/estrategia\/wp-content\/uploads\/2018\/10\/ICONE-PROCESSOMETRO-roxo.png\"><img loading=\"lazy\" decoding=\"async\" class=\"wp-image-3061 aligncenter\" src=\"http:\/\/www5.tjba.jus.br\/estrategia\/wp-content\/uploads\/2017\/10\/processometro-destaque.jpg\" alt=\"\" width=\"227\" height=\"192\" srcset=\"https:\/\/www.tjba.jus.br\/estrategia\/wp-content\/uploads\/2017\/10\/processometro-destaque.jpg 353w, https:\/\/www.tjba.jus.br\/estrategia\/wp-content\/uploads\/2017\/10\/processometro-destaque-300x253.jpg 300w\" sizes=\"auto, (max-width: 227px) 100vw, 227px\" \/><\/a><\/p>\n<p style=\"text-align: center;\">Dados atualizados em 25\/10\/2021 \u00e0s 08:20:<\/p>\n<p><img loading=\"lazy\" decoding=\"async\" class=\"aligncenter wp-image-6725 size-full\" src=\"http:\/\/www5.tjba.jus.br\/estrategia\/wp-content\/uploads\/2021\/10\/Baixas-5-1.png\" alt=\"\" width=\"446\" height=\"161\" srcset=\"https:\/\/www.tjba.jus.br\/estrategia\/wp-content\/uploads\/2021\/10\/Baixas-5-1.png 446w, https:\/\/www.tjba.jus.br\/estrategia\/wp-content\/uploads\/2021\/10\/Baixas-5-1-300x108.png 300w\" sizes=\"auto, (max-width: 446px) 100vw, 446px\" \/><img loading=\"lazy\" decoding=\"async\" class=\"aligncenter wp-image-6726 size-full\" src=\"http:\/\/www5.tjba.jus.br\/estrategia\/wp-content\/uploads\/2021\/10\/Senten\u00e7as-5-1.png\" alt=\"\" width=\"446\" height=\"161\" srcset=\"https:\/\/www.tjba.jus.br\/estrategia\/wp-content\/uploads\/2021\/10\/Senten\u00e7as-5-1.png 446w, https:\/\/www.tjba.jus.br\/estrategia\/wp-content\/uploads\/2021\/10\/Senten\u00e7as-5-1-300x108.png 300w\" sizes=\"auto, (max-width: 446px) 100vw, 446px\" \/><\/p>\n<p style=\"text-align: center;\"><strong>..:: DISPOSI\u00c7\u00d5ES\u00a0<\/strong>sobre a Semana Estadual de Senten\u00e7as e Baixas Processuais<span style=\"color: #000000;\">:<\/span><\/p>\n<p><a href=\"http:\/\/www5.tjba.jus.br\/portal\/wp-content\/uploads\/2021\/10\/Semana-de-sentencas-e-baixas.pdf\" target=\"_blank\" rel=\"noopener noreferrer\"><img loading=\"lazy\" decoding=\"async\" class=\"wp-image-3086 aligncenter\" src=\"http:\/\/www5.tjba.jus.br\/estrategia\/wp-content\/uploads\/2017\/09\/botao-ato-conjunto.png\" alt=\"\" width=\"192\" height=\"57\" \/><\/a><\/p>\n","protected":false},"excerpt":{"rendered":"<p>&nbsp; Nos termos do Ato Normativo Conjunto N\u00ba 38, de 13 de outubro de 2021, magistrados e servidores dever\u00e3o dever\u00e3o: &#8220;I- Julgar os processos que integram a Meta 2 do CNJ: &#8220;Identificar e julgar at\u00e9 31\/12\/2021 os processos distribu\u00eddos at\u00e9 31\/12\/2017 no 1\u00ba grau; os processos distribu\u00eddos at\u00e9 31\/12\/2018 no 2\u00ba grau; e os processos [&hellip;]<\/p>\n","protected":false},"author":7,"featured_media":0,"parent":0,"menu_order":0,"comment_status":"closed","ping_status":"closed","template":"","meta":{"footnotes":""},"class_list":["post-6675","page","type-page","status-publish","hentry"],"acf":[],"featured_image_src":null,"_links":{"self":[{"href":"https:\/\/www.tjba.jus.br\/estrategia\/wp-json\/wp\/v2\/pages\/6675","targetHints":{"allow":["GET"]}}],"collection":[{"href":"https:\/\/www.tjba.jus.br\/estrategia\/wp-json\/wp\/v2\/pages"}],"about":[{"href":"https:\/\/www.tjba.jus.br\/estrategia\/wp-json\/wp\/v2\/types\/page"}],"author":[{"embeddable":true,"href":"https:\/\/www.tjba.jus.br\/estrategia\/wp-json\/wp\/v2\/users\/7"}],"replies":[{"embeddable":true,"href":"https:\/\/www.tjba.jus.br\/estrategia\/wp-json\/wp\/v2\/comments?post=6675"}],"version-history":[{"count":24,"href":"https:\/\/www.tjba.jus.br\/estrategia\/wp-json\/wp\/v2\/pages\/6675\/revisions"}],"predecessor-version":[{"id":6727,"href":"https:\/\/www.tjba.jus.br\/estrategia\/wp-json\/wp\/v2\/pages\/6675\/revisions\/6727"}],"wp:attachment":[{"href":"https:\/\/www.tjba.jus.br\/estrategia\/wp-json\/wp\/v2\/media?parent=6675"}],"curies":[{"name":"wp","href":"https:\/\/api.w.org\/{rel}","templated":true}]}}

2ª Semana de Sentenças e Baixas de 2021

<p><img loading="lazy" decoding="async" class="aligncenter wp-image-6716 size-full" src="http://www5.tjba.jus.br/estrategia/wp-content/uploads/2021/10/2-semana_sentencas_baixas_2121.jpeg" alt="" width="742" height="491" srcset="https://www.tjba.jus.br/estrategia/wp-content/uploads/2021/10/2-semana_sentencas_baixas_2121.jpeg 742w, https://www.tjba.jus.br/estrategia/wp-content/uploads/2021/10/2-semana_sentencas_baixas_2121-300x199.jpeg 300w" sizes="auto, (max-width: 742px) 100vw, 742px" /></p>
<p>&nbsp;</p>
<p>Nos termos do Ato Normativo Conjunto Nº 38, de 13 de outubro de 2021, magistrados e servidores deverão deverão:</p>
<blockquote><p><span style="color: #000000;"><strong>&#8220;</strong><strong>I- Julgar os processos que integram a Meta 2 do CNJ: &#8220;Identificar e julgar até 31/12/2021 os processos distribuídos até 31/</strong><strong>12/2017 no 1º grau; os processos distribuídos até 31/12/2018 no 2º grau; e os processos distribuídos até 31/12/2018 nos </strong><strong>Juizados Especiais e Turmas Recursais&#8221;;</strong></span></p>
<p><span style="color: #000000;"><strong>II- Determinar aos Diretores de Secretaria que procedam, em regime de mutirão, à análise de todos os processos não </strong><strong>baixados, com o objetivo de arquivamento definitivo dos processos transitados em julgado, promovendo a expedição de </strong><strong>alvarás e a baixa processual;</strong></span></p>
<p><span style="color: #000000;"><strong>III- Preparar e remeter às instâncias recursais os processos aptos para tal diligência;</strong></span></p>
<p><span style="color: #000000;"><strong>V &#8211; Expedir documento &#8220;Certidão &#8211; Trânsito em Julgado/Remessa para a Central de Custas&#8221;, encaminhando para a fila </strong><strong>&#8220;Remetidos para a Central de Custas&#8221;, para os processos que se encontram em fase de arquivamento, cuja baixa se torna </strong><strong>inviável sem a verificação de regularidade no recolhimento das custas judiciais remanescentes, nos termos do Decreto</strong></span><br />
<span style="color: #000000;"><strong>Judiciário nº 832, de 13 de setembro de 2017, disponibilizado no DJE de 14 de setembro de 2017;&#8221;</strong></span></p></blockquote>
<p style="text-align: center;"><strong>..:: PROCESSÔMETRO </strong>Acompanhe os resultados<span style="color: #000000;">:</span></p>
<p><a href="http://www5.tjba.jus.br/estrategia/wp-content/uploads/2018/10/ICONE-PROCESSOMETRO-roxo.png"><img loading="lazy" decoding="async" class="wp-image-3061 aligncenter" src="http://www5.tjba.jus.br/estrategia/wp-content/uploads/2017/10/processometro-destaque.jpg" alt="" width="227" height="192" srcset="https://www.tjba.jus.br/estrategia/wp-content/uploads/2017/10/processometro-destaque.jpg 353w, https://www.tjba.jus.br/estrategia/wp-content/uploads/2017/10/processometro-destaque-300x253.jpg 300w" sizes="auto, (max-width: 227px) 100vw, 227px" /></a></p>
<p style="text-align: center;">Dados atualizados em 25/10/2021 às 08:20:</p>
<p><img loading="lazy" decoding="async" class="aligncenter wp-image-6725 size-full" src="http://www5.tjba.jus.br/estrategia/wp-content/uploads/2021/10/Baixas-5-1.png" alt="" width="446" height="161" srcset="https://www.tjba.jus.br/estrategia/wp-content/uploads/2021/10/Baixas-5-1.png 446w, https://www.tjba.jus.br/estrategia/wp-content/uploads/2021/10/Baixas-5-1-300x108.png 300w" sizes="auto, (max-width: 446px) 100vw, 446px" /><img loading="lazy" decoding="async" class="aligncenter wp-image-6726 size-full" src="http://www5.tjba.jus.br/estrategia/wp-content/uploads/2021/10/Sentenças-5-1.png" alt="" width="446" height="161" srcset="https://www.tjba.jus.br/estrategia/wp-content/uploads/2021/10/Sentenças-5-1.png 446w, https://www.tjba.jus.br/estrategia/wp-content/uploads/2021/10/Sentenças-5-1-300x108.png 300w" sizes="auto, (max-width: 446px) 100vw, 446px" /></p>
<p style="text-align: center;"><strong>..:: DISPOSIÇÕES </strong>sobre a Semana Estadual de Sentenças e Baixas Processuais<span style="color: #000000;">:</span></p>
<p><a href="http://www5.tjba.jus.br/portal/wp-content/uploads/2021/10/Semana-de-sentencas-e-baixas.pdf" target="_blank" rel="noopener noreferrer"><img loading="lazy" decoding="async" class="wp-image-3086 aligncenter" src="http://www5.tjba.jus.br/estrategia/wp-content/uploads/2017/09/botao-ato-conjunto.png" alt="" width="192" height="57" /></a></p>

<p>&nbsp; Nos termos do Ato Normativo Conjunto Nº 38, de 13 de outubro de 2021, magistrados e servidores deverão deverão: &#8220;I- Julgar os processos que integram a Meta 2 do CNJ: &#8220;Identificar e julgar até 31/12/2021 os processos distribuídos até 31/12/2017 no 1º grau; os processos distribuídos até 31/12/2018 no 2º grau; e os processos [&hellip;]</p>
