{"id":7099,"date":"2022-07-12T08:19:46","date_gmt":"2022-07-12T11:19:46","guid":{"rendered":"http:\/\/www5.tjba.jus.br\/estrategia\/?page_id=7099"},"modified":"2022-07-25T08:18:30","modified_gmt":"2022-07-25T11:18:30","slug":"1a-semana-de-sentencas-e-baixas-de-2022","status":"publish","type":"page","link":"https:\/\/www.tjba.jus.br\/estrategia\/1a-semana-de-sentencas-e-baixas-de-2022\/","title":{"rendered":"1\u00aa Semana de Senten\u00e7as e Baixas de 2022"},"content":{"rendered":"<p>&nbsp;<\/p>\n<p>Nos termos do Ato Normativo Conjunto N\u00ba 09, de 07 de junho de 2022, magistrados e servidores dever\u00e3o dever\u00e3o:<\/p>\n<blockquote><p><span style=\"color: #000000;\"><strong>&#8220;I \u2013 julgar, exclusivamente, na semana de 18 a 22 de julho de 2022, os processos referentes \u00e0 Meta 2 do Conselho Nacional<br \/>\nde Justi\u00e7a, promovendo, ainda, a expedi\u00e7\u00e3o de alvar\u00e1s e a baixa processual dos demais feitos;<br \/>\nII \u2013 determinar aos Diretores de Secretaria que procedam, em regime de mutir\u00e3o, \u00e0 an\u00e1lise de todos os processos n\u00e3o<br \/>\nbaixados, com o objetivo de arquivamento definitivo dos processos transitados em julgado;<br \/>\nIII \u2013 julgar os processos que integram a Meta 2 do CNJ: \u201cIdentificar e julgar, at\u00e9 31\/12\/2022, os processos distribu\u00eddos at\u00e9 31\/12\/2018 no 1\u00ba grau; os processos distribu\u00eddos at\u00e9 31\/12\/2019 no 2\u00ba grau, Juizados Especiais e Turmas Recursais\u201d;<br \/>\nIV \u2013 preparar os processos aptos para tal dilig\u00eancia, remetendo-os \u00e0s inst\u00e2ncias recursais; e<br \/>\nV \u2013 expedir documento \u201cCertid\u00e3o &#8211; Tr\u00e2nsito em Julgado\/Remessa para a Central de Custas\u201d, encaminhando para a fila<br \/>\n\u201cRemetidos para a Central de Custas\u201d ou para tarefa \u201cArquivo com pend\u00eancia de Custas\u201d, para os processos que se<br \/>\nencontram em fase de arquivamento, cuja baixa se torna invi\u00e1vel sem a verifica\u00e7\u00e3o de regularidade no recolhimento das<br \/>\ncustas judiciais remanescentes, nos termos do Decreto Judici\u00e1rio n\u00ba 832, de 13 de setembro de 2017, disponibilizado no<br \/>\nDJE de 14 de setembro de 2017.<\/strong><\/span><strong>&#8220;<\/strong><\/p><\/blockquote>\n<p style=\"text-align: center;\"><strong>..:: PROCESS\u00d4METRO <\/strong>Acompanhe os resultados<span style=\"color: #000000;\">:<\/span><\/p>\n<p><a href=\"http:\/\/www5.tjba.jus.br\/estrategia\/wp-content\/uploads\/2018\/10\/ICONE-PROCESSOMETRO-roxo.png\"><img loading=\"lazy\" decoding=\"async\" class=\"wp-image-3061 aligncenter\" src=\"http:\/\/www5.tjba.jus.br\/estrategia\/wp-content\/uploads\/2017\/10\/processometro-destaque.jpg\" alt=\"\" width=\"227\" height=\"192\" srcset=\"https:\/\/www.tjba.jus.br\/estrategia\/wp-content\/uploads\/2017\/10\/processometro-destaque.jpg 353w, https:\/\/www.tjba.jus.br\/estrategia\/wp-content\/uploads\/2017\/10\/processometro-destaque-300x253.jpg 300w\" sizes=\"auto, (max-width: 227px) 100vw, 227px\" \/><\/a><\/p>\n<p style=\"text-align: center;\">Dados atualizados em: 25\/07\/2022 \u00e0s 08:17.<\/p>\n<p><img loading=\"lazy\" decoding=\"async\" class=\"aligncenter wp-image-7143 size-full\" src=\"http:\/\/www5.tjba.jus.br\/estrategia\/wp-content\/uploads\/2022\/07\/Baixas-Dia-6.jpeg\" alt=\"\" width=\"446\" height=\"161\" srcset=\"https:\/\/www.tjba.jus.br\/estrategia\/wp-content\/uploads\/2022\/07\/Baixas-Dia-6.jpeg 446w, https:\/\/www.tjba.jus.br\/estrategia\/wp-content\/uploads\/2022\/07\/Baixas-Dia-6-300x108.jpeg 300w\" sizes=\"auto, (max-width: 446px) 100vw, 446px\" \/><\/p>\n<p><img loading=\"lazy\" decoding=\"async\" class=\"aligncenter wp-image-7144 size-full\" src=\"http:\/\/www5.tjba.jus.br\/estrategia\/wp-content\/uploads\/2022\/07\/Senten\u00e7as-Dia-6.jpeg\" alt=\"\" width=\"446\" height=\"161\" srcset=\"https:\/\/www.tjba.jus.br\/estrategia\/wp-content\/uploads\/2022\/07\/Senten\u00e7as-Dia-6.jpeg 446w, https:\/\/www.tjba.jus.br\/estrategia\/wp-content\/uploads\/2022\/07\/Senten\u00e7as-Dia-6-300x108.jpeg 300w\" sizes=\"auto, (max-width: 446px) 100vw, 446px\" \/><\/p>\n<p style=\"text-align: center;\"><strong>..:: DISPOSI\u00c7\u00d5ES\u00a0<\/strong>sobre a Semana Estadual de Senten\u00e7as e Baixas Processuais<span style=\"color: #000000;\">:<\/span><\/p>\n<p><img loading=\"lazy\" decoding=\"async\" class=\"aligncenter wp-image-3086\" src=\"http:\/\/www5.tjba.jus.br\/estrategia\/wp-content\/uploads\/2017\/09\/botao-ato-conjunto.png\" alt=\"\" width=\"192\" height=\"57\" \/><\/p>\n","protected":false},"excerpt":{"rendered":"<p>&nbsp; Nos termos do Ato Normativo Conjunto N\u00ba 09, de 07 de junho de 2022, magistrados e servidores dever\u00e3o dever\u00e3o: &#8220;I \u2013 julgar, exclusivamente, na semana de 18 a 22 de julho de 2022, os processos referentes \u00e0 Meta 2 do Conselho Nacional de Justi\u00e7a, promovendo, ainda, a expedi\u00e7\u00e3o de alvar\u00e1s e a baixa processual [&hellip;]<\/p>\n","protected":false},"author":7,"featured_media":0,"parent":0,"menu_order":0,"comment_status":"closed","ping_status":"closed","template":"","meta":{"footnotes":""},"class_list":["post-7099","page","type-page","status-publish","hentry"],"acf":[],"featured_image_src":null,"_links":{"self":[{"href":"https:\/\/www.tjba.jus.br\/estrategia\/wp-json\/wp\/v2\/pages\/7099","targetHints":{"allow":["GET"]}}],"collection":[{"href":"https:\/\/www.tjba.jus.br\/estrategia\/wp-json\/wp\/v2\/pages"}],"about":[{"href":"https:\/\/www.tjba.jus.br\/estrategia\/wp-json\/wp\/v2\/types\/page"}],"author":[{"embeddable":true,"href":"https:\/\/www.tjba.jus.br\/estrategia\/wp-json\/wp\/v2\/users\/7"}],"replies":[{"embeddable":true,"href":"https:\/\/www.tjba.jus.br\/estrategia\/wp-json\/wp\/v2\/comments?post=7099"}],"version-history":[{"count":11,"href":"https:\/\/www.tjba.jus.br\/estrategia\/wp-json\/wp\/v2\/pages\/7099\/revisions"}],"predecessor-version":[{"id":7145,"href":"https:\/\/www.tjba.jus.br\/estrategia\/wp-json\/wp\/v2\/pages\/7099\/revisions\/7145"}],"wp:attachment":[{"href":"https:\/\/www.tjba.jus.br\/estrategia\/wp-json\/wp\/v2\/media?parent=7099"}],"curies":[{"name":"wp","href":"https:\/\/api.w.org\/{rel}","templated":true}]}}

1ª Semana de Sentenças e Baixas de 2022

<p>&nbsp;</p>
<p>Nos termos do Ato Normativo Conjunto Nº 09, de 07 de junho de 2022, magistrados e servidores deverão deverão:</p>
<blockquote><p><span style="color: #000000;"><strong>&#8220;I – julgar, exclusivamente, na semana de 18 a 22 de julho de 2022, os processos referentes à Meta 2 do Conselho Nacional<br />
de Justiça, promovendo, ainda, a expedição de alvarás e a baixa processual dos demais feitos;<br />
II – determinar aos Diretores de Secretaria que procedam, em regime de mutirão, à análise de todos os processos não<br />
baixados, com o objetivo de arquivamento definitivo dos processos transitados em julgado;<br />
III – julgar os processos que integram a Meta 2 do CNJ: “Identificar e julgar, até 31/12/2022, os processos distribuídos até 31/12/2018 no 1º grau; os processos distribuídos até 31/12/2019 no 2º grau, Juizados Especiais e Turmas Recursais”;<br />
IV – preparar os processos aptos para tal diligência, remetendo-os às instâncias recursais; e<br />
V – expedir documento “Certidão &#8211; Trânsito em Julgado/Remessa para a Central de Custas”, encaminhando para a fila<br />
“Remetidos para a Central de Custas” ou para tarefa “Arquivo com pendência de Custas”, para os processos que se<br />
encontram em fase de arquivamento, cuja baixa se torna inviável sem a verificação de regularidade no recolhimento das<br />
custas judiciais remanescentes, nos termos do Decreto Judiciário nº 832, de 13 de setembro de 2017, disponibilizado no<br />
DJE de 14 de setembro de 2017.</strong></span><strong>&#8220;</strong></p></blockquote>
<p style="text-align: center;"><strong>..:: PROCESSÔMETRO </strong>Acompanhe os resultados<span style="color: #000000;">:</span></p>
<p><a href="http://www5.tjba.jus.br/estrategia/wp-content/uploads/2018/10/ICONE-PROCESSOMETRO-roxo.png"><img loading="lazy" decoding="async" class="wp-image-3061 aligncenter" src="http://www5.tjba.jus.br/estrategia/wp-content/uploads/2017/10/processometro-destaque.jpg" alt="" width="227" height="192" srcset="https://www.tjba.jus.br/estrategia/wp-content/uploads/2017/10/processometro-destaque.jpg 353w, https://www.tjba.jus.br/estrategia/wp-content/uploads/2017/10/processometro-destaque-300x253.jpg 300w" sizes="auto, (max-width: 227px) 100vw, 227px" /></a></p>
<p style="text-align: center;">Dados atualizados em: 25/07/2022 às 08:17.</p>
<p><img loading="lazy" decoding="async" class="aligncenter wp-image-7143 size-full" src="http://www5.tjba.jus.br/estrategia/wp-content/uploads/2022/07/Baixas-Dia-6.jpeg" alt="" width="446" height="161" srcset="https://www.tjba.jus.br/estrategia/wp-content/uploads/2022/07/Baixas-Dia-6.jpeg 446w, https://www.tjba.jus.br/estrategia/wp-content/uploads/2022/07/Baixas-Dia-6-300x108.jpeg 300w" sizes="auto, (max-width: 446px) 100vw, 446px" /></p>
<p><img loading="lazy" decoding="async" class="aligncenter wp-image-7144 size-full" src="http://www5.tjba.jus.br/estrategia/wp-content/uploads/2022/07/Sentenças-Dia-6.jpeg" alt="" width="446" height="161" srcset="https://www.tjba.jus.br/estrategia/wp-content/uploads/2022/07/Sentenças-Dia-6.jpeg 446w, https://www.tjba.jus.br/estrategia/wp-content/uploads/2022/07/Sentenças-Dia-6-300x108.jpeg 300w" sizes="auto, (max-width: 446px) 100vw, 446px" /></p>
<p style="text-align: center;"><strong>..:: DISPOSIÇÕES </strong>sobre a Semana Estadual de Sentenças e Baixas Processuais<span style="color: #000000;">:</span></p>
<p><img loading="lazy" decoding="async" class="aligncenter wp-image-3086" src="http://www5.tjba.jus.br/estrategia/wp-content/uploads/2017/09/botao-ato-conjunto.png" alt="" width="192" height="57" /></p>

<p>&nbsp; Nos termos do Ato Normativo Conjunto Nº 09, de 07 de junho de 2022, magistrados e servidores deverão deverão: &#8220;I – julgar, exclusivamente, na semana de 18 a 22 de julho de 2022, os processos referentes à Meta 2 do Conselho Nacional de Justiça, promovendo, ainda, a expedição de alvarás e a baixa processual [&hellip;]</p>
