{"id":7882,"date":"2023-07-06T15:14:26","date_gmt":"2023-07-06T18:14:26","guid":{"rendered":"http:\/\/www5.tjba.jus.br\/estrategia\/?page_id=7882"},"modified":"2023-07-31T09:37:50","modified_gmt":"2023-07-31T12:37:50","slug":"1a-semana-de-sentencas-e-baixas-de-2023","status":"publish","type":"page","link":"https:\/\/www.tjba.jus.br\/estrategia\/1a-semana-de-sentencas-e-baixas-de-2023\/","title":{"rendered":"1\u00aa Semana de Senten\u00e7as e Baixas de 2023"},"content":{"rendered":"<p><img decoding=\"async\" src=\"https:\/\/attachments.office.net\/owa\/pmsouza%40tjba.jus.br\/service.svc\/s\/GetAttachmentThumbnail?id=AAMkAGJkYWFlNjdjLTBlYjEtNGM4OS1hOWQxLWE4OTdiOTc0MjNlZgBGAAAAAABAPutKjrSoRJe58onPhgrUBwCDaxIR8vg9TLCk3u9fXIvzAAAAAAEtAACDaxIR8vg9TLCk3u9fXIvzAAG2crSnAAABEgAQAHQV7RRouxtBqCoSKi5%2B5yI%3D&amp;thumbnailType=2&amp;token=eyJhbGciOiJSUzI1NiIsImtpZCI6IjczRkI5QkJFRjYzNjc4RDRGN0U4NEI0NDBCQUJCMTJBMzM5RDlGOTgiLCJ0eXAiOiJKV1QiLCJ4NXQiOiJjX3VidnZZMmVOVDM2RXRFQzZ1eEtqT2RuNWcifQ.eyJvcmlnaW4iOiJodHRwczovL291dGxvb2sub2ZmaWNlMzY1LmNvbSIsInVjIjoiNTQ4NDdiYzIwMDExNDk1NGFhZDFhNGZlMjA2ZjViOGQiLCJzaWduaW5fc3RhdGUiOiJbXCJrbXNpXCJdIiwidmVyIjoiRXhjaGFuZ2UuQ2FsbGJhY2suVjEiLCJhcHBjdHhzZW5kZXIiOiJPd2FEb3dubG9hZEAwYzQ5MTAzZS1lY2RhLTRmNGEtYTRjMy1iN2JhZjZjOWJkOGMiLCJpc3NyaW5nIjoiV1ciLCJhcHBjdHgiOiJ7XCJtc2V4Y2hwcm90XCI6XCJvd2FcIixcInB1aWRcIjpcIjExNTM4MDExMjAzNTk0NzE4NzdcIixcInNjb3BlXCI6XCJPd2FEb3dubG9hZFwiLFwib2lkXCI6XCJjMTU4YWQwOC1iMjA3LTQ2YTAtYmY4ZS1hMmNhNGI1ODczOWNcIixcInByaW1hcnlzaWRcIjpcIlMtMS01LTIxLTExMDQ1OTA2OTctMjY0MTYxNjU5MS01ODE2MjA5ODItMTU2OTE0MFwifSIsIm5iZiI6MTY4ODY2NzEwOSwiZXhwIjoxNjg4NjY3NzA5LCJpc3MiOiIwMDAwMDAwMi0wMDAwLTBmZjEtY2UwMC0wMDAwMDAwMDAwMDBAMGM0OTEwM2UtZWNkYS00ZjRhLWE0YzMtYjdiYWY2YzliZDhjIiwiYXVkIjoiMDAwMDAwMDItMDAwMC0wZmYxLWNlMDAtMDAwMDAwMDAwMDAwL2F0dGFjaG1lbnRzLm9mZmljZS5uZXRAMGM0OTEwM2UtZWNkYS00ZjRhLWE0YzMtYjdiYWY2YzliZDhjIiwiaGFwcCI6Im93YSJ9.EnsWBRLQFJgIU58npBEOlrnuO4OuMqZeVsSPUPCNvHxky41Q5h-JSieHwip0TDoiU4x4z-rTGUzdm-0t0G6RLFZXLfPffoplcv7nEU_4zpcDbuXxPy-FxY8-KjqBCVtcO4ImzD4gcEUSs0Qw6ZNVmIq6iNGbUXX1GreER058b8rh_ScvJlpTCjapFnx-kopLl6HOgA2FRQo2QDA0OB_3CSMwEfhpvHFn2ae-rWHjqOJ9k7GRku3-HsNZTlcuGXJCozkIt9TSExHj7l13M4Wj0wXTfNIA91CzwoWfw7zATLkdLqM-gdPKk05SaUcFAihhW4W107DVPhtd3VRUb8z-8Q&amp;X-OWA-CANARY=2vfvqJTzUkO-SKMHcovV9fDatIVMftsYC5y2QsTjt5Li4oEt0L73txWKLMwWdgWy5OpkcqF0ST0.&amp;owa=outlook.office365.com&amp;scriptVer=20230623002.12&amp;animation=true\" \/><\/p>\n<p>Nos termos do ATO NORMATIVO CONJUNTO N\u00ba 18, 30 DE JUNHO DE 2023, magistrados e servidores dever\u00e3o dever\u00e3o:<\/p>\n<blockquote><p><span style=\"color: #000000;\">&#8220;<\/span><span style=\"font-family: Times;\"><span style=\"font-size: large;\">I \u2013 julgar, exclusivamente, na semana de 24 a 28 de julho de 2023, os processos referentes \u00e0 Meta 2 do Conselho Nacional de Justi\u00e7a, promovendo, ainda, a expedi\u00e7\u00e3o de alvar\u00e1s e a baixa processual dos demais feitos;<\/span><\/span><\/p>\n<p class=\"western\" align=\"justify\"><span style=\"font-family: Times;\"><span style=\"font-size: large;\">II \u2013 determinar aos Diretores de Secretaria que procedam, em regime de mutir\u00e3o, \u00e0 an\u00e1lise de todos os processos n\u00e3o baixados, com o objetivo de arquivamento definitivo dos processos transitados em julgado;<\/span><\/span><\/p>\n<p class=\"western\" align=\"justify\"><span style=\"font-family: Times;\"><span style=\"font-size: large;\">III \u2013 julgar os processos que integram a Meta 2 do CNJ: \u201cIdentificar e julgar, at\u00e9 31\/12\/2023, os processos distribu\u00eddos at\u00e9 31\/12\/2019 no 1\u00ba Grau; os processos distribu\u00eddos at\u00e9 31\/12\/2020 no 2\u00ba Grau, Juizados Especiais e Turmas Recursais\u201d;<\/span><\/span><\/p>\n<p class=\"western\" align=\"justify\"><span style=\"font-family: Times;\"><span style=\"font-size: large;\">IV \u2013 preparar os processos aptos para tal dilig\u00eancia, remetendo-os \u00e0s inst\u00e2ncias recursais; e<\/span><\/span><\/p>\n<p class=\"western\" align=\"justify\"><span style=\"font-family: Times;\"><span style=\"font-size: large;\">V \u2013 expedir documento &#8220;Certid\u00e3o &#8211; Tr\u00e2nsito em Julgado\/Remessa para a Central de Custas&#8221;, encaminhando para a fila &#8220;Remetidos para a Central de Custas&#8221; ou para tarefa \u201cArquivo com pend\u00eancia de Custas\u201d, para os processos que se encontram em fase de arquivamento, cuja baixa se torna invi\u00e1vel sem a verifica\u00e7\u00e3o de regularidade no recolhimento das custas judiciais remanescentes, nos termos do Decreto Judici\u00e1rio n\u00ba 832, de 13 de setembro de 2017, disponibilizado no DJE de 14 de setembro de 2017.<\/span><\/span><span style=\"color: #000000;\">&#8220;<\/span><\/p>\n<\/blockquote>\n<p style=\"text-align: center;\"><strong>..:: PROCESS\u00d4METRO <\/strong>Acompanhe os resultados<span style=\"color: #000000;\">:<\/span><\/p>\n<p><a href=\"http:\/\/www5.tjba.jus.br\/estrategia\/wp-content\/uploads\/2018\/10\/ICONE-PROCESSOMETRO-roxo.png\"><img loading=\"lazy\" decoding=\"async\" class=\"wp-image-3061 aligncenter\" src=\"http:\/\/www5.tjba.jus.br\/estrategia\/wp-content\/uploads\/2017\/10\/processometro-destaque.jpg\" alt=\"\" width=\"227\" height=\"192\" srcset=\"https:\/\/www.tjba.jus.br\/estrategia\/wp-content\/uploads\/2017\/10\/processometro-destaque.jpg 353w, https:\/\/www.tjba.jus.br\/estrategia\/wp-content\/uploads\/2017\/10\/processometro-destaque-300x253.jpg 300w\" sizes=\"auto, (max-width: 227px) 100vw, 227px\" \/><\/a><\/p>\n<p style=\"text-align: center;\">Dados atualizados em: 31\/07\/2023 09:37<\/p>\n<p><img loading=\"lazy\" decoding=\"async\" class=\"size-full wp-image-7962 aligncenter\" src=\"http:\/\/www5.tjba.jus.br\/estrategia\/wp-content\/uploads\/2023\/07\/baixas-5.png\" alt=\"\" width=\"192\" height=\"230\" \/><\/p>\n<p><img loading=\"lazy\" decoding=\"async\" class=\"size-medium wp-image-7963 aligncenter\" src=\"http:\/\/www5.tjba.jus.br\/estrategia\/wp-content\/uploads\/2023\/07\/sent-5.png\" alt=\"\" width=\"192\" height=\"230\" \/><\/p>\n<p>&nbsp;<\/p>\n<p style=\"text-align: center;\"><strong>..:: DISPOSI\u00c7\u00d5ES\u00a0<\/strong>sobre a Semana Estadual de Senten\u00e7as e Baixas Processuais<span style=\"color: #000000;\">:<\/span><a href=\"http:\/\/www7.tj.ba.gov.br\/secao\/lerPublicacao.wsp?tmp.mostrarDiv=sim&amp;tmp.id=32076&amp;tmp.secao=60\"><img loading=\"lazy\" decoding=\"async\" class=\"aligncenter wp-image-3086\" src=\"http:\/\/www5.tjba.jus.br\/estrategia\/wp-content\/uploads\/2017\/09\/botao-ato-conjunto.png\" alt=\"\" width=\"192\" height=\"57\" \/><\/a><\/p>\n","protected":false},"excerpt":{"rendered":"<p>Nos termos do ATO NORMATIVO CONJUNTO N\u00ba 18, 30 DE JUNHO DE 2023, magistrados e servidores dever\u00e3o dever\u00e3o: &#8220;I \u2013 julgar, exclusivamente, na semana de 24 a 28 de julho de 2023, os processos referentes \u00e0 Meta 2 do Conselho Nacional de Justi\u00e7a, promovendo, ainda, a expedi\u00e7\u00e3o de alvar\u00e1s e a baixa processual dos demais [&hellip;]<\/p>\n","protected":false},"author":7,"featured_media":0,"parent":0,"menu_order":0,"comment_status":"closed","ping_status":"closed","template":"","meta":{"footnotes":""},"class_list":["post-7882","page","type-page","status-publish","hentry"],"acf":[],"featured_image_src":null,"_links":{"self":[{"href":"https:\/\/www.tjba.jus.br\/estrategia\/wp-json\/wp\/v2\/pages\/7882","targetHints":{"allow":["GET"]}}],"collection":[{"href":"https:\/\/www.tjba.jus.br\/estrategia\/wp-json\/wp\/v2\/pages"}],"about":[{"href":"https:\/\/www.tjba.jus.br\/estrategia\/wp-json\/wp\/v2\/types\/page"}],"author":[{"embeddable":true,"href":"https:\/\/www.tjba.jus.br\/estrategia\/wp-json\/wp\/v2\/users\/7"}],"replies":[{"embeddable":true,"href":"https:\/\/www.tjba.jus.br\/estrategia\/wp-json\/wp\/v2\/comments?post=7882"}],"version-history":[{"count":9,"href":"https:\/\/www.tjba.jus.br\/estrategia\/wp-json\/wp\/v2\/pages\/7882\/revisions"}],"predecessor-version":[{"id":7964,"href":"https:\/\/www.tjba.jus.br\/estrategia\/wp-json\/wp\/v2\/pages\/7882\/revisions\/7964"}],"wp:attachment":[{"href":"https:\/\/www.tjba.jus.br\/estrategia\/wp-json\/wp\/v2\/media?parent=7882"}],"curies":[{"name":"wp","href":"https:\/\/api.w.org\/{rel}","templated":true}]}}

1ª Semana de Sentenças e Baixas de 2023

<p><img decoding="async" src="https://attachments.office.net/owa/pmsouza%40tjba.jus.br/service.svc/s/GetAttachmentThumbnail?id=AAMkAGJkYWFlNjdjLTBlYjEtNGM4OS1hOWQxLWE4OTdiOTc0MjNlZgBGAAAAAABAPutKjrSoRJe58onPhgrUBwCDaxIR8vg9TLCk3u9fXIvzAAAAAAEtAACDaxIR8vg9TLCk3u9fXIvzAAG2crSnAAABEgAQAHQV7RRouxtBqCoSKi5%2B5yI%3D&amp;thumbnailType=2&amp;token=eyJhbGciOiJSUzI1NiIsImtpZCI6IjczRkI5QkJFRjYzNjc4RDRGN0U4NEI0NDBCQUJCMTJBMzM5RDlGOTgiLCJ0eXAiOiJKV1QiLCJ4NXQiOiJjX3VidnZZMmVOVDM2RXRFQzZ1eEtqT2RuNWcifQ.eyJvcmlnaW4iOiJodHRwczovL291dGxvb2sub2ZmaWNlMzY1LmNvbSIsInVjIjoiNTQ4NDdiYzIwMDExNDk1NGFhZDFhNGZlMjA2ZjViOGQiLCJzaWduaW5fc3RhdGUiOiJbXCJrbXNpXCJdIiwidmVyIjoiRXhjaGFuZ2UuQ2FsbGJhY2suVjEiLCJhcHBjdHhzZW5kZXIiOiJPd2FEb3dubG9hZEAwYzQ5MTAzZS1lY2RhLTRmNGEtYTRjMy1iN2JhZjZjOWJkOGMiLCJpc3NyaW5nIjoiV1ciLCJhcHBjdHgiOiJ7XCJtc2V4Y2hwcm90XCI6XCJvd2FcIixcInB1aWRcIjpcIjExNTM4MDExMjAzNTk0NzE4NzdcIixcInNjb3BlXCI6XCJPd2FEb3dubG9hZFwiLFwib2lkXCI6XCJjMTU4YWQwOC1iMjA3LTQ2YTAtYmY4ZS1hMmNhNGI1ODczOWNcIixcInByaW1hcnlzaWRcIjpcIlMtMS01LTIxLTExMDQ1OTA2OTctMjY0MTYxNjU5MS01ODE2MjA5ODItMTU2OTE0MFwifSIsIm5iZiI6MTY4ODY2NzEwOSwiZXhwIjoxNjg4NjY3NzA5LCJpc3MiOiIwMDAwMDAwMi0wMDAwLTBmZjEtY2UwMC0wMDAwMDAwMDAwMDBAMGM0OTEwM2UtZWNkYS00ZjRhLWE0YzMtYjdiYWY2YzliZDhjIiwiYXVkIjoiMDAwMDAwMDItMDAwMC0wZmYxLWNlMDAtMDAwMDAwMDAwMDAwL2F0dGFjaG1lbnRzLm9mZmljZS5uZXRAMGM0OTEwM2UtZWNkYS00ZjRhLWE0YzMtYjdiYWY2YzliZDhjIiwiaGFwcCI6Im93YSJ9.EnsWBRLQFJgIU58npBEOlrnuO4OuMqZeVsSPUPCNvHxky41Q5h-JSieHwip0TDoiU4x4z-rTGUzdm-0t0G6RLFZXLfPffoplcv7nEU_4zpcDbuXxPy-FxY8-KjqBCVtcO4ImzD4gcEUSs0Qw6ZNVmIq6iNGbUXX1GreER058b8rh_ScvJlpTCjapFnx-kopLl6HOgA2FRQo2QDA0OB_3CSMwEfhpvHFn2ae-rWHjqOJ9k7GRku3-HsNZTlcuGXJCozkIt9TSExHj7l13M4Wj0wXTfNIA91CzwoWfw7zATLkdLqM-gdPKk05SaUcFAihhW4W107DVPhtd3VRUb8z-8Q&amp;X-OWA-CANARY=2vfvqJTzUkO-SKMHcovV9fDatIVMftsYC5y2QsTjt5Li4oEt0L73txWKLMwWdgWy5OpkcqF0ST0.&amp;owa=outlook.office365.com&amp;scriptVer=20230623002.12&amp;animation=true" /></p>
<p>Nos termos do ATO NORMATIVO CONJUNTO Nº 18, 30 DE JUNHO DE 2023, magistrados e servidores deverão deverão:</p>
<blockquote><p><span style="color: #000000;">&#8220;</span><span style="font-family: Times;"><span style="font-size: large;">I – julgar, exclusivamente, na semana de 24 a 28 de julho de 2023, os processos referentes à Meta 2 do Conselho Nacional de Justiça, promovendo, ainda, a expedição de alvarás e a baixa processual dos demais feitos;</span></span></p>
<p class="western" align="justify"><span style="font-family: Times;"><span style="font-size: large;">II – determinar aos Diretores de Secretaria que procedam, em regime de mutirão, à análise de todos os processos não baixados, com o objetivo de arquivamento definitivo dos processos transitados em julgado;</span></span></p>
<p class="western" align="justify"><span style="font-family: Times;"><span style="font-size: large;">III – julgar os processos que integram a Meta 2 do CNJ: “Identificar e julgar, até 31/12/2023, os processos distribuídos até 31/12/2019 no 1º Grau; os processos distribuídos até 31/12/2020 no 2º Grau, Juizados Especiais e Turmas Recursais”;</span></span></p>
<p class="western" align="justify"><span style="font-family: Times;"><span style="font-size: large;">IV – preparar os processos aptos para tal diligência, remetendo-os às instâncias recursais; e</span></span></p>
<p class="western" align="justify"><span style="font-family: Times;"><span style="font-size: large;">V – expedir documento &#8220;Certidão &#8211; Trânsito em Julgado/Remessa para a Central de Custas&#8221;, encaminhando para a fila &#8220;Remetidos para a Central de Custas&#8221; ou para tarefa “Arquivo com pendência de Custas”, para os processos que se encontram em fase de arquivamento, cuja baixa se torna inviável sem a verificação de regularidade no recolhimento das custas judiciais remanescentes, nos termos do Decreto Judiciário nº 832, de 13 de setembro de 2017, disponibilizado no DJE de 14 de setembro de 2017.</span></span><span style="color: #000000;">&#8220;</span></p>
</blockquote>
<p style="text-align: center;"><strong>..:: PROCESSÔMETRO </strong>Acompanhe os resultados<span style="color: #000000;">:</span></p>
<p><a href="http://www5.tjba.jus.br/estrategia/wp-content/uploads/2018/10/ICONE-PROCESSOMETRO-roxo.png"><img loading="lazy" decoding="async" class="wp-image-3061 aligncenter" src="http://www5.tjba.jus.br/estrategia/wp-content/uploads/2017/10/processometro-destaque.jpg" alt="" width="227" height="192" srcset="https://www.tjba.jus.br/estrategia/wp-content/uploads/2017/10/processometro-destaque.jpg 353w, https://www.tjba.jus.br/estrategia/wp-content/uploads/2017/10/processometro-destaque-300x253.jpg 300w" sizes="auto, (max-width: 227px) 100vw, 227px" /></a></p>
<p style="text-align: center;">Dados atualizados em: 31/07/2023 09:37</p>
<p><img loading="lazy" decoding="async" class="size-full wp-image-7962 aligncenter" src="http://www5.tjba.jus.br/estrategia/wp-content/uploads/2023/07/baixas-5.png" alt="" width="192" height="230" /></p>
<p><img loading="lazy" decoding="async" class="size-medium wp-image-7963 aligncenter" src="http://www5.tjba.jus.br/estrategia/wp-content/uploads/2023/07/sent-5.png" alt="" width="192" height="230" /></p>
<p>&nbsp;</p>
<p style="text-align: center;"><strong>..:: DISPOSIÇÕES </strong>sobre a Semana Estadual de Sentenças e Baixas Processuais<span style="color: #000000;">:</span><a href="http://www7.tj.ba.gov.br/secao/lerPublicacao.wsp?tmp.mostrarDiv=sim&amp;tmp.id=32076&amp;tmp.secao=60"><img loading="lazy" decoding="async" class="aligncenter wp-image-3086" src="http://www5.tjba.jus.br/estrategia/wp-content/uploads/2017/09/botao-ato-conjunto.png" alt="" width="192" height="57" /></a></p>

<p>Nos termos do ATO NORMATIVO CONJUNTO Nº 18, 30 DE JUNHO DE 2023, magistrados e servidores deverão deverão: &#8220;I – julgar, exclusivamente, na semana de 24 a 28 de julho de 2023, os processos referentes à Meta 2 do Conselho Nacional de Justiça, promovendo, ainda, a expedição de alvarás e a baixa processual dos demais [&hellip;]</p>
