{"id":8157,"date":"2023-11-08T11:02:36","date_gmt":"2023-11-08T13:02:36","guid":{"rendered":"http:\/\/www5.tjba.jus.br\/estrategia\/?page_id=8157"},"modified":"2024-01-11T17:23:51","modified_gmt":"2024-01-11T19:23:51","slug":"apuracao-parcial-indicadores-do-selo-justica-em-numeros-tjba-2023","status":"publish","type":"page","link":"https:\/\/www.tjba.jus.br\/estrategia\/apuracao-parcial-indicadores-do-selo-justica-em-numeros-tjba-2023\/","title":{"rendered":"Apura\u00e7\u00e3o Parcial &#8211; Indicadores do Selo Justi\u00e7a em N\u00fameros TJBA 2023"},"content":{"rendered":"<h3><\/h3>\n<h3><\/h3>\n<h3>Apura\u00e7\u00e3o dos Indicadores do Pr\u00eamio &#8211; Base 2023 (Art. 3\u00ba, \u00a72 do Decreto Judici\u00e1rio 21\/2024)<\/h3>\n<p><a href=\"http:\/\/www5.tjba.jus.br\/estrategia\/wp-content\/uploads\/2024\/01\/Unidades-Judici\u00e1rias.xlsx\">Unidades Judici\u00e1rias<\/a><\/p>\n<p><a href=\"http:\/\/www5.tjba.jus.br\/estrategia\/wp-content\/uploads\/2024\/01\/Centrais-de-Mandados.xlsx\">Centrais de Mandados<\/a><\/p>\n<p>Dados apurados at\u00e9 21\/12\/2023 e disponibilizados em 21\/12\/2023:<\/p>\n<p><a href=\"http:\/\/www5.tjba.jus.br\/estrategia\/wp-content\/uploads\/2023\/12\/SELO-2023-INDICADORES-PARCIAIS-UNIDADES-JUDICI\u00c1RIAS.pdf\">SELO 2023 &#8211; INDICADORES PARCIAIS &#8211; UNIDADES JUDICI\u00c1RIAS<\/a> (pdf)<\/p>\n<p><a href=\"http:\/\/www5.tjba.jus.br\/estrategia\/wp-content\/uploads\/2023\/12\/SELO-2023-INDICADORES-PARCIAIS-UNIDADES-JUDICI\u00c1RIAS.xlsx\">SELO 2023 &#8211; INDICADORES PARCIAIS &#8211; UNIDADES JUDICI\u00c1RIAS<\/a> (planilha eletr\u00f4nica)<\/p>\n<p><a href=\"http:\/\/www5.tjba.jus.br\/estrategia\/wp-content\/uploads\/2023\/12\/SELO-2023-INDICADORES-PARCIAIS-CENTRAIS-DE-MANDADOS.pdf\">SELO 2023 &#8211; INDICADORES PARCIAIS &#8211; CENTRAIS DE MANDADOS<\/a> (pdf)<\/p>\n<p>Dados apurados at\u00e9 30\/11\/2023 e disponibilizados em 05\/12\/2023:<\/p>\n<p><a href=\"http:\/\/www5.tjba.jus.br\/estrategia\/wp-content\/uploads\/2023\/12\/SELOTJBA2023-INDICADORES-PARCIAIS-UNIDADES-JUDICI\u00c1RIAS.pdf\" target=\"_blank\" rel=\"noopener noreferrer\">SELO TJBA 2023 &#8211; INDICADORES PARCIAIS &#8211; UNIDADES JUDICI\u00c1RIAS (pdf)<\/a><\/p>\n<p><a href=\"http:\/\/www5.tjba.jus.br\/estrategia\/wp-content\/uploads\/2023\/12\/SELOTJBA2023-INDICADORES-PARCIAIS-UNIDADES-JUDICI\u00c1RIAS.xlsx\" target=\"_blank\" rel=\"noopener noreferrer\">SELO TJBA 2023 &#8211; INDICADORES PARCIAIS &#8211; UNIDADES JUDICI\u00c1RIAS (planilha eletr\u00f4nica)<\/a><\/p>\n<p><a href=\"http:\/\/www5.tjba.jus.br\/estrategia\/wp-content\/uploads\/2023\/12\/SELOTJBA2023-INDICADORES-PARCIAIS-CENTRAIS-DE-MANDADOS.pdf\" target=\"_blank\" rel=\"noopener noreferrer\">SELO TJBA 2023 &#8211; INDICADORES PARCIAIS &#8211; CENTRAIS DE MANDADOS (pdf)<\/a><\/p>\n<p>Dados apurados at\u00e9 01\/11\/2023 e disponibilizados em 08\/11\/2023:<\/p>\n<p><a href=\"http:\/\/www5.tjba.jus.br\/estrategia\/wp-content\/uploads\/2023\/11\/SELO-TJBA-2024-INDICADORES-PARCIAIS.pdf\">SELO TJBA 2023 &#8211; INDICADORES PARCIAIS<\/a><\/p>\n<p><a href=\"http:\/\/www5.tjba.jus.br\/estrategia\/wp-content\/uploads\/2023\/11\/SELO-TJBA-2024-CENTRAIS-DE-MANDADOS.pdf\" target=\"_blank\" rel=\"noopener noreferrer\">SELO TJBA 2023 &#8211; CENTRAIS DE MANDADOS<\/a><\/p>\n<p>Em caso de d\u00favidas, encaminhe mensagem para o endere\u00e7o seplan.dpe@tjba.jus.br.<\/p>\n<p>&nbsp;<\/p>\n","protected":false},"excerpt":{"rendered":"<p>Apura\u00e7\u00e3o dos Indicadores do Pr\u00eamio &#8211; Base 2023 (Art. 3\u00ba, \u00a72 do Decreto Judici\u00e1rio 21\/2024) Unidades Judici\u00e1rias Centrais de Mandados Dados apurados at\u00e9 21\/12\/2023 e disponibilizados em 21\/12\/2023: SELO 2023 &#8211; INDICADORES PARCIAIS &#8211; UNIDADES JUDICI\u00c1RIAS (pdf) SELO 2023 &#8211; INDICADORES PARCIAIS &#8211; UNIDADES JUDICI\u00c1RIAS (planilha eletr\u00f4nica) SELO 2023 &#8211; INDICADORES PARCIAIS &#8211; CENTRAIS DE [&hellip;]<\/p>\n","protected":false},"author":7,"featured_media":0,"parent":0,"menu_order":0,"comment_status":"closed","ping_status":"closed","template":"","meta":{"footnotes":""},"class_list":["post-8157","page","type-page","status-publish","hentry"],"acf":[],"featured_image_src":null,"_links":{"self":[{"href":"https:\/\/www.tjba.jus.br\/estrategia\/wp-json\/wp\/v2\/pages\/8157","targetHints":{"allow":["GET"]}}],"collection":[{"href":"https:\/\/www.tjba.jus.br\/estrategia\/wp-json\/wp\/v2\/pages"}],"about":[{"href":"https:\/\/www.tjba.jus.br\/estrategia\/wp-json\/wp\/v2\/types\/page"}],"author":[{"embeddable":true,"href":"https:\/\/www.tjba.jus.br\/estrategia\/wp-json\/wp\/v2\/users\/7"}],"replies":[{"embeddable":true,"href":"https:\/\/www.tjba.jus.br\/estrategia\/wp-json\/wp\/v2\/comments?post=8157"}],"version-history":[{"count":11,"href":"https:\/\/www.tjba.jus.br\/estrategia\/wp-json\/wp\/v2\/pages\/8157\/revisions"}],"predecessor-version":[{"id":8284,"href":"https:\/\/www.tjba.jus.br\/estrategia\/wp-json\/wp\/v2\/pages\/8157\/revisions\/8284"}],"wp:attachment":[{"href":"https:\/\/www.tjba.jus.br\/estrategia\/wp-json\/wp\/v2\/media?parent=8157"}],"curies":[{"name":"wp","href":"https:\/\/api.w.org\/{rel}","templated":true}]}}