{"id":8185,"date":"2023-11-17T18:02:15","date_gmt":"2023-11-17T20:02:15","guid":{"rendered":"http:\/\/www5.tjba.jus.br\/estrategia\/?page_id=8185"},"modified":"2023-11-27T09:37:56","modified_gmt":"2023-11-27T11:37:56","slug":"2a-semana-de-sentencas-e-baixas-de-2023","status":"publish","type":"page","link":"https:\/\/www.tjba.jus.br\/estrategia\/2a-semana-de-sentencas-e-baixas-de-2023\/","title":{"rendered":"2\u00aa Semana de Senten\u00e7as e Baixas de 2023"},"content":{"rendered":"<p><img loading=\"lazy\" decoding=\"async\" class=\"alignnone\" src=\"https:\/\/www.tjba.jus.br\/portal\/wp-content\/uploads\/2023\/11\/Semana-de-sentencas-e-baixas-processuais.jpeg\" alt=\"\" width=\"458\" height=\"306\" \/><\/p>\n<p>Nos termos do ATO NORMATIVO CONJUNTO N\u00ba 38, 27 DE OUTUBRO DE 2023, magistrados e servidores dever\u00e3o dever\u00e3o:<\/p>\n<blockquote><p><span style=\"color: #000000;\">&#8220;<\/span>I \u2013 julgar, preferencialmente, na semana de 20 a 24 de novembro de 2023, os processos referentes \u00e0 Meta 2 do Conselho Nacional de Justi\u00e7a, promovendo, ainda, a expedi\u00e7\u00e3o de alvar\u00e1s e a baixa processual dos demais feitos;<\/p>\n<p>II \u2013 determinar aos Diretores de Secretaria que procedam, em regime de mutir\u00e3o, \u00e0 an\u00e1lise de todos os processos n\u00e3o baixados, com o objetivo de arquivamento definitivo dos processos transitados em julgado;<\/p>\n<p>III \u2013 preparar os processos aptos para tal dilig\u00eancia, remetendo-os \u00e0s inst\u00e2ncias recursais; e<\/p>\n<p>IV \u2013 expedir documento &#8220;Certid\u00e3o &#8211; Tr\u00e2nsito em Julgado\/Remessa para a Central de Custas&#8221;, encaminhando para a fila &#8220;Remetidos para a Central de Custas&#8221; ou para tarefa \u201cArquivo com pend\u00eancia de Custas\u201d, para os processos que se encontram em fase de arquivamento, cuja baixa se torna invi\u00e1vel sem a verifica\u00e7\u00e3o de regularidade no recolhimento das custas judiciais remanescentes, nos termos do Decreto Judici\u00e1rio n\u00ba 832, de 13 de setembro de 2017, disponibilizado no DJE de 14 de setembro de 2017.<span style=\"color: #000000;\">&#8220;<\/span><\/p><\/blockquote>\n<p style=\"text-align: center;\"><strong>..:: PROCESS\u00d4METRO <\/strong>Acompanhe os resultados<span style=\"color: #000000;\">:<\/span><\/p>\n<p><a href=\"http:\/\/www5.tjba.jus.br\/estrategia\/wp-content\/uploads\/2018\/10\/ICONE-PROCESSOMETRO-roxo.png\"><img loading=\"lazy\" decoding=\"async\" class=\"wp-image-3061 aligncenter\" src=\"http:\/\/www5.tjba.jus.br\/estrategia\/wp-content\/uploads\/2017\/10\/processometro-destaque.jpg\" alt=\"\" width=\"227\" height=\"192\" srcset=\"https:\/\/www.tjba.jus.br\/estrategia\/wp-content\/uploads\/2017\/10\/processometro-destaque.jpg 353w, https:\/\/www.tjba.jus.br\/estrategia\/wp-content\/uploads\/2017\/10\/processometro-destaque-300x253.jpg 300w\" sizes=\"auto, (max-width: 227px) 100vw, 227px\" \/><\/a><\/p>\n<p style=\"text-align: center;\">Dados atualizados em: 27\/11\/2023 \u00e0s 08:36<\/p>\n<p><img loading=\"lazy\" decoding=\"async\" class=\"wp-image-8206 size-full aligncenter\" src=\"http:\/\/www5.tjba.jus.br\/estrategia\/wp-content\/uploads\/2023\/11\/baixas5.png\" alt=\"\" width=\"192\" height=\"230\" \/><\/p>\n<p><img loading=\"lazy\" decoding=\"async\" class=\"wp-image-8207 size-full aligncenter\" src=\"http:\/\/www5.tjba.jus.br\/estrategia\/wp-content\/uploads\/2023\/11\/senten\u00e7as5.png\" alt=\"\" width=\"192\" height=\"230\" \/><\/p>\n<p>&nbsp;<\/p>\n<p style=\"text-align: center;\"><strong>..:: DISPOSI\u00c7\u00d5ES\u00a0<\/strong>sobre a Semana Estadual de Senten\u00e7as e Baixas Processuais<span style=\"color: #000000;\">:<\/span><a href=\"http:\/\/www7.tj.ba.gov.br\/secao\/lerPublicacao.wsp?tmp.mostrarDiv=sim&amp;tmp.id=32747&amp;tmp.secao=60\"><img loading=\"lazy\" decoding=\"async\" class=\"aligncenter wp-image-3086\" src=\"http:\/\/www5.tjba.jus.br\/estrategia\/wp-content\/uploads\/2017\/09\/botao-ato-conjunto.png\" alt=\"\" width=\"192\" height=\"57\" \/><\/a><\/p>\n","protected":false},"excerpt":{"rendered":"<p>Nos termos do ATO NORMATIVO CONJUNTO N\u00ba 38, 27 DE OUTUBRO DE 2023, magistrados e servidores dever\u00e3o dever\u00e3o: &#8220;I \u2013 julgar, preferencialmente, na semana de 20 a 24 de novembro de 2023, os processos referentes \u00e0 Meta 2 do Conselho Nacional de Justi\u00e7a, promovendo, ainda, a expedi\u00e7\u00e3o de alvar\u00e1s e a baixa processual dos demais [&hellip;]<\/p>\n","protected":false},"author":7,"featured_media":0,"parent":0,"menu_order":0,"comment_status":"closed","ping_status":"closed","template":"","meta":{"footnotes":""},"class_list":["post-8185","page","type-page","status-publish","hentry"],"acf":[],"featured_image_src":null,"_links":{"self":[{"href":"https:\/\/www.tjba.jus.br\/estrategia\/wp-json\/wp\/v2\/pages\/8185","targetHints":{"allow":["GET"]}}],"collection":[{"href":"https:\/\/www.tjba.jus.br\/estrategia\/wp-json\/wp\/v2\/pages"}],"about":[{"href":"https:\/\/www.tjba.jus.br\/estrategia\/wp-json\/wp\/v2\/types\/page"}],"author":[{"embeddable":true,"href":"https:\/\/www.tjba.jus.br\/estrategia\/wp-json\/wp\/v2\/users\/7"}],"replies":[{"embeddable":true,"href":"https:\/\/www.tjba.jus.br\/estrategia\/wp-json\/wp\/v2\/comments?post=8185"}],"version-history":[{"count":10,"href":"https:\/\/www.tjba.jus.br\/estrategia\/wp-json\/wp\/v2\/pages\/8185\/revisions"}],"predecessor-version":[{"id":8208,"href":"https:\/\/www.tjba.jus.br\/estrategia\/wp-json\/wp\/v2\/pages\/8185\/revisions\/8208"}],"wp:attachment":[{"href":"https:\/\/www.tjba.jus.br\/estrategia\/wp-json\/wp\/v2\/media?parent=8185"}],"curies":[{"name":"wp","href":"https:\/\/api.w.org\/{rel}","templated":true}]}}

2ª Semana de Sentenças e Baixas de 2023

<p><img loading="lazy" decoding="async" class="alignnone" src="https://www.tjba.jus.br/portal/wp-content/uploads/2023/11/Semana-de-sentencas-e-baixas-processuais.jpeg" alt="" width="458" height="306" /></p>
<p>Nos termos do ATO NORMATIVO CONJUNTO Nº 38, 27 DE OUTUBRO DE 2023, magistrados e servidores deverão deverão:</p>
<blockquote><p><span style="color: #000000;">&#8220;</span>I – julgar, preferencialmente, na semana de 20 a 24 de novembro de 2023, os processos referentes à Meta 2 do Conselho Nacional de Justiça, promovendo, ainda, a expedição de alvarás e a baixa processual dos demais feitos;</p>
<p>II – determinar aos Diretores de Secretaria que procedam, em regime de mutirão, à análise de todos os processos não baixados, com o objetivo de arquivamento definitivo dos processos transitados em julgado;</p>
<p>III – preparar os processos aptos para tal diligência, remetendo-os às instâncias recursais; e</p>
<p>IV – expedir documento &#8220;Certidão &#8211; Trânsito em Julgado/Remessa para a Central de Custas&#8221;, encaminhando para a fila &#8220;Remetidos para a Central de Custas&#8221; ou para tarefa “Arquivo com pendência de Custas”, para os processos que se encontram em fase de arquivamento, cuja baixa se torna inviável sem a verificação de regularidade no recolhimento das custas judiciais remanescentes, nos termos do Decreto Judiciário nº 832, de 13 de setembro de 2017, disponibilizado no DJE de 14 de setembro de 2017.<span style="color: #000000;">&#8220;</span></p></blockquote>
<p style="text-align: center;"><strong>..:: PROCESSÔMETRO </strong>Acompanhe os resultados<span style="color: #000000;">:</span></p>
<p><a href="http://www5.tjba.jus.br/estrategia/wp-content/uploads/2018/10/ICONE-PROCESSOMETRO-roxo.png"><img loading="lazy" decoding="async" class="wp-image-3061 aligncenter" src="http://www5.tjba.jus.br/estrategia/wp-content/uploads/2017/10/processometro-destaque.jpg" alt="" width="227" height="192" srcset="https://www.tjba.jus.br/estrategia/wp-content/uploads/2017/10/processometro-destaque.jpg 353w, https://www.tjba.jus.br/estrategia/wp-content/uploads/2017/10/processometro-destaque-300x253.jpg 300w" sizes="auto, (max-width: 227px) 100vw, 227px" /></a></p>
<p style="text-align: center;">Dados atualizados em: 27/11/2023 às 08:36</p>
<p><img loading="lazy" decoding="async" class="wp-image-8206 size-full aligncenter" src="http://www5.tjba.jus.br/estrategia/wp-content/uploads/2023/11/baixas5.png" alt="" width="192" height="230" /></p>
<p><img loading="lazy" decoding="async" class="wp-image-8207 size-full aligncenter" src="http://www5.tjba.jus.br/estrategia/wp-content/uploads/2023/11/sentenças5.png" alt="" width="192" height="230" /></p>
<p>&nbsp;</p>
<p style="text-align: center;"><strong>..:: DISPOSIÇÕES </strong>sobre a Semana Estadual de Sentenças e Baixas Processuais<span style="color: #000000;">:</span><a href="http://www7.tj.ba.gov.br/secao/lerPublicacao.wsp?tmp.mostrarDiv=sim&amp;tmp.id=32747&amp;tmp.secao=60"><img loading="lazy" decoding="async" class="aligncenter wp-image-3086" src="http://www5.tjba.jus.br/estrategia/wp-content/uploads/2017/09/botao-ato-conjunto.png" alt="" width="192" height="57" /></a></p>

<p>Nos termos do ATO NORMATIVO CONJUNTO Nº 38, 27 DE OUTUBRO DE 2023, magistrados e servidores deverão deverão: &#8220;I – julgar, preferencialmente, na semana de 20 a 24 de novembro de 2023, os processos referentes à Meta 2 do Conselho Nacional de Justiça, promovendo, ainda, a expedição de alvarás e a baixa processual dos demais [&hellip;]</p>
