{"id":8675,"date":"2024-05-27T09:34:16","date_gmt":"2024-05-27T12:34:16","guid":{"rendered":"http:\/\/www5.tjba.jus.br\/estrategia\/?page_id=8675"},"modified":"2024-06-25T09:47:56","modified_gmt":"2024-06-25T12:47:56","slug":"1a-semana-de-sentencas-e-baixas-de-2024","status":"publish","type":"page","link":"https:\/\/www.tjba.jus.br\/estrategia\/1a-semana-de-sentencas-e-baixas-de-2024\/","title":{"rendered":"1\u00aa Semana de Senten\u00e7as e Baixas de 2024"},"content":{"rendered":"<p><img loading=\"lazy\" decoding=\"async\" class=\"alignnone wp-image-8707 size-large\" src=\"http:\/\/www5.tjba.jus.br\/estrategia\/wp-content\/uploads\/2024\/06\/logossb-1024x576.jpeg\" alt=\"\" width=\"955\" height=\"537\" srcset=\"https:\/\/www.tjba.jus.br\/estrategia\/wp-content\/uploads\/2024\/06\/logossb-1024x576.jpeg 1024w, https:\/\/www.tjba.jus.br\/estrategia\/wp-content\/uploads\/2024\/06\/logossb-300x169.jpeg 300w, https:\/\/www.tjba.jus.br\/estrategia\/wp-content\/uploads\/2024\/06\/logossb-768x432.jpeg 768w, https:\/\/www.tjba.jus.br\/estrategia\/wp-content\/uploads\/2024\/06\/logossb.jpeg 1600w\" sizes=\"auto, (max-width: 955px) 100vw, 955px\" \/><\/p>\n<p>Nos termos do ATO NORMATIVO CONJUNTO N\u00ba 007, 29 DE ABRIL DE 2024, magistrados e servidores dever\u00e3o :<\/p>\n<blockquote><p><span style=\"color: #000000;\">&#8220;I \u2013 julgar, preferencialmente, nas semanas, os processos referentes \u00e0 Meta 2 do Conselho Nacional de Justi\u00e7a, em especial os distribu\u00eddos at\u00e9 31 de dezembro de 2013, promovendo, ainda, a expedi\u00e7\u00e3o de alvar\u00e1s e a baixa processual dos demais<br \/>\nfeitos;<\/span><\/p>\n<p><span style=\"color: #000000;\">II \u2013 determinar aos(\u00e0s) Diretores(as) de Secretaria que procedam, em regime de mutir\u00e3o, \u00e0 an\u00e1lise de todos os processos n\u00e3o baixados, com o objetivo de arquivamento definitivo dos processos transitados em julgado;<\/span><\/p>\n<p><span style=\"color: #000000;\">III \u2013 preparar os processos aptos para tal dilig\u00eancia, remetendo-os \u00e0s inst\u00e2ncias recursais; e<\/span><\/p>\n<p><span style=\"color: #000000;\">IV \u2013 expedir documento \u201cCertid\u00e3o &#8211; Tr\u00e2nsito em Julgado\/Remessa para a Central de Custas\u201d, encaminhando \u00e0 fila \u201cRemetidos para a Central de Custas\u201d ou \u00e0 tarefa \u201cArquivo com pend\u00eancia de Custas\u201d, para os processos que se encontram em fase de arquivamento, cuja baixa se torna invi\u00e1vel sem a verifica\u00e7\u00e3o de regularidade no recolhimento das custas judiciais<br \/>\nremanescentes, nos termos do Decreto Judici\u00e1rio n\u00ba 832, de 13 de setembro de 2017, disponibilizado no DJE de 14 de setembro de 2017.<\/span><span style=\"color: #000000;\">&#8220;<\/span><\/p><\/blockquote>\n<p>&nbsp;<\/p>\n<p style=\"text-align: center;\"><strong>..:: PROCESS\u00d4METRO <\/strong>Acompanhe os resultados<span style=\"color: #000000;\">:<\/span><\/p>\n<p><a href=\"http:\/\/www5.tjba.jus.br\/estrategia\/wp-content\/uploads\/2018\/10\/ICONE-PROCESSOMETRO-roxo.png\"><img loading=\"lazy\" decoding=\"async\" class=\"wp-image-3061 aligncenter\" src=\"http:\/\/www5.tjba.jus.br\/estrategia\/wp-content\/uploads\/2017\/10\/processometro-destaque.jpg\" alt=\"\" width=\"227\" height=\"192\" srcset=\"https:\/\/www.tjba.jus.br\/estrategia\/wp-content\/uploads\/2017\/10\/processometro-destaque.jpg 353w, https:\/\/www.tjba.jus.br\/estrategia\/wp-content\/uploads\/2017\/10\/processometro-destaque-300x253.jpg 300w\" sizes=\"auto, (max-width: 227px) 100vw, 227px\" \/><\/a><\/p>\n<p style=\"text-align: center;\">Dados atualizados em: 25\/06\/2024 \u00e0s 09:45<\/p>\n<p><img loading=\"lazy\" decoding=\"async\" class=\"size-full wp-image-8732 aligncenter\" src=\"http:\/\/www5.tjba.jus.br\/estrategia\/wp-content\/uploads\/2024\/06\/b5.png\" alt=\"\" width=\"192\" height=\"230\" \/> <img loading=\"lazy\" decoding=\"async\" class=\"size-medium wp-image-8733 aligncenter\" src=\"http:\/\/www5.tjba.jus.br\/estrategia\/wp-content\/uploads\/2024\/06\/s5.png\" alt=\"\" width=\"192\" height=\"230\" \/><\/p>\n<p>&nbsp;<\/p>\n<p style=\"text-align: center;\"><strong>..:: DISPOSI\u00c7\u00d5ES\u00a0<\/strong>sobre a Semana Estadual de Senten\u00e7as e Baixas Processuais<span style=\"color: #000000;\">:<\/span><a href=\"https:\/\/www.tjba.jus.br\/portal\/wp-content\/uploads\/2024\/05\/ATO-NORMATIVO-CONJUNTO-No-007-SEMANA-DE-SENTENCAS-E-BAIXAS.pdf\"><img loading=\"lazy\" decoding=\"async\" class=\"aligncenter wp-image-3086\" src=\"http:\/\/www5.tjba.jus.br\/estrategia\/wp-content\/uploads\/2017\/09\/botao-ato-conjunto.png\" alt=\"\" width=\"192\" height=\"57\" \/><\/a><\/p>\n","protected":false},"excerpt":{"rendered":"<p>Nos termos do ATO NORMATIVO CONJUNTO N\u00ba 007, 29 DE ABRIL DE 2024, magistrados e servidores dever\u00e3o : &#8220;I \u2013 julgar, preferencialmente, nas semanas, os processos referentes \u00e0 Meta 2 do Conselho Nacional de Justi\u00e7a, em especial os distribu\u00eddos at\u00e9 31 de dezembro de 2013, promovendo, ainda, a expedi\u00e7\u00e3o de alvar\u00e1s e a baixa processual [&hellip;]<\/p>\n","protected":false},"author":7,"featured_media":0,"parent":0,"menu_order":0,"comment_status":"closed","ping_status":"closed","template":"","meta":{"footnotes":""},"class_list":["post-8675","page","type-page","status-publish","hentry"],"acf":[],"featured_image_src":null,"_links":{"self":[{"href":"https:\/\/www.tjba.jus.br\/estrategia\/wp-json\/wp\/v2\/pages\/8675","targetHints":{"allow":["GET"]}}],"collection":[{"href":"https:\/\/www.tjba.jus.br\/estrategia\/wp-json\/wp\/v2\/pages"}],"about":[{"href":"https:\/\/www.tjba.jus.br\/estrategia\/wp-json\/wp\/v2\/types\/page"}],"author":[{"embeddable":true,"href":"https:\/\/www.tjba.jus.br\/estrategia\/wp-json\/wp\/v2\/users\/7"}],"replies":[{"embeddable":true,"href":"https:\/\/www.tjba.jus.br\/estrategia\/wp-json\/wp\/v2\/comments?post=8675"}],"version-history":[{"count":15,"href":"https:\/\/www.tjba.jus.br\/estrategia\/wp-json\/wp\/v2\/pages\/8675\/revisions"}],"predecessor-version":[{"id":8734,"href":"https:\/\/www.tjba.jus.br\/estrategia\/wp-json\/wp\/v2\/pages\/8675\/revisions\/8734"}],"wp:attachment":[{"href":"https:\/\/www.tjba.jus.br\/estrategia\/wp-json\/wp\/v2\/media?parent=8675"}],"curies":[{"name":"wp","href":"https:\/\/api.w.org\/{rel}","templated":true}]}}

1ª Semana de Sentenças e Baixas de 2024

<p><img loading="lazy" decoding="async" class="alignnone wp-image-8707 size-large" src="http://www5.tjba.jus.br/estrategia/wp-content/uploads/2024/06/logossb-1024x576.jpeg" alt="" width="955" height="537" srcset="https://www.tjba.jus.br/estrategia/wp-content/uploads/2024/06/logossb-1024x576.jpeg 1024w, https://www.tjba.jus.br/estrategia/wp-content/uploads/2024/06/logossb-300x169.jpeg 300w, https://www.tjba.jus.br/estrategia/wp-content/uploads/2024/06/logossb-768x432.jpeg 768w, https://www.tjba.jus.br/estrategia/wp-content/uploads/2024/06/logossb.jpeg 1600w" sizes="auto, (max-width: 955px) 100vw, 955px" /></p>
<p>Nos termos do ATO NORMATIVO CONJUNTO Nº 007, 29 DE ABRIL DE 2024, magistrados e servidores deverão :</p>
<blockquote><p><span style="color: #000000;">&#8220;I – julgar, preferencialmente, nas semanas, os processos referentes à Meta 2 do Conselho Nacional de Justiça, em especial os distribuídos até 31 de dezembro de 2013, promovendo, ainda, a expedição de alvarás e a baixa processual dos demais<br />
feitos;</span></p>
<p><span style="color: #000000;">II – determinar aos(às) Diretores(as) de Secretaria que procedam, em regime de mutirão, à análise de todos os processos não baixados, com o objetivo de arquivamento definitivo dos processos transitados em julgado;</span></p>
<p><span style="color: #000000;">III – preparar os processos aptos para tal diligência, remetendo-os às instâncias recursais; e</span></p>
<p><span style="color: #000000;">IV – expedir documento “Certidão &#8211; Trânsito em Julgado/Remessa para a Central de Custas”, encaminhando à fila “Remetidos para a Central de Custas” ou à tarefa “Arquivo com pendência de Custas”, para os processos que se encontram em fase de arquivamento, cuja baixa se torna inviável sem a verificação de regularidade no recolhimento das custas judiciais<br />
remanescentes, nos termos do Decreto Judiciário nº 832, de 13 de setembro de 2017, disponibilizado no DJE de 14 de setembro de 2017.</span><span style="color: #000000;">&#8220;</span></p></blockquote>
<p>&nbsp;</p>
<p style="text-align: center;"><strong>..:: PROCESSÔMETRO </strong>Acompanhe os resultados<span style="color: #000000;">:</span></p>
<p><a href="http://www5.tjba.jus.br/estrategia/wp-content/uploads/2018/10/ICONE-PROCESSOMETRO-roxo.png"><img loading="lazy" decoding="async" class="wp-image-3061 aligncenter" src="http://www5.tjba.jus.br/estrategia/wp-content/uploads/2017/10/processometro-destaque.jpg" alt="" width="227" height="192" srcset="https://www.tjba.jus.br/estrategia/wp-content/uploads/2017/10/processometro-destaque.jpg 353w, https://www.tjba.jus.br/estrategia/wp-content/uploads/2017/10/processometro-destaque-300x253.jpg 300w" sizes="auto, (max-width: 227px) 100vw, 227px" /></a></p>
<p style="text-align: center;">Dados atualizados em: 25/06/2024 às 09:45</p>
<p><img loading="lazy" decoding="async" class="size-full wp-image-8732 aligncenter" src="http://www5.tjba.jus.br/estrategia/wp-content/uploads/2024/06/b5.png" alt="" width="192" height="230" /> <img loading="lazy" decoding="async" class="size-medium wp-image-8733 aligncenter" src="http://www5.tjba.jus.br/estrategia/wp-content/uploads/2024/06/s5.png" alt="" width="192" height="230" /></p>
<p>&nbsp;</p>
<p style="text-align: center;"><strong>..:: DISPOSIÇÕES </strong>sobre a Semana Estadual de Sentenças e Baixas Processuais<span style="color: #000000;">:</span><a href="https://www.tjba.jus.br/portal/wp-content/uploads/2024/05/ATO-NORMATIVO-CONJUNTO-No-007-SEMANA-DE-SENTENCAS-E-BAIXAS.pdf"><img loading="lazy" decoding="async" class="aligncenter wp-image-3086" src="http://www5.tjba.jus.br/estrategia/wp-content/uploads/2017/09/botao-ato-conjunto.png" alt="" width="192" height="57" /></a></p>

<p>Nos termos do ATO NORMATIVO CONJUNTO Nº 007, 29 DE ABRIL DE 2024, magistrados e servidores deverão : &#8220;I – julgar, preferencialmente, nas semanas, os processos referentes à Meta 2 do Conselho Nacional de Justiça, em especial os distribuídos até 31 de dezembro de 2013, promovendo, ainda, a expedição de alvarás e a baixa processual [&hellip;]</p>
