{"id":9109,"date":"2025-03-07T09:20:26","date_gmt":"2025-03-07T12:20:26","guid":{"rendered":"http:\/\/www5.tjba.jus.br\/estrategia\/?page_id=9109"},"modified":"2025-06-16T08:43:05","modified_gmt":"2025-06-16T11:43:05","slug":"1a-semana-de-sentencas-e-baixas-de-2025","status":"publish","type":"page","link":"https:\/\/www.tjba.jus.br\/estrategia\/1a-semana-de-sentencas-e-baixas-de-2025\/","title":{"rendered":"1\u00aa Semana de Senten\u00e7as e Baixas de 2025"},"content":{"rendered":"<p><img loading=\"lazy\" decoding=\"async\" class=\"alignnone wp-image-9276 size-large\" src=\"http:\/\/www5.tjba.jus.br\/estrategia\/wp-content\/uploads\/2025\/06\/capa-materia-semana-de-sentencas-e-baixas-2025-1024x576.png\" alt=\"\" width=\"955\" height=\"537\" srcset=\"https:\/\/www.tjba.jus.br\/estrategia\/wp-content\/uploads\/2025\/06\/capa-materia-semana-de-sentencas-e-baixas-2025-1024x576.png 1024w, https:\/\/www.tjba.jus.br\/estrategia\/wp-content\/uploads\/2025\/06\/capa-materia-semana-de-sentencas-e-baixas-2025-300x169.png 300w, https:\/\/www.tjba.jus.br\/estrategia\/wp-content\/uploads\/2025\/06\/capa-materia-semana-de-sentencas-e-baixas-2025-768x432.png 768w, https:\/\/www.tjba.jus.br\/estrategia\/wp-content\/uploads\/2025\/06\/capa-materia-semana-de-sentencas-e-baixas-2025.png 1920w\" sizes=\"auto, (max-width: 955px) 100vw, 955px\" \/><\/p>\n<p>Nos termos do ATO NORMATIVO CONJUNTO N\u00ba 10, 06 de mar\u00e7o de 2025, magistrados e servidores dever\u00e3o :<\/p>\n<blockquote><p><span style=\"color: #000000;\">&#8220;<\/span>I \u2013 julgar, preferencialmente, nas semanas, os processos referentes \u00e0 Meta 2 do Conselho Nacional de Justi\u00e7a, distribu\u00eddos at\u00e9 31 de dezembro de 2015, bem como os feitos relativos \u00e0 Meta 4, a\u00e7\u00f5es<\/p>\n<p>de improbidade administrativa, distribu\u00eddas at\u00e9 26 de outubro de 2021, promovendo, ainda, a expedi\u00e7\u00e3o de alvar\u00e1s e a baixa processual dos demais feitos;<\/p>\n<p>II \u2013 determinar aos Diretores de Secretaria que procedam, em regime de mutir\u00e3o, \u00e0 an\u00e1lise de todos os processos n\u00e3o baixados e pertencentes \u00e0s Metas 2 e 4, com o objetivo de julgamento e arquivamento definitivo dos processos transitados em julgado;<\/p>\n<p>III \u2013 preparar os processos aptos para tal dilig\u00eancia, remetendo-os \u00e0s inst\u00e2ncias recursais.<span style=\"color: #000000;\">&#8220;<\/span><\/p>\n<p>&nbsp;<\/p><\/blockquote>\n<p style=\"text-align: center;\"><strong style=\"text-align: center;\">..:: Meta 2 <\/strong><span style=\"text-align: center;\">Processos pendentes de julgamento (atualizado em 03\/06\/2025)<\/span><span style=\"color: #000000;\">:<\/span><\/p>\n<p style=\"text-align: center;\"><a href=\"http:\/\/www5.tjba.jus.br\/estrategia\/wp-content\/uploads\/2025\/06\/mej2.xlsx\">Juizados e Turmas Recursais<\/a> <a href=\"http:\/\/www5.tjba.jus.br\/estrategia\/wp-content\/uploads\/2025\/06\/m22g.xlsx\">2\u00ba Grau<\/a> <a href=\"http:\/\/www5.tjba.jus.br\/estrategia\/wp-content\/uploads\/2025\/06\/m21g.xlsx\">1\u00ba Grau<\/a> <a href=\"http:\/\/www5.tjba.jus.br\/estrategia\/wp-content\/uploads\/2025\/06\/m2ant.xlsx\">Processos + 15 anos<\/a><\/p>\n<p style=\"text-align: center;\"><strong>\u00a0 \u00a0 \u00a0 \u00a0 \u00a0 ..:: Meta 4 <\/strong>Processos pendentes de julgamento (atualizado em 03\/06\/2025)<span style=\"color: #000000;\">:<\/span><\/p>\n<p style=\"text-align: center;\"><a href=\"http:\/\/www5.tjba.jus.br\/estrategia\/wp-content\/uploads\/2025\/06\/m4imp.xlsx\">Improbidade Administrativa<\/a><\/p>\n<p style=\"text-align: center;\"><strong>..:: PROCESS\u00d4METRO <\/strong>Acompanhe os resultados<span style=\"color: #000000;\">:<\/span><\/p>\n<p><a href=\"http:\/\/www5.tjba.jus.br\/estrategia\/wp-content\/uploads\/2018\/10\/ICONE-PROCESSOMETRO-roxo.png\"><img loading=\"lazy\" decoding=\"async\" class=\"wp-image-3061 aligncenter\" src=\"http:\/\/www5.tjba.jus.br\/estrategia\/wp-content\/uploads\/2017\/10\/processometro-destaque.jpg\" alt=\"\" width=\"227\" height=\"192\" srcset=\"https:\/\/www.tjba.jus.br\/estrategia\/wp-content\/uploads\/2017\/10\/processometro-destaque.jpg 353w, https:\/\/www.tjba.jus.br\/estrategia\/wp-content\/uploads\/2017\/10\/processometro-destaque-300x253.jpg 300w\" sizes=\"auto, (max-width: 227px) 100vw, 227px\" \/><\/a><\/p>\n<p style=\"text-align: center;\">Dados atualizados em: 16\/06\/2025 08:50<\/p>\n<p><img loading=\"lazy\" decoding=\"async\" class=\"wp-image-9342 size-full aligncenter\" src=\"http:\/\/www5.tjba.jus.br\/estrategia\/wp-content\/uploads\/2025\/06\/b5.png\" alt=\"\" width=\"192\" height=\"230\" \/> <img loading=\"lazy\" decoding=\"async\" class=\"wp-image-9343 size-full aligncenter\" src=\"http:\/\/www5.tjba.jus.br\/estrategia\/wp-content\/uploads\/2025\/06\/s5.png\" alt=\"\" width=\"192\" height=\"230\" \/><\/p>\n<p>&nbsp;<\/p>\n<p>&nbsp;<\/p>\n<p style=\"text-align: center;\"><strong>..:: DISPOSI\u00c7\u00d5ES\u00a0<\/strong>sobre a Semana Estadual de Senten\u00e7as e Baixas Processuais<span style=\"color: #000000;\">:<\/span><\/p>\n<p style=\"text-align: center;\"><a href=\"http:\/\/www5.tjba.jus.br\/estrategia\/wp-content\/uploads\/2025\/03\/DJE-ADM-3764.pmd_.pdf\"><img loading=\"lazy\" decoding=\"async\" class=\"aligncenter wp-image-3086\" src=\"http:\/\/www5.tjba.jus.br\/estrategia\/wp-content\/uploads\/2017\/09\/botao-ato-conjunto.png\" alt=\"\" width=\"192\" height=\"57\" \/><\/a><\/p>\n","protected":false},"excerpt":{"rendered":"<p>Nos termos do ATO NORMATIVO CONJUNTO N\u00ba 10, 06 de mar\u00e7o de 2025, magistrados e servidores dever\u00e3o : &#8220;I \u2013 julgar, preferencialmente, nas semanas, os processos referentes \u00e0 Meta 2 do Conselho Nacional de Justi\u00e7a, distribu\u00eddos at\u00e9 31 de dezembro de 2015, bem como os feitos relativos \u00e0 Meta 4, a\u00e7\u00f5es de improbidade administrativa, distribu\u00eddas [&hellip;]<\/p>\n","protected":false},"author":7,"featured_media":0,"parent":0,"menu_order":0,"comment_status":"closed","ping_status":"closed","template":"","meta":{"footnotes":""},"class_list":["post-9109","page","type-page","status-publish","hentry"],"acf":[],"featured_image_src":null,"_links":{"self":[{"href":"https:\/\/www.tjba.jus.br\/estrategia\/wp-json\/wp\/v2\/pages\/9109","targetHints":{"allow":["GET"]}}],"collection":[{"href":"https:\/\/www.tjba.jus.br\/estrategia\/wp-json\/wp\/v2\/pages"}],"about":[{"href":"https:\/\/www.tjba.jus.br\/estrategia\/wp-json\/wp\/v2\/types\/page"}],"author":[{"embeddable":true,"href":"https:\/\/www.tjba.jus.br\/estrategia\/wp-json\/wp\/v2\/users\/7"}],"replies":[{"embeddable":true,"href":"https:\/\/www.tjba.jus.br\/estrategia\/wp-json\/wp\/v2\/comments?post=9109"}],"version-history":[{"count":13,"href":"https:\/\/www.tjba.jus.br\/estrategia\/wp-json\/wp\/v2\/pages\/9109\/revisions"}],"predecessor-version":[{"id":9344,"href":"https:\/\/www.tjba.jus.br\/estrategia\/wp-json\/wp\/v2\/pages\/9109\/revisions\/9344"}],"wp:attachment":[{"href":"https:\/\/www.tjba.jus.br\/estrategia\/wp-json\/wp\/v2\/media?parent=9109"}],"curies":[{"name":"wp","href":"https:\/\/api.w.org\/{rel}","templated":true}]}}

1ª Semana de Sentenças e Baixas de 2025

<p><img loading="lazy" decoding="async" class="alignnone wp-image-9276 size-large" src="http://www5.tjba.jus.br/estrategia/wp-content/uploads/2025/06/capa-materia-semana-de-sentencas-e-baixas-2025-1024x576.png" alt="" width="955" height="537" srcset="https://www.tjba.jus.br/estrategia/wp-content/uploads/2025/06/capa-materia-semana-de-sentencas-e-baixas-2025-1024x576.png 1024w, https://www.tjba.jus.br/estrategia/wp-content/uploads/2025/06/capa-materia-semana-de-sentencas-e-baixas-2025-300x169.png 300w, https://www.tjba.jus.br/estrategia/wp-content/uploads/2025/06/capa-materia-semana-de-sentencas-e-baixas-2025-768x432.png 768w, https://www.tjba.jus.br/estrategia/wp-content/uploads/2025/06/capa-materia-semana-de-sentencas-e-baixas-2025.png 1920w" sizes="auto, (max-width: 955px) 100vw, 955px" /></p>
<p>Nos termos do ATO NORMATIVO CONJUNTO Nº 10, 06 de março de 2025, magistrados e servidores deverão :</p>
<blockquote><p><span style="color: #000000;">&#8220;</span>I – julgar, preferencialmente, nas semanas, os processos referentes à Meta 2 do Conselho Nacional de Justiça, distribuídos até 31 de dezembro de 2015, bem como os feitos relativos à Meta 4, ações</p>
<p>de improbidade administrativa, distribuídas até 26 de outubro de 2021, promovendo, ainda, a expedição de alvarás e a baixa processual dos demais feitos;</p>
<p>II – determinar aos Diretores de Secretaria que procedam, em regime de mutirão, à análise de todos os processos não baixados e pertencentes às Metas 2 e 4, com o objetivo de julgamento e arquivamento definitivo dos processos transitados em julgado;</p>
<p>III – preparar os processos aptos para tal diligência, remetendo-os às instâncias recursais.<span style="color: #000000;">&#8220;</span></p>
<p>&nbsp;</p></blockquote>
<p style="text-align: center;"><strong style="text-align: center;">..:: Meta 2 </strong><span style="text-align: center;">Processos pendentes de julgamento (atualizado em 03/06/2025)</span><span style="color: #000000;">:</span></p>
<p style="text-align: center;"><a href="http://www5.tjba.jus.br/estrategia/wp-content/uploads/2025/06/mej2.xlsx">Juizados e Turmas Recursais</a> <a href="http://www5.tjba.jus.br/estrategia/wp-content/uploads/2025/06/m22g.xlsx">2º Grau</a> <a href="http://www5.tjba.jus.br/estrategia/wp-content/uploads/2025/06/m21g.xlsx">1º Grau</a> <a href="http://www5.tjba.jus.br/estrategia/wp-content/uploads/2025/06/m2ant.xlsx">Processos + 15 anos</a></p>
<p style="text-align: center;"><strong>          ..:: Meta 4 </strong>Processos pendentes de julgamento (atualizado em 03/06/2025)<span style="color: #000000;">:</span></p>
<p style="text-align: center;"><a href="http://www5.tjba.jus.br/estrategia/wp-content/uploads/2025/06/m4imp.xlsx">Improbidade Administrativa</a></p>
<p style="text-align: center;"><strong>..:: PROCESSÔMETRO </strong>Acompanhe os resultados<span style="color: #000000;">:</span></p>
<p><a href="http://www5.tjba.jus.br/estrategia/wp-content/uploads/2018/10/ICONE-PROCESSOMETRO-roxo.png"><img loading="lazy" decoding="async" class="wp-image-3061 aligncenter" src="http://www5.tjba.jus.br/estrategia/wp-content/uploads/2017/10/processometro-destaque.jpg" alt="" width="227" height="192" srcset="https://www.tjba.jus.br/estrategia/wp-content/uploads/2017/10/processometro-destaque.jpg 353w, https://www.tjba.jus.br/estrategia/wp-content/uploads/2017/10/processometro-destaque-300x253.jpg 300w" sizes="auto, (max-width: 227px) 100vw, 227px" /></a></p>
<p style="text-align: center;">Dados atualizados em: 16/06/2025 08:50</p>
<p><img loading="lazy" decoding="async" class="wp-image-9342 size-full aligncenter" src="http://www5.tjba.jus.br/estrategia/wp-content/uploads/2025/06/b5.png" alt="" width="192" height="230" /> <img loading="lazy" decoding="async" class="wp-image-9343 size-full aligncenter" src="http://www5.tjba.jus.br/estrategia/wp-content/uploads/2025/06/s5.png" alt="" width="192" height="230" /></p>
<p>&nbsp;</p>
<p>&nbsp;</p>
<p style="text-align: center;"><strong>..:: DISPOSIÇÕES </strong>sobre a Semana Estadual de Sentenças e Baixas Processuais<span style="color: #000000;">:</span></p>
<p style="text-align: center;"><a href="http://www5.tjba.jus.br/estrategia/wp-content/uploads/2025/03/DJE-ADM-3764.pmd_.pdf"><img loading="lazy" decoding="async" class="aligncenter wp-image-3086" src="http://www5.tjba.jus.br/estrategia/wp-content/uploads/2017/09/botao-ato-conjunto.png" alt="" width="192" height="57" /></a></p>

<p>Nos termos do ATO NORMATIVO CONJUNTO Nº 10, 06 de março de 2025, magistrados e servidores deverão : &#8220;I – julgar, preferencialmente, nas semanas, os processos referentes à Meta 2 do Conselho Nacional de Justiça, distribuídos até 31 de dezembro de 2015, bem como os feitos relativos à Meta 4, ações de improbidade administrativa, distribuídas [&hellip;]</p>
