{"id":9207,"date":"2025-04-24T13:36:18","date_gmt":"2025-04-24T16:36:18","guid":{"rendered":"http:\/\/www5.tjba.jus.br\/estrategia\/?page_id=9207"},"modified":"2025-04-29T17:30:06","modified_gmt":"2025-04-29T20:30:06","slug":"mes-de-saneamento-processual","status":"publish","type":"page","link":"https:\/\/www.tjba.jus.br\/estrategia\/mes-de-saneamento-processual\/","title":{"rendered":"M\u00eas de Saneamento Processual"},"content":{"rendered":"<p><img loading=\"lazy\" decoding=\"async\" class=\"alignnone wp-image-9208 size-large\" src=\"http:\/\/www5.tjba.jus.br\/estrategia\/wp-content\/uploads\/2025\/04\/Procedimentos-650x1024.jpeg\" alt=\"\" width=\"650\" height=\"1024\" srcset=\"https:\/\/www.tjba.jus.br\/estrategia\/wp-content\/uploads\/2025\/04\/Procedimentos-650x1024.jpeg 650w, https:\/\/www.tjba.jus.br\/estrategia\/wp-content\/uploads\/2025\/04\/Procedimentos-191x300.jpeg 191w, https:\/\/www.tjba.jus.br\/estrategia\/wp-content\/uploads\/2025\/04\/Procedimentos-768x1209.jpeg 768w, https:\/\/www.tjba.jus.br\/estrategia\/wp-content\/uploads\/2025\/04\/Procedimentos.jpeg 1016w\" sizes=\"auto, (max-width: 650px) 100vw, 650px\" \/><\/p>\n<p>Acesse <a href=\"http:\/\/www5.tjba.jus.br\/estrategia\/wp-content\/uploads\/2025\/04\/Manual.pdf\">aqui<\/a> o <strong>tutorial<\/strong>.<\/p>\n<p>Tutorial de v\u00eddeo:<\/p>\n<div style=\"width: 1920px;\" class=\"wp-video\"><video class=\"wp-video-shortcode\" id=\"video-9207-1\" width=\"1920\" height=\"1080\" preload=\"metadata\" controls=\"controls\"><source type=\"video\/mp4\" src=\"http:\/\/www5.tjba.jus.br\/estrategia\/wp-content\/uploads\/2025\/04\/V\u00eddeo-Tutorial-Saneamento.mp4?_=1\" \/><a href=\"http:\/\/www5.tjba.jus.br\/estrategia\/wp-content\/uploads\/2025\/04\/V\u00eddeo-Tutorial-Saneamento.mp4\">http:\/\/www5.tjba.jus.br\/estrategia\/wp-content\/uploads\/2025\/04\/V\u00eddeo-Tutorial-Saneamento.mp4<\/a><\/video><\/div>\n<p>&nbsp;<\/p>\n<p>Acesse <a href=\"http:\/\/tjbacotec.sharepoint.com\/sites\/ProcessosporMovimentacao\">aqui<\/a> a <strong>ferramenta<\/strong> para consulta dos processos a serem analisados e indica\u00e7\u00e3o dos movimentos de julgamento.<\/p>\n<blockquote><p>O <strong><a href=\"https:\/\/www7.tjba.jus.br\/secao\/lerPublicacao.wsp?tmp.mostrarDiv=sim&amp;tmp.id=39443&amp;tmp.secao=9\" target=\"_blank\" rel=\"noopener noreferrer\">Decreto Judici\u00e1rio N\u00ba 286, de 11 de abril de 2025<\/a><\/strong>, instituiu o &#8220;<strong>M\u00eas de Saneamento Processual<\/strong>&#8220;, de 28\/04\/2025 a 28\/05\/2025.<\/p>\n<p>Neste per\u00edodo, os magistrados dever\u00e3o acessar o formul\u00e1rio eletr\u00f4nico para corre\u00e7\u00e3o de movimentos de julgamento com usu\u00e1rio de rede\/email (<strong>apenas usu\u00e1rios de magistrados ter\u00e3o acesso<\/strong>).<\/p>\n<p>A ferramenta disponibilizar\u00e1 <strong>duas listas<\/strong>: a primeira relaciona os processos migrados para o PJe <strong>que possuem um documento &#8220;do tipo senten\u00e7a&#8221; sem movimento associado<\/strong>. A segunda relaciona os processos pendentes de julgamento que <strong>est\u00e3o na Meta 2 e foram migrados para o PJe<\/strong>, podendo ter um documento espec\u00edfico &#8220;do tipo senten\u00e7a&#8221; ou n\u00e3o.<\/p>\n<p>Ap\u00f3s an\u00e1lise do processo, <strong>dever\u00e1 ser lan\u00e7ado na tela &#8220;registrar movimento&#8221; qual o c\u00f3digo de movimento adequado<\/strong> (a exemplo de Proced\u00eancia, Abandono da causa\u00a0 -extin\u00e7\u00e3o -, Pron\u00fancia, etc), a data da senten\u00e7a e o magistrado prolator.<\/p>\n<p>N\u00e3o \u00e9 necess\u00e1rio se preocupar com a indexa\u00e7\u00e3o (organiza\u00e7\u00e3o das pe\u00e7as e movimentos) dos processos migrados que foram digitalizados, uma vez que para surtir efeito estat\u00edstico <strong>basta a indica\u00e7\u00e3o do movimento de julgamento<\/strong>.<\/p>\n<p>Findo o per\u00edodo para an\u00e1lise e preenchimento do formul\u00e1rio, a Secretaria de Tecnologia da Informa\u00e7\u00e3o e Moderniza\u00e7\u00e3o (SETIM) providenciar\u00e1 o lan\u00e7amento retroativo dos movimentos de julgamento indicados no PJe.<\/p>\n<p>Esta a\u00e7\u00e3o contribu\u00edra para o atingimento da <strong>Meta 2<\/strong> de cada unidade e, por consequ\u00eancia, do TJBA.<\/p><\/blockquote>\n<p>&nbsp;<\/p>\n","protected":false},"excerpt":{"rendered":"<p>Acesse aqui o tutorial. Tutorial de v\u00eddeo: &nbsp; Acesse aqui a ferramenta para consulta dos processos a serem analisados e indica\u00e7\u00e3o dos movimentos de julgamento. O Decreto Judici\u00e1rio N\u00ba 286, de 11 de abril de 2025, instituiu o &#8220;M\u00eas de Saneamento Processual&#8220;, de 28\/04\/2025 a 28\/05\/2025. Neste per\u00edodo, os magistrados dever\u00e3o acessar o formul\u00e1rio eletr\u00f4nico [&hellip;]<\/p>\n","protected":false},"author":7,"featured_media":0,"parent":0,"menu_order":0,"comment_status":"closed","ping_status":"closed","template":"","meta":{"footnotes":""},"class_list":["post-9207","page","type-page","status-publish","hentry"],"acf":[],"featured_image_src":null,"_links":{"self":[{"href":"https:\/\/www.tjba.jus.br\/estrategia\/wp-json\/wp\/v2\/pages\/9207","targetHints":{"allow":["GET"]}}],"collection":[{"href":"https:\/\/www.tjba.jus.br\/estrategia\/wp-json\/wp\/v2\/pages"}],"about":[{"href":"https:\/\/www.tjba.jus.br\/estrategia\/wp-json\/wp\/v2\/types\/page"}],"author":[{"embeddable":true,"href":"https:\/\/www.tjba.jus.br\/estrategia\/wp-json\/wp\/v2\/users\/7"}],"replies":[{"embeddable":true,"href":"https:\/\/www.tjba.jus.br\/estrategia\/wp-json\/wp\/v2\/comments?post=9207"}],"version-history":[{"count":12,"href":"https:\/\/www.tjba.jus.br\/estrategia\/wp-json\/wp\/v2\/pages\/9207\/revisions"}],"predecessor-version":[{"id":9238,"href":"https:\/\/www.tjba.jus.br\/estrategia\/wp-json\/wp\/v2\/pages\/9207\/revisions\/9238"}],"wp:attachment":[{"href":"https:\/\/www.tjba.jus.br\/estrategia\/wp-json\/wp\/v2\/media?parent=9207"}],"curies":[{"name":"wp","href":"https:\/\/api.w.org\/{rel}","templated":true}]}}