{"id":9787,"date":"2026-03-05T15:11:33","date_gmt":"2026-03-05T18:11:33","guid":{"rendered":"https:\/\/homologacaointerna.tjba.jus.br\/estrategia\/?page_id=9787"},"modified":"2026-03-05T15:11:33","modified_gmt":"2026-03-05T18:11:33","slug":"paineis-dinamicos-01","status":"publish","type":"page","link":"https:\/\/www.tjba.jus.br\/estrategia\/paineis-dinamicos-01\/","title":{"rendered":"Pain\u00e9is Din\u00e2micos 01"},"content":{"rendered":"\n<p><strong>Painel de Distribui\u00e7\u00e3o e Acervo (por serventia):<\/strong> <a href=\"https:\/\/resumoexaudi.tjba.jus.br\/\">Distribui\u00e7\u00e3o e Acervo<\/a><\/p>\n\n\n\n<p><strong>Painel das Metas Nacionais 1 e 2 (por serventia):<\/strong> <a href=\"https:\/\/resumometasnacionais.tjba.jus.br\/\" data-type=\"link\" data-id=\"https:\/\/resumometasnacionais.tjba.jus.br\/\">Resumo Metas Nacionais<\/a><\/p>\n\n\n\n<p><\/p>\n","protected":false},"excerpt":{"rendered":"<p>Painel de Distribui\u00e7\u00e3o e Acervo (por serventia): Distribui\u00e7\u00e3o e Acervo Painel das Metas Nacionais 1 e 2 (por serventia): Resumo Metas Nacionais<\/p>\n","protected":false},"author":7,"featured_media":0,"parent":0,"menu_order":0,"comment_status":"closed","ping_status":"closed","template":"","meta":{"footnotes":""},"class_list":["post-9787","page","type-page","status-publish","hentry"],"acf":[],"featured_image_src":null,"_links":{"self":[{"href":"https:\/\/www.tjba.jus.br\/estrategia\/wp-json\/wp\/v2\/pages\/9787","targetHints":{"allow":["GET"]}}],"collection":[{"href":"https:\/\/www.tjba.jus.br\/estrategia\/wp-json\/wp\/v2\/pages"}],"about":[{"href":"https:\/\/www.tjba.jus.br\/estrategia\/wp-json\/wp\/v2\/types\/page"}],"author":[{"embeddable":true,"href":"https:\/\/www.tjba.jus.br\/estrategia\/wp-json\/wp\/v2\/users\/7"}],"replies":[{"embeddable":true,"href":"https:\/\/www.tjba.jus.br\/estrategia\/wp-json\/wp\/v2\/comments?post=9787"}],"version-history":[{"count":1,"href":"https:\/\/www.tjba.jus.br\/estrategia\/wp-json\/wp\/v2\/pages\/9787\/revisions"}],"predecessor-version":[{"id":9791,"href":"https:\/\/www.tjba.jus.br\/estrategia\/wp-json\/wp\/v2\/pages\/9787\/revisions\/9791"}],"wp:attachment":[{"href":"https:\/\/www.tjba.jus.br\/estrategia\/wp-json\/wp\/v2\/media?parent=9787"}],"curies":[{"name":"wp","href":"https:\/\/api.w.org\/{rel}","templated":true}]}}