{"id":2165,"date":"2025-02-14T21:06:11","date_gmt":"2025-02-14T21:06:11","guid":{"rendered":"https:\/\/www.tjba.jus.br\/linguagemsimples\/?page_id=2165"},"modified":"2025-03-28T11:54:33","modified_gmt":"2025-03-28T11:54:33","slug":"selo","status":"publish","type":"page","link":"https:\/\/www.tjba.jus.br\/linguagemsimples\/selo\/","title":{"rendered":"Selo Linguagem Simples"},"content":{"rendered":"<style>.elementor-2165 .elementor-element.elementor-element-5c000ec > .elementor-container{min-height:250px;}.elementor-2165 .elementor-element.elementor-element-5c000ec:not(.elementor-motion-effects-element-type-background), .elementor-2165 .elementor-element.elementor-element-5c000ec > .elementor-motion-effects-container > .elementor-motion-effects-layer{background-image:url(\"https:\/\/www.tjba.jus.br\/linguagemsimples\/wp-content\/uploads\/2023\/08\/Sem-titulo-12-scaled.jpg\");background-position:center center;background-repeat:repeat;background-size:cover;}.elementor-2165 .elementor-element.elementor-element-5c000ec > .elementor-background-overlay{background-color:var( --e-global-color-15eb7c8 );opacity:0.9;transition:background 0.3s, border-radius 0.3s, opacity 0.3s;}.elementor-2165 .elementor-element.elementor-element-5c000ec{border-style:none;transition:background 0.3s, border 0.3s, border-radius 0.3s, box-shadow 0.3s;margin-top:0px;margin-bottom:0px;overflow:visible;}.elementor-2165 .elementor-element.elementor-element-da08fa1{overflow:visible;}.elementor-2165 .elementor-element.elementor-element-a3da467 > .elementor-element-populated{padding:15px 15px 15px 15px;}.elementor-2165 .elementor-element.elementor-element-8f22a9c .elementskit-section-title-wraper .elementskit-section-title{color:#000000;margin:0px 0px 17px 0px;font-family:\"Raleway\", Sans-serif;font-size:40px;font-weight:700;}.elementor-2165 .elementor-element.elementor-element-8f22a9c .elementskit-section-title-wraper .elementskit-section-title > span{color:var( --e-global-color-f2a3b68 );}.elementor-2165 .elementor-element.elementor-element-8f22a9c .elementskit-section-title-wraper .elementskit-section-title:hover > span{color:#000000;}.elementor-2165 .elementor-element.elementor-element-8f22a9c .elementskit-section-title-wraper .elementskit-section-title span:last-child, .elementor-2165 .elementor-element.elementor-element-8f22a9c .elementskit-section-title-wraper .elementskit-section-title > span{font-family:\"Montserrat\", Sans-serif;font-size:40px;font-weight:700;font-style:italic;}.elementor-2165 .elementor-element.elementor-element-8f22a9c .elementskit-section-title-wraper p{color:var( --e-global-color-f2a3b68 );font-family:\"Montserrat\", Sans-serif;font-size:16px;font-weight:400;line-height:26px;}.elementor-2165 .elementor-element.elementor-element-969384d{margin-top:30px;margin-bottom:30px;overflow:visible;}.elementor-2165 .elementor-element.elementor-element-34661c3{column-gap:0px;}.elementor-2165 .elementor-element.elementor-element-a8d618d{overflow:visible;}.elementor-2165 .elementor-element.elementor-element-3b173bd{--e-image-carousel-slides-to-show:1;}.elementor-2165 .elementor-element.elementor-element-3b173bd .elementor-swiper-button.elementor-swiper-button-prev, .elementor-2165 .elementor-element.elementor-element-3b173bd .elementor-swiper-button.elementor-swiper-button-next{font-size:70px;}.elementor-2165 .elementor-element.elementor-element-3b173bd .elementor-image-carousel-wrapper .elementor-image-carousel .swiper-slide-image{border-style:none;border-radius:20px 20px 20px 20px;}.elementor-2165 .elementor-element.elementor-element-3b173bd .elementor-image-carousel-caption{text-align:center;color:#001E5B;font-size:12px;margin-block-start:10px;}@media(max-width:767px){.elementor-2165 .elementor-element.elementor-element-5c000ec > .elementor-container{min-height:345px;}.elementor-2165 .elementor-element.elementor-element-8f22a9c .elementskit-section-title-wraper .elementskit-section-title{font-size:30px;}.elementor-2165 .elementor-element.elementor-element-8f22a9c .elementskit-section-title-wraper .elementskit-section-title span:last-child, .elementor-2165 .elementor-element.elementor-element-8f22a9c .elementskit-section-title-wraper .elementskit-section-title > span{font-size:30px;}.elementor-2165 .elementor-element.elementor-element-8f22a9c .elementskit-section-title-wraper p{font-size:14px;}}@media(min-width:768px){.elementor-2165 .elementor-element.elementor-element-18a8cc4{width:15%;}.elementor-2165 .elementor-element.elementor-element-a3da467{width:69.332%;}.elementor-2165 .elementor-element.elementor-element-11117a7{width:15%;}}@media(max-width:1024px) and (min-width:768px){.elementor-2165 .elementor-element.elementor-element-18a8cc4{width:15%;}.elementor-2165 .elementor-element.elementor-element-a3da467{width:70%;}.elementor-2165 .elementor-element.elementor-element-11117a7{width:15%;}}\/* Start custom CSS for text-editor, class: .elementor-element-34661c3 *\/img {\n    border-radius: 20px;\n}\/* End custom CSS *\/\n\/* Start custom CSS for image-carousel, class: .elementor-element-3b173bd *\/.elementor-image-carousel-caption {\n    margin: 0 auto;\n    width: 45rem;\n}\/* End custom CSS *\/<\/style>\t\t<div data-elementor-type=\"wp-page\" data-elementor-id=\"2165\" class=\"elementor elementor-2165\" data-elementor-post-type=\"page\">\n\t\t\t\t\t\t<section class=\"elementor-section elementor-top-section elementor-element elementor-element-5c000ec elementor-section-height-min-height elementor-section-boxed elementor-section-height-default elementor-section-items-middle\" data-id=\"5c000ec\" data-element_type=\"section\" data-settings=\"{&quot;background_background&quot;:&quot;classic&quot;,&quot;ekit_has_onepagescroll_dot&quot;:&quot;yes&quot;}\">\n\t\t\t\t\t\t\t<div class=\"elementor-background-overlay\"><\/div>\n\t\t\t\t\t\t\t<div class=\"elementor-container elementor-column-gap-default\">\n\t\t\t\t\t<div class=\"elementor-column elementor-col-100 elementor-top-column elementor-element elementor-element-cdc8c6b\" data-id=\"cdc8c6b\" data-element_type=\"column\">\n\t\t\t<div class=\"elementor-widget-wrap elementor-element-populated\">\n\t\t\t\t\t\t<section class=\"elementor-section elementor-inner-section elementor-element elementor-element-da08fa1 elementor-section-boxed elementor-section-height-default elementor-section-height-default\" data-id=\"da08fa1\" data-element_type=\"section\" data-settings=\"{&quot;ekit_has_onepagescroll_dot&quot;:&quot;yes&quot;}\">\n\t\t\t\t\t\t<div class=\"elementor-container elementor-column-gap-default\">\n\t\t\t\t\t<div class=\"elementor-column elementor-col-33 elementor-inner-column elementor-element elementor-element-18a8cc4\" data-id=\"18a8cc4\" data-element_type=\"column\">\n\t\t\t<div class=\"elementor-widget-wrap\">\n\t\t\t\t\t\t\t<\/div>\n\t\t<\/div>\n\t\t\t\t<div class=\"elementor-column elementor-col-33 elementor-inner-column elementor-element elementor-element-a3da467\" data-id=\"a3da467\" data-element_type=\"column\">\n\t\t\t<div class=\"elementor-widget-wrap elementor-element-populated\">\n\t\t\t\t\t\t<div class=\"elementor-element elementor-element-8f22a9c elementor-widget elementor-widget-elementskit-heading\" data-id=\"8f22a9c\" data-element_type=\"widget\" data-settings=\"{&quot;ekit_we_effect_on&quot;:&quot;none&quot;}\" data-widget_type=\"elementskit-heading.default\">\n\t\t\t\t<div class=\"elementor-widget-container\">\n\t\t\t<div class=\"ekit-wid-con\" ><div class=\"ekit-heading elementskit-section-title-wraper center   ekit_heading_tablet-   ekit_heading_mobile-\"><h2 class=\"ekit-heading--title elementskit-section-title \">Selo <span>Linguagem Simples<\/span><\/h2>\t\t\t\t<div class='ekit-heading__description'>\n\t\t\t\t\t<p>Concedido anualmente pelo Conselho Nacional de Justi\u00e7a, em reconhecimento aos segmentos da Justi\u00e7a com not\u00e1vel ades\u00e3o ao uso da Linguagem Simples.<\/p>\n\t\t\t\t<\/div>\n\t\t\t<\/div><\/div>\t\t<\/div>\n\t\t\t\t<\/div>\n\t\t\t\t\t<\/div>\n\t\t<\/div>\n\t\t\t\t<div class=\"elementor-column elementor-col-33 elementor-inner-column elementor-element elementor-element-11117a7\" data-id=\"11117a7\" data-element_type=\"column\">\n\t\t\t<div class=\"elementor-widget-wrap\">\n\t\t\t\t\t\t\t<\/div>\n\t\t<\/div>\n\t\t\t\t\t<\/div>\n\t\t<\/section>\n\t\t\t\t\t<\/div>\n\t\t<\/div>\n\t\t\t\t\t<\/div>\n\t\t<\/section>\n\t\t\t\t<section class=\"elementor-section elementor-top-section elementor-element elementor-element-969384d elementor-section-boxed elementor-section-height-default elementor-section-height-default\" data-id=\"969384d\" data-element_type=\"section\" data-settings=\"{&quot;ekit_has_onepagescroll_dot&quot;:&quot;yes&quot;}\">\n\t\t\t\t\t\t<div class=\"elementor-container elementor-column-gap-default\">\n\t\t\t\t\t<div class=\"elementor-column elementor-col-100 elementor-top-column elementor-element elementor-element-36fefd1\" data-id=\"36fefd1\" data-element_type=\"column\">\n\t\t\t<div class=\"elementor-widget-wrap elementor-element-populated\">\n\t\t\t\t\t\t<div class=\"elementor-element elementor-element-34661c3 elementor-widget elementor-widget-text-editor\" data-id=\"34661c3\" data-element_type=\"widget\" data-settings=\"{&quot;ekit_we_effect_on&quot;:&quot;none&quot;}\" data-widget_type=\"text-editor.default\">\n\t\t\t\t<div class=\"elementor-widget-container\">\n\t\t\t<style>\/*! elementor - v3.23.0 - 05-08-2024 *\/\n.elementor-widget-text-editor.elementor-drop-cap-view-stacked .elementor-drop-cap{background-color:#69727d;color:#fff}.elementor-widget-text-editor.elementor-drop-cap-view-framed .elementor-drop-cap{color:#69727d;border:3px solid;background-color:transparent}.elementor-widget-text-editor:not(.elementor-drop-cap-view-default) .elementor-drop-cap{margin-top:8px}.elementor-widget-text-editor:not(.elementor-drop-cap-view-default) .elementor-drop-cap-letter{width:1em;height:1em}.elementor-widget-text-editor .elementor-drop-cap{float:left;text-align:center;line-height:1;font-size:50px}.elementor-widget-text-editor .elementor-drop-cap-letter{display:inline-block}<\/style>\t\t\t\t<p><img fetchpriority=\"high\" decoding=\"async\" class=\"wp-image-2661 size-medium alignleft\" style=\"text-align: justify;\" src=\"https:\/\/lisiupload.blob.core.windows.net\/lisiconteiner\/2025\/03\/selo-linguagem-simples-300x200.jpeg\" alt=\"\" width=\"380\" height=\"200\" \/><\/p><p align=\"justify\"><span style=\"color: #666666;\"><span style=\"font-family: Montserrat, serif;\"><span style=\"font-size: medium;\">O Tribunal de Justi\u00e7a da Bahia foi agraciado com o <strong style=\"color: #ffa500;\">Selo Linguagem Simples<\/strong>, concedido pelo Conselho Nacional de Justi\u00e7a, em reconhecimento pelo seu trabalho na implementa\u00e7\u00e3o e uso de uma linguagem simples, direta e compreens\u00edvel a todos os cidad\u00e3os.<\/span><\/span><\/span><\/p><p align=\"justify\"><span style=\"color: #666666;\"><span style=\"font-family: Montserrat, serif;\"><span style=\"font-size: medium;\">O <a style=\"color: #ffa500;\" href=\"https:\/\/www.cnj.jus.br\/gestao-da-justica\/acessibilidade-e-inclusao\/pacto-nacional-do-judiciario-pela-linguagem-simples\/selos\/\" target=\"_blank\" rel=\"noopener\">Selo Linguagem Simples<\/a><\/span><\/span><\/span><u><b><\/b><\/u><span style=\"color: #666666;\"><span style=\"font-family: Montserrat, serif;\"><span style=\"font-size: medium;\"> \u00e9 uma das a\u00e7\u00f5es do <a style=\"color: #ffa500;\" href=\"https:\/\/www.cnj.jus.br\/gestao-da-justica\/acessibilidade-e-inclusao\/pacto-nacional-do-judiciario-pela-linguagem-simples\/\" target=\"_blank\" rel=\"noopener\">Pacto Nacional do Judici\u00e1rio pela Linguagem Simples<\/a><\/span><\/span><\/span><span style=\"color: #666666;\"><span style=\"font-family: Montserrat, serif;\"><span style=\"font-size: medium;\">, lan\u00e7ado em dezembro de 2023, pelo Conselho Nacional de Justi\u00e7a.<\/span><\/span><\/span><\/p><p align=\"justify\"><span style=\"color: #666666;\"><span style=\"font-family: Montserrat, serif;\"><span style=\"font-size: medium;\">A iniciativa visa promover o uso de uma linguagem mais clara e acess\u00edvel <\/span><\/span><\/span><span style=\"color: #3c3c3c;\"><span style=\"font-family: Montserrat, serif;\"><span style=\"font-size: medium;\">em decis\u00f5es judiciais e em comunicados, <\/span><\/span><\/span><span style=\"color: #666666;\"><span style=\"font-family: Montserrat, serif;\"><span style=\"font-size: medium;\">visando aproximar a Justi\u00e7a brasileira da sociedade.<\/span><\/span><\/span><\/p><p align=\"justify\"><span style=\"color: #3c3c3c;\"><span style=\"font-family: Montserrat, serif;\"><span style=\"font-size: medium;\">Empenhados em <\/span><\/span><\/span><span style=\"color: #666666;\"><span style=\"font-family: Montserrat, serif;\"><span style=\"font-size: medium;\">tornar a linguagem jur\u00eddica mais acess\u00edvel ao cidad\u00e3o,\u00a0<a style=\"color: #ffa500;\" href=\"https:\/\/www.cnj.jus.br\/wp-content\/uploads\/2024\/10\/selo-linguagem-simples-aprovados-2024.pdf\" target=\"_blank\" rel=\"noopener\">48 \u00f3rg\u00e3os do Poder Judici\u00e1rio<\/a> <\/span><\/span><\/span><span style=\"color: #666666;\"><span style=\"font-family: Montserrat, serif;\"><span style=\"font-size: medium;\">receberam a certifica\u00e7\u00e3o, dentre os quais, o Tribunal de Justi\u00e7a da Bahia.<\/span><\/span><\/span><\/p><p align=\"justify\"><span style=\"color: #666666;\"><span style=\"font-family: Montserrat, serif;\"><span style=\"font-size: medium;\">As iniciativas foram avaliadas em cinco eixos principais: simplifica\u00e7\u00e3o da linguagem nos documentos, brevidade nas comunica\u00e7\u00f5es, educa\u00e7\u00e3o e capacita\u00e7\u00e3o, tecnologia da informa\u00e7\u00e3o, e articula\u00e7\u00e3o interinstitucional e social.<\/span><\/span><\/span><\/p><p align=\"justify\"><span style=\"color: #666666;\"><span style=\"font-family: Montserrat, serif;\"><span style=\"font-size: medium;\">Concedido pelo Conselho Nacional de Justi\u00e7a no m\u00eas de outubro em comemora\u00e7\u00e3o ao <\/span><\/span><\/span><span style=\"color: #666666;\"><span style=\"font-family: Montserrat, serif;\"><span style=\"font-size: medium;\"><b style=\"color: #ffa500;\">Dia Internacional da Linguagem Simples<\/b><\/span><\/span><\/span><span style=\"color: #666666;\"><span style=\"font-family: Montserrat, serif;\"><span style=\"font-size: medium;\">, a cerim\u00f4nia ocorreu no dia 16, no Sal\u00e3o Branco do Supremo Tribunal Federal, em Bras\u00edlia. <\/span><\/span><\/span><\/p><p align=\"justify\"><span style=\"color: #666666;\"><span style=\"font-family: Montserrat, serif;\"><span style=\"font-size: medium;\">Na abertura do evento, o Presidente do STF e do CNJ, Ministro Lu\u00eds Roberto Barroso, enfatizou a import\u00e2ncia do \u202fPacto Nacional do Judici\u00e1rio pela Linguagem Simples, assumido por 92 Tribunais.<\/span><\/span><\/span><\/p><p align=\"justify\"><span style=\"color: #3c3c3c;\"><span style=\"font-family: Montserrat, serif;\"><span style=\"font-size: medium;\">A\u00a0<a style=\"color: #ffa500;\" href=\"https:\/\/www.youtube.com\/watch?v=wnQE82C97V0\" target=\"_blank\" rel=\"noopener\">entrega do Selo Linguagem Simples 2024<\/a> <\/span><\/span><\/span><span style=\"color: #3c3c3c;\"><span style=\"font-family: Montserrat, serif;\"><span style=\"font-size: medium;\">foi realizada pelo Ministro do STF, Dias Toffoli, \u00e0 Presidente do Tribunal de Justi\u00e7a da Bahia, Desembargadora Cynthia Maria Pina Resende.<\/span><\/span><\/span><\/p>\t\t\t\t\t\t<\/div>\n\t\t\t\t<\/div>\n\t\t\t\t\t<\/div>\n\t\t<\/div>\n\t\t\t\t\t<\/div>\n\t\t<\/section>\n\t\t\t\t<section class=\"elementor-section elementor-top-section elementor-element elementor-element-a8d618d elementor-section-boxed elementor-section-height-default elementor-section-height-default\" data-id=\"a8d618d\" data-element_type=\"section\" data-settings=\"{&quot;ekit_has_onepagescroll_dot&quot;:&quot;yes&quot;}\">\n\t\t\t\t\t\t<div class=\"elementor-container elementor-column-gap-default\">\n\t\t\t\t\t<div class=\"elementor-column elementor-col-100 elementor-top-column elementor-element elementor-element-975aa8b\" data-id=\"975aa8b\" data-element_type=\"column\">\n\t\t\t<div class=\"elementor-widget-wrap elementor-element-populated\">\n\t\t\t\t\t\t<div class=\"elementor-element elementor-element-3b173bd elementor-arrows-position-inside elementor-widget elementor-widget-image-carousel\" data-id=\"3b173bd\" data-element_type=\"widget\" data-settings=\"{&quot;slides_to_show&quot;:&quot;1&quot;,&quot;navigation&quot;:&quot;arrows&quot;,&quot;autoplay&quot;:&quot;yes&quot;,&quot;pause_on_hover&quot;:&quot;yes&quot;,&quot;pause_on_interaction&quot;:&quot;yes&quot;,&quot;autoplay_speed&quot;:5000,&quot;infinite&quot;:&quot;yes&quot;,&quot;effect&quot;:&quot;slide&quot;,&quot;speed&quot;:500,&quot;ekit_we_effect_on&quot;:&quot;none&quot;}\" data-widget_type=\"image-carousel.default\">\n\t\t\t\t<div class=\"elementor-widget-container\">\n\t\t\t<style>\/*! elementor - v3.23.0 - 05-08-2024 *\/\n.elementor-widget-image-carousel .swiper,.elementor-widget-image-carousel .swiper-container{position:static}.elementor-widget-image-carousel .swiper-container .swiper-slide figure,.elementor-widget-image-carousel .swiper .swiper-slide figure{line-height:inherit}.elementor-widget-image-carousel .swiper-slide{text-align:center}.elementor-image-carousel-wrapper:not(.swiper-container-initialized):not(.swiper-initialized) .swiper-slide{max-width:calc(100% \/ var(--e-image-carousel-slides-to-show, 3))}<\/style>\t\t<div class=\"elementor-image-carousel-wrapper swiper\" dir=\"ltr\">\n\t\t\t<div class=\"elementor-image-carousel swiper-wrapper\" aria-live=\"off\">\n\t\t\t\t\t\t\t\t<div class=\"swiper-slide\" role=\"group\" aria-roledescription=\"slide\" aria-label=\"1 de 4\"><figure class=\"swiper-slide-inner\"><img decoding=\"async\" class=\"swiper-slide-image\" src=\"https:\/\/lisiupload.blob.core.windows.net\/lisiconteiner\/2025\/03\/Foto-selo-linguagem-simples-2-768x579.jpeg\" alt=\"A Presidente do TJBA, Desembargadora Cynthia Maria Pina Resende,  recebe o Selo das m\u00e3os do Ministro Dias Toffoli.\" \/><figcaption class=\"elementor-image-carousel-caption\">A Presidente do TJBA, Desembargadora Cynthia Maria Pina Resende,  recebe o Selo das m\u00e3os do Ministro Dias Toffoli.<\/figcaption><\/figure><\/div><div class=\"swiper-slide\" role=\"group\" aria-roledescription=\"slide\" aria-label=\"2 de 4\"><figure class=\"swiper-slide-inner\"><img decoding=\"async\" class=\"swiper-slide-image\" src=\"https:\/\/lisiupload.blob.core.windows.net\/lisiconteiner\/2025\/03\/Foto-selo-linguagem-simples-1-768x512.jpeg\" alt=\"O Ministro Luis Roberto Barroso, em seu discurso de abertura do evento.\" \/><figcaption class=\"elementor-image-carousel-caption\">O Ministro Luis Roberto Barroso, em seu discurso de abertura do evento.<\/figcaption><\/figure><\/div><div class=\"swiper-slide\" role=\"group\" aria-roledescription=\"slide\" aria-label=\"3 de 4\"><figure class=\"swiper-slide-inner\"><img decoding=\"async\" class=\"swiper-slide-image\" src=\"https:\/\/lisiupload.blob.core.windows.net\/lisiconteiner\/2025\/03\/Foto-selo-linguagem-simples-3-768x432.jpeg\" alt=\"48 \u00f3rg\u00e3os do Poder Judici\u00e1rio foram contemplados com o Selo Linguagem Simples\" \/><figcaption class=\"elementor-image-carousel-caption\">48 \u00f3rg\u00e3os do Poder Judici\u00e1rio foram contemplados com o Selo Linguagem Simples<\/figcaption><\/figure><\/div><div class=\"swiper-slide\" role=\"group\" aria-roledescription=\"slide\" aria-label=\"4 de 4\"><figure class=\"swiper-slide-inner\"><img decoding=\"async\" class=\"swiper-slide-image\" src=\"https:\/\/lisiupload.blob.core.windows.net\/lisiconteiner\/2025\/03\/Foto-selo-linguagem-simples-4-768x576.jpeg\" alt=\"Do Judici\u00e1rio baiano, estavam presentes na cerim\u00f4nia os Desembargadores Maur\u00edcio Kertzman Szporer, Paulo Jorge e Abelardo Paulo da Matta Netto, Presidente do TRE-BA; o Assessor Especial da Presid\u00eancia, Juiz Gustavo Teles; e o Secret\u00e1rio-Geral da Presid\u00eancia, Pedro Vieira.\" \/><figcaption class=\"elementor-image-carousel-caption\">Do Judici\u00e1rio baiano, estavam presentes na cerim\u00f4nia os Desembargadores Maur\u00edcio Kertzman Szporer, Paulo Jorge e Abelardo Paulo da Matta Netto, Presidente do TRE-BA; o Assessor Especial da Presid\u00eancia, Juiz Gustavo Teles; e o Secret\u00e1rio-Geral da Presid\u00eancia, Pedro Vieira.<\/figcaption><\/figure><\/div>\t\t\t<\/div>\n\t\t\t\t\t\t\t\t\t\t\t\t<div class=\"elementor-swiper-button elementor-swiper-button-prev\" role=\"button\" tabindex=\"0\">\n\t\t\t\t\t\t<i aria-hidden=\"true\" class=\"fas fa-arrow-alt-circle-left\"><\/i>\t\t\t\t\t<\/div>\n\t\t\t\t\t<div class=\"elementor-swiper-button elementor-swiper-button-next\" role=\"button\" tabindex=\"0\">\n\t\t\t\t\t\t<i aria-hidden=\"true\" class=\"fas fa-arrow-alt-circle-right\"><\/i>\t\t\t\t\t<\/div>\n\t\t\t\t\n\t\t\t\t\t\t\t\t\t<\/div>\n\t\t\t\t<\/div>\n\t\t\t\t<\/div>\n\t\t\t\t\t<\/div>\n\t\t<\/div>\n\t\t\t\t\t<\/div>\n\t\t<\/section>\n\t\t\t\t<\/div>\n\t\t","protected":false},"excerpt":{"rendered":"<p>Selo Linguagem Simples Concedido anualmente pelo Conselho Nacional de Justi\u00e7a, em reconhecimento aos segmentos da Justi\u00e7a com not\u00e1vel ades\u00e3o ao uso da Linguagem Simples. O Tribunal de Justi\u00e7a da Bahia foi agraciado com o Selo Linguagem Simples, concedido pelo Conselho Nacional de Justi\u00e7a, em reconhecimento pelo seu trabalho na implementa\u00e7\u00e3o e uso de uma linguagem [&hellip;]<\/p>\n","protected":false},"author":7,"featured_media":0,"parent":0,"menu_order":0,"comment_status":"closed","ping_status":"closed","template":"","meta":{"footnotes":""},"class_list":["post-2165","page","type-page","status-publish","hentry"],"_links":{"self":[{"href":"https:\/\/www.tjba.jus.br\/linguagemsimples\/wp-json\/wp\/v2\/pages\/2165","targetHints":{"allow":["GET"]}}],"collection":[{"href":"https:\/\/www.tjba.jus.br\/linguagemsimples\/wp-json\/wp\/v2\/pages"}],"about":[{"href":"https:\/\/www.tjba.jus.br\/linguagemsimples\/wp-json\/wp\/v2\/types\/page"}],"author":[{"embeddable":true,"href":"https:\/\/www.tjba.jus.br\/linguagemsimples\/wp-json\/wp\/v2\/users\/7"}],"replies":[{"embeddable":true,"href":"https:\/\/www.tjba.jus.br\/linguagemsimples\/wp-json\/wp\/v2\/comments?post=2165"}],"version-history":[{"count":38,"href":"https:\/\/www.tjba.jus.br\/linguagemsimples\/wp-json\/wp\/v2\/pages\/2165\/revisions"}],"predecessor-version":[{"id":3064,"href":"https:\/\/www.tjba.jus.br\/linguagemsimples\/wp-json\/wp\/v2\/pages\/2165\/revisions\/3064"}],"wp:attachment":[{"href":"https:\/\/www.tjba.jus.br\/linguagemsimples\/wp-json\/wp\/v2\/media?parent=2165"}],"curies":[{"name":"wp","href":"https:\/\/api.w.org\/{rel}","templated":true}]}}