{"id":2729,"date":"2018-08-08T17:59:00","date_gmt":"2018-08-08T20:59:00","guid":{"rendered":"https:\/\/homologacaointerna.tjba.jus.br\/nupemec\/?page_id=2729"},"modified":"2024-05-17T16:27:32","modified_gmt":"2024-05-17T19:27:32","slug":"mediacao-digital","status":"publish","type":"page","link":"https:\/\/www.tjba.jus.br\/nupemec\/mediacao-digital\/","title":{"rendered":"AUDI\u00caNCIAS VIRTUAIS"},"content":{"rendered":"\n<p>&nbsp;<\/p>\n<ul style=\"list-style-type: disc;\">\n<li><a href=\"http:\/\/www7.tjba.jus.br\/formulario_online_conciliacao\/formulario_abertura.wsp\"><strong>FORMUL\u00c1RIO PARA SOLICITA\u00c7\u00c3O DE DESIGNA\u00c7\u00c3O DE AUDI\u00caNCIA PROCESSUAL<\/strong><\/a><br><br><\/li>\n<li><strong><a href=\"https:\/\/forms.gle\/s3tEMhTvvjUbsmUn9\">FORMUL\u00c1RIO PR\u00c9-PROCESSUAL<\/a><\/strong><\/li>\n<\/ul>\n<p>&nbsp;<\/p>\n\n\n\n<ul class=\"wp-block-list\">\n<li><strong>CEJUSC C\u00cdVEL E DAS RELA\u00c7\u00d5ES DE CONSUMO (anexo F\u00f3rum Ruy Barbosa)<\/strong><br>Os links das salas constam nos autos (em despacho, ato de intima\u00e7\u00e3o ou informa\u00e7\u00e3o do Cejusc). em caso de d\u00favida, o interessado pode acessar o BALC\u00c3O VIRTUAL da unidade ou manter contato pelos telefones 71 3320-6640 \/ 6642 ou e-mail cejuscconsumidor@tjba.jus.br.<\/li>\n<\/ul>\n\n\n\n<p><br><\/p>\n\n\n\n<div class=\"wp-block-buttons is-content-justification-left is-layout-flex wp-container-core-buttons-is-layout-fdcfc74e wp-block-buttons-is-layout-flex\">\n<div class=\"wp-block-button is-style-fill\"><a class=\"wp-block-button__link has-black-color has-text-color has-background wp-element-button\" href=\"https:\/\/call.lifesizecloud.com\/19008043\" style=\"background:linear-gradient(90deg,rgb(255,245,203) 0%,rgb(182,227,212) 50%,rgb(51,167,181) 100%)\"><strong>BALC\u00c3O VIRTUAL<\/strong><\/a><\/div>\n<\/div>\n\n\n\n<p>.<\/p>\n\n\n\n<ul class=\"wp-block-list\">\n<li><strong>CEJUSC DE FAM\u00cdLIA (processos em curso em vara de fam\u00edlia)<\/strong><\/li>\n<\/ul>\n\n\n\n<p>Os links das salas de audi\u00eancia s\u00e3o divulgados nos pr\u00f3prios autos e encaminhados aos endere\u00e7os eletr\u00f4nicos das partes e advogados. <\/p>\n\n\n\n<p>A senha de acesso \u00e0 sala virtual corresponde aos 7 primeiros n\u00fameros dos autos cadastrados no PJE.<\/p>\n\n\n\n<p>A designa\u00e7\u00e3o de audi\u00eancia de concilia\u00e7\u00e3o ou media\u00e7\u00e3o deve ser requerida nos autos.<\/p>\n\n\n\n<p>Outras informa\u00e7\u00f5es podem ser prestadas no BALC\u00c3O VIRTUAL da unidade, por meio dos telefones 71 3320-9790 \/ 6623 e e-mail: cejuscfamiliaesucess\u00f5esssa@tjba.jus.br<\/p>\n\n\n\n<p><br><\/p>\n\n\n\n<div class=\"wp-block-buttons is-layout-flex wp-block-buttons-is-layout-flex\">\n<div class=\"wp-block-button is-style-fill\"><a class=\"wp-block-button__link has-black-color has-text-color has-background wp-element-button\" href=\"https:\/\/call.lifesizecloud.com\/8386265\" style=\"background:linear-gradient(90deg,rgb(255,245,203) 0%,rgb(182,227,212) 50%,rgb(51,167,181) 100%)\"><strong>BALC\u00c3O VIRTUAL<\/strong><\/a><\/div>\n<\/div>\n\n\n\n<p class=\"has-white-color has-text-color\">.<\/p>\n\n\n\n<ul style=\"list-style-type: disc;\">\n<li><strong>BALC\u00c3O VIRTUAL DAS UNIDADES PR\u00c9-PROCESSUAIS<\/strong> &#8211; Para informa\u00e7\u00f5es por videoconfer\u00eancia<\/li>\n<\/ul>\n<p>Funcionamento: Das 8 \u00e0s 12h e das 14 \u00e0s 18h.<\/p>\n\n\n\n<br>\n\n\n\n<div class=\"wp-block-buttons is-layout-flex wp-block-buttons-is-layout-flex\">\n<div class=\"wp-block-button is-style-fill\"><a class=\"wp-block-button__link has-black-color has-text-color has-background wp-element-button\" href=\"https:\/\/call.lifesizecloud.com\/16202313\" style=\"background:linear-gradient(90deg,rgb(255,245,203) 0%,rgb(182,227,212) 50%,rgb(51,167,181) 100%)\"><strong>BALC\u00c3O VIRTUAL DAS UNIDADES PR\u00c9-PROCESSUAIS<\/strong><\/a><\/div>\n<\/div>\n\n\n\n<p><br><\/p>\n\n\n\n<ul class=\"wp-block-list\">\n<li><strong>INFORMA\u00c7\u00d5ES<\/strong><\/li>\n<\/ul>\n\n\n\n<p>Acesse a loja virtual e baixe o aplicativo <em>Lifesize<\/em> no seu aparelho <a href=\"https:\/\/play.google.com\/store\/apps\/details?id=com.mirial.lifesizecloud&amp;hl=pt_BR&amp;gl=US\">ANDROID<\/a>&nbsp;ou <a href=\"https:\/\/apps.apple.com\/br\/app\/lifesize-video-conferencing\/id854663434\">IOS<\/a>. No hor\u00e1rio da reuni\u00e3o, acesse o sistema. Escreva o seu nome e insira o n\u00famero da extens\u00e3o em seguida. O n\u00famero da extens\u00e3o \u00e9 o que consta ao final do link da sala de audi\u00eancia informado pelo cart\u00f3rio. Caso utilize computador, clique no link informado e preencha o seu nome e o e-mail. Caso seja solicitado senha, utilize os 7 primeiros n\u00famero do processo cadastrado no PJE.<\/p>\n\n\n\n<p><br><\/p>\n\n\n\n<ul class=\"wp-block-list\">\n<li><span style=\"color: #000000;\"><span style=\"color: #000000;\"><strong><a style=\"color: #000000;\" href=\"https:\/\/www.tjba.jus.br\/nupemec\/wp-content\/uploads\/2022\/07\/DEP\u00d3SITO-JUDICIAL.docx-2.pdf\">DEP\u00d3SITO JUDICIAL DE REMUNERA\u00c7\u00c3O DO MEDIADOR E DO CONCILIADOR. CLIQUE AQUI.<\/a> <\/strong><\/span><\/span><\/li>\n\n\n\n<li><strong>OUTRAS UNIDADES DA CAPITAL <\/strong><\/li>\n<\/ul>\n\n\n\n<p><br><\/p>\n\n\n\n<p><strong>CEJUSC 2\u00ba GRAU<\/strong>. Para agendamento de audi\u00eancia, a Secretaria da C\u00e2mara deve entrar em contato com a unidade, que funciona na sala 310-Norte, do pr\u00e9dio principal do TJBA, telefones 3372-5494 \/ 5170, e-mail da supervisora: ibulos@tjba.jus.br<\/p>\n\n\n\n<p class=\"has-text-align-left\"><span style=\"color: #000000;\"><strong><a style=\"color: #000000;\" href=\"https:\/\/www.tjba.jus.br\/nupemec\/cejusc-virtual\/\">CEJUSC VIRTUAL<\/a><\/strong> <\/span><\/p>\n\n\n\n<p class=\"has-text-align-left\"><span style=\"color: #000000;\"><a href=\"https:\/\/www.tjba.jus.br\/nupemec\/pai-presente\/\"><strong>CEJUSC PAI PRESENTE<\/strong><\/a><\/span><\/p>\n\n\n\n<p class=\"has-text-align-left\"><span style=\"color: #000000;\"><strong>CEJUSCs PR\u00c9-PROCESSUAIS DE FAM\u00cdLIA SALVADOR (antigos Balc\u00f5es de Justi\u00e7a) <\/strong>&#8211;&nbsp;E-mail: secretariabjc@tjba.jus.br &#8211;&nbsp;<a style=\"color: #000000;\" href=\"https:\/\/www.tjba.jus.br\/nupemec\/wp-content\/uploads\/2022\/07\/AGENDAMENTO-DE-AUDI\u00caNCIAS-SALVADOR.pdf\">AGENDAMENTO<\/a><\/span><\/p>\n\n\n\n<p><br><\/p>\n\n\n\n<ul class=\"wp-block-list\">\n<li><strong>RELA\u00c7\u00c3O COMPLETA DAS UNIDADES &#8211; <\/strong><span style=\"text-decoration: underline; color: #000000;\"><strong><a href=\"https:\/\/www.tjba.jus.br\/nupemec\/capital\/\" target=\"_blank\" rel=\"noreferrer noopener\">CLIQUE AQUI<\/a><\/strong><\/span><\/li>\n<\/ul>\n\n\n\n\n\n<p><strong>MATERIAL DE SUPORTE PARA\u00a0MEDIADORES<\/strong><\/p>\n\n\n\n<br>\n\n\n\n<p class=\"has-text-align-left\">\u2022 <a href=\"https:\/\/www.tjba.jus.br\/nupemec\/wp-content\/uploads\/2021\/05\/INFORMA\u00c7\u00d5ES-PARA-OS-MEDIADORES-E-CONCILIADORES.pdf\">Participa\u00e7\u00e3o como volunt\u00e1rio<\/a><\/p>\n\n\n\n<p class=\"has-text-align-left\">\u2022 <a href=\"https:\/\/www.tjba.jus.br\/nupemec\/wp-content\/uploads\/2023\/03\/AUDIENCIAS-VIRTUAIS.pdf\">Realizar audi\u00eancia &#8211; Guia em PDF do NUPEMEC<\/a><\/p>\n\n\n\n<p class=\"has-text-align-left\">\u2022 <a href=\"http:\/\/www5.tjba.jus.br\/juizadosespeciais\/images\/pdf\/manuais\/03_Lifesize_Moderador_Parte_2.mp4\">Grava\u00e7\u00e3o das audi\u00eancias (v\u00eddeo)<\/a><\/p>\n\n\n\n<p class=\"has-text-align-left\">\u2022 <a href=\"http:\/\/www5.tjba.jus.br\/juizadosespeciais\/images\/pdf\/manuais\/Criacao_salas_Lifesize.mp4\">Gerenciamento das salas (v\u00eddeo)<\/a><\/p>\n\n\n\n<p class=\"has-text-align-left\">\u2022 <a href=\"https:\/\/drive.google.com\/drive\/folders\/10ZYbxzeqXnNQiNj0kZ1s1jyUlKgMmraC?usp=sharing\">Modelos de documentos<\/a><\/p>\n\n\n\n<p class=\"has-text-align-left\">\u2022 <a href=\"https:\/\/www.tjba.jus.br\/nupemec\/wp-content\/uploads\/2021\/05\/PERGUNTAS-E-RESPOSTAS-MEDIA\u00c7\u00c3O-VIRTUAL.pdf\">Perguntas e Repostas<\/a><\/p>\n\n\n\n<p class=\"has-text-align-left\">\u2022 <a href=\"https:\/\/www.tjba.jus.br\/nupemec\/wp-content\/uploads\/2020\/07\/INFORMA%C3%87%C3%95ES-PARA-MEDIADORES-DECRETO-335-2020-1.pdf\">Remunera\u00e7\u00e3o<\/a><\/p>\n\n\n\n<p class=\"has-text-align-left\">\u2022 <a href=\"https:\/\/www.tjba.jus.br\/nupemec\/wp-content\/uploads\/2022\/10\/REGIONAL-GUIA-2021.pdf\">Cejuscs Regionais<\/a><\/p>\n\n\n\n<p class=\"has-text-align-left\">\u2022 <a href=\"https:\/\/www.tjba.jus.br\/nupemec\/materiais\/\">Tutoriais PJE, Guias e V\u00eddeos<\/a><\/p>\n\n\n\n<p class=\"has-text-align-left\"><a href=\"https:\/\/www.tjba.jus.br\/nupemec\/legislacao\/\">\u2022 Normas relacionadas ao Cejusc<\/a><\/p>\n","protected":false},"excerpt":{"rendered":"<p>&nbsp; FORMUL\u00c1RIO PARA SOLICITA\u00c7\u00c3O DE DESIGNA\u00c7\u00c3O DE AUDI\u00caNCIA PROCESSUAL FORMUL\u00c1RIO PR\u00c9-PROCESSUAL &nbsp; . Os links das salas de audi\u00eancia s\u00e3o [&hellip;]<\/p>\n","protected":false},"author":16,"featured_media":0,"parent":0,"menu_order":0,"comment_status":"closed","ping_status":"closed","template":"","meta":{"_acf_changed":false,"footnotes":""},"class_list":["post-2729","page","type-page","status-publish","hentry"],"acf":[],"featured_image_src":null,"_links":{"self":[{"href":"https:\/\/www.tjba.jus.br\/nupemec\/wp-json\/wp\/v2\/pages\/2729","targetHints":{"allow":["GET"]}}],"collection":[{"href":"https:\/\/www.tjba.jus.br\/nupemec\/wp-json\/wp\/v2\/pages"}],"about":[{"href":"https:\/\/www.tjba.jus.br\/nupemec\/wp-json\/wp\/v2\/types\/page"}],"author":[{"embeddable":true,"href":"https:\/\/www.tjba.jus.br\/nupemec\/wp-json\/wp\/v2\/users\/16"}],"replies":[{"embeddable":true,"href":"https:\/\/www.tjba.jus.br\/nupemec\/wp-json\/wp\/v2\/comments?post=2729"}],"version-history":[{"count":170,"href":"https:\/\/www.tjba.jus.br\/nupemec\/wp-json\/wp\/v2\/pages\/2729\/revisions"}],"predecessor-version":[{"id":5681,"href":"https:\/\/www.tjba.jus.br\/nupemec\/wp-json\/wp\/v2\/pages\/2729\/revisions\/5681"}],"wp:attachment":[{"href":"https:\/\/www.tjba.jus.br\/nupemec\/wp-json\/wp\/v2\/media?parent=2729"}],"curies":[{"name":"wp","href":"https:\/\/api.w.org\/{rel}","templated":true}]}}