{"id":3167,"date":"2019-08-01T15:28:01","date_gmt":"2019-08-01T18:28:01","guid":{"rendered":"https:\/\/homologacaointerna.tjba.jus.br\/nupemec\/?page_id=3167"},"modified":"2026-03-17T13:40:52","modified_gmt":"2026-03-17T16:40:52","slug":"legislacao","status":"publish","type":"page","link":"https:\/\/www.tjba.jus.br\/nupemec\/legislacao\/","title":{"rendered":"Legisla\u00e7\u00e3o"},"content":{"rendered":"\n<p><\/p>\n\n\n<div class=\"wp-block-ub-content-toggle wp-block-ub-content-toggle-block\" id=\"ub-content-toggle-block-cf346421-e53a-40b2-bfa1-60dddf706b47\" data-mobilecollapse=\"false\" data-desktopcollapse=\"false\" data-preventcollapse=\"false\" data-showonlyone=\"false\">\n<div class=\"wp-block-ub-content-toggle-accordion\" style=\"border-color: #f1f1f1;\" id=\"ub-content-toggle-panel-block-\">\n\t\t\t<div class=\"wp-block-ub-content-toggle-accordion-title-wrap\" style=\"background-color: #f1f1f1;\" aria-controls=\"ub-content-toggle-panel-0-cf346421-e53a-40b2-bfa1-60dddf706b47\" tabindex=\"0\">\n\t\t\t<p class=\"wp-block-ub-content-toggle-accordion-title ub-content-toggle-title-cf346421-e53a-40b2-bfa1-60dddf706b47\" style=\"color: #000000; \">NUPEMEC E CEJUSC<\/p>\n\t\t\t<div class=\"wp-block-ub-content-toggle-accordion-toggle-wrap right\" style=\"color: #000000;\"><span class=\"wp-block-ub-content-toggle-accordion-state-indicator wp-block-ub-chevron-down open\"><\/span><\/div>\n\t\t<\/div>\n\t\t\t<div role=\"region\" aria-expanded=\"true\" class=\"wp-block-ub-content-toggle-accordion-content-wrap\" id=\"ub-content-toggle-panel-0-cf346421-e53a-40b2-bfa1-60dddf706b47\">\n\n<p><a href=\"https:\/\/www7.tjba.jus.br\/secao\/arquivo\/4\/40777\/RESOLUCAO%20N.%2026,%20DE%2015%20DE%20OUTUBRO%20DE%202025.pdf\">RESOLUCAO N. 26, DE 15 DE OUTUBRO DE 2025.pdf<\/a> <br><sub>Regulamenta o exerc\u00edcio das atividades e a remunera\u00e7\u00e3o dos Mediadores Judiciais convocados por processo seletivo para atua\u00e7\u00e3o nos Centros Judici\u00e1rios de Solu\u00e7\u00e3o de Conflitos e Cidadania \u2013 CEJUSCs no \u00e2mbito do Poder Judici\u00e1rio do Estado da Bahia.<\/sub><\/p>\n\n\n\n<p><a href=\"https:\/\/drive.google.com\/open?id=1QJVyFRujpSSUJVVzfvuoIGv-jZ1dwbbB\">RESOLU\u00c7\u00c3O N\u00ba 24, DE DEZEMBRO DE 2015, DO TJBA, MODIFICADA PELA RES 9- DE  MAIO DE 2019<\/a> <br><sub>Disciplina as atividades do N\u00facleo Permanente de M\u00e9todos Consensuais de Solu\u00e7\u00e3o de Conflitos (NUPEMEC) e cria os Centros Judici\u00e1rios de Solu\u00e7\u00e3o Consensual de Conflitos (CEJUSC).<\/sub><\/p>\n\n\n\n<p><a href=\"https:\/\/atos.cnj.jus.br\/files\/compilado18553820210820611ffaaaa2655.pdf\">RESOLU\u00c7\u00c3O N. 125, DE NOVEMBRO DE 2010 \u2013 CNJ<\/a> <br><sub>Disp\u00f5e sobre a Pol\u00edtica Judici\u00e1ria Nacional de tratamento adequado dos conflitos de interesses no \u00e2mbito do Poder Judici\u00e1rio e d\u00e1 outras provid\u00eancias.<\/sub><\/p>\n\n\n\n<p><a href=\"https:\/\/www.tjba.jus.br\/nupemec\/wp-content\/uploads\/2021\/08\/GUIA-DE-COMPET%C3%8ANCIAS-NUPEMEC-2021.pdf\">DECRETO JUDICI\u00c1RIO N\u00ba 466, DE JULHO DE 2021 &#8211; GUIA DE COMPET\u00caNCIAS NUPEMEC<\/a> <br><sub>Institui o GUIA DE COMPET\u00caNCIAS DO N\u00daCLEO PERMANENTE DE M\u00c9TODOS CONSENSUAIS DE SOLU\u00c7\u00c3O DE CONFLITOS do Tribunal de Justi\u00e7a do Estado da Bahia.<\/sub><\/p>\n\n\n\n<p><a href=\"https:\/\/www.tjba.jus.br\/nupemec\/wp-content\/uploads\/2021\/08\/GUIA-DE-COMPET%C3%8ANCIAS-CEJUSC-2021.pdf\">DECRETO JUDICI\u00c1RIO N\u00ba 467, DE JULHO DE 2021 &#8211; GUIA DE COMPET\u00caNCIAS CEJUSC<\/a><br><sub>Institui o Guia de Compet\u00eancias dos Centros Judici\u00e1rios de Solu\u00e7\u00e3o de Conflitos &#8211; CEJUSCs do Tribunal de Justi\u00e7a do Estado da Bahia.<\/sub><\/p>\n\n\n\n<p><a href=\"https:\/\/www.tjba.jus.br\/nupemec\/wp-content\/uploads\/2024\/07\/DECRETO-JUD-247_2011_CRIA-NUPEMEC.pdf\" target=\"_blank\" rel=\"noreferrer noopener\">DECRETO JUDICI\u00c1RIO N\u00ba 247, DE MAR\u00c7O DE 2011 &#8211; CRIA\u00c7\u00c3O DO NUPEMEC<\/a><br><sub>Instituir 0 N\u00facleo Permanente de M\u00e9todos Consensuais de Solu\u00e7\u00e3o de Conflitos, vinculado a Assessoria Especial da Presid\u00eancia Il<\/sub>.<\/p>\n\n<\/div>\n\t\t<\/div>\n\n<div class=\"wp-block-ub-content-toggle-accordion\" style=\"border-color: #f1f1f1;\" id=\"ub-content-toggle-panel-block-\">\n\t\t\t<div class=\"wp-block-ub-content-toggle-accordion-title-wrap\" style=\"background-color: #f1f1f1;\" aria-controls=\"ub-content-toggle-panel-1-cf346421-e53a-40b2-bfa1-60dddf706b47\" tabindex=\"0\">\n\t\t\t<p class=\"wp-block-ub-content-toggle-accordion-title ub-content-toggle-title-cf346421-e53a-40b2-bfa1-60dddf706b47\" style=\"color: #000000; \">sele\u00e7\u00e3o de mediadores<\/p>\n\t\t\t<div class=\"wp-block-ub-content-toggle-accordion-toggle-wrap right\" style=\"color: #000000;\"><span class=\"wp-block-ub-content-toggle-accordion-state-indicator wp-block-ub-chevron-down open\"><\/span><\/div>\n\t\t<\/div>\n\t\t\t<div role=\"region\" aria-expanded=\"true\" class=\"wp-block-ub-content-toggle-accordion-content-wrap\" id=\"ub-content-toggle-panel-1-cf346421-e53a-40b2-bfa1-60dddf706b47\">\n\n<p><a href=\"https:\/\/www7.tjba.jus.br\/secao\/lerPublicacao.wsp?tmp.mostrarDiv=sim&amp;tmp.id=41103&amp;tmp.secao=9\" data-type=\"link\" data-id=\"https:\/\/www7.tjba.jus.br\/secao\/lerPublicacao.wsp?tmp.mostrarDiv=sim&amp;tmp.id=41103&amp;tmp.secao=9\" target=\"_blank\" rel=\"noreferrer noopener\">DECRETO JUDICI\u00c1RIO N\u00ba 1060 DE 09 DE DEZEMBRO DE 2025<\/a><br>Institui Comiss\u00e3o para o Processo Seletivo destinado ao recrutamento de Mediadores para atua\u00e7\u00e3o no \u00e2mbito dos Centros Judici\u00e1rios de Solu\u00e7\u00e3o de Conflitos (CEJUSCs) do Tribunal de Justi\u00e7a do Estado da Bahia.<\/p>\n\n<\/div>\n\t\t<\/div>\n\n<div class=\"wp-block-ub-content-toggle-accordion\" style=\"border-color: #f1f1f1;\" id=\"ub-content-toggle-panel-block-\">\n\t\t\t<div class=\"wp-block-ub-content-toggle-accordion-title-wrap\" style=\"background-color: #f1f1f1;\" aria-controls=\"ub-content-toggle-panel-2-cf346421-e53a-40b2-bfa1-60dddf706b47\" tabindex=\"0\">\n\t\t\t<p class=\"wp-block-ub-content-toggle-accordion-title ub-content-toggle-title-cf346421-e53a-40b2-bfa1-60dddf706b47\" style=\"color: #000000; \">CEJUSCS REGIONAIS<\/p>\n\t\t\t<div class=\"wp-block-ub-content-toggle-accordion-toggle-wrap right\" style=\"color: #000000;\"><span class=\"wp-block-ub-content-toggle-accordion-state-indicator wp-block-ub-chevron-down open\"><\/span><\/div>\n\t\t<\/div>\n\t\t\t<div role=\"region\" aria-expanded=\"true\" class=\"wp-block-ub-content-toggle-accordion-content-wrap\" id=\"ub-content-toggle-panel-2-cf346421-e53a-40b2-bfa1-60dddf706b47\">\n\n<p><a href=\"https:\/\/www7.tjba.jus.br\/secao\/arquivo\/9\/39014\/DECRETO%20JUDICIARIO%20N%20589%20DE%2029%20DE%20JULHO%20DE%202025.pdf\" data-type=\"link\" data-id=\"https:\/\/www7.tjba.jus.br\/secao\/arquivo\/9\/39014\/DECRETO%20JUDICIARIO%20N%20589%20DE%2029%20DE%20JULHO%20DE%202025.pdf\" target=\"_blank\" rel=\"noreferrer noopener\">DECRETO JUDICI\u00c1RIO N\u00ba 589, DE JULHO DE 2025<\/a> <br><sub>Reestrutura os Centros Judici\u00e1rios de Solu\u00e7\u00e3o de Conflitos Regionais para viabilizar a realiza\u00e7\u00e3o de audi\u00eancias virtuais de media\u00e7\u00e3o e concilia\u00e7\u00e3o de conflitos em comarcas n\u00e3o contempladas com a instala\u00e7\u00e3o de CEJUSC.\u00a0<\/sub><\/p>\n\n<\/div>\n\t\t<\/div>\n\n<div class=\"wp-block-ub-content-toggle-accordion\" style=\"border-color: #f1f1f1;\" id=\"ub-content-toggle-panel-block-\">\n\t\t\t<div class=\"wp-block-ub-content-toggle-accordion-title-wrap\" style=\"background-color: #f1f1f1;\" aria-controls=\"ub-content-toggle-panel-3-cf346421-e53a-40b2-bfa1-60dddf706b47\" tabindex=\"0\">\n\t\t\t<p class=\"wp-block-ub-content-toggle-accordion-title ub-content-toggle-title-cf346421-e53a-40b2-bfa1-60dddf706b47\" style=\"color: #000000; \">JUSTI\u00c7A RESTAURATIVA<\/p>\n\t\t\t<div class=\"wp-block-ub-content-toggle-accordion-toggle-wrap right\" style=\"color: #000000;\"><span class=\"wp-block-ub-content-toggle-accordion-state-indicator wp-block-ub-chevron-down open\"><\/span><\/div>\n\t\t<\/div>\n\t\t\t<div role=\"region\" aria-expanded=\"true\" class=\"wp-block-ub-content-toggle-accordion-content-wrap\" id=\"ub-content-toggle-panel-3-cf346421-e53a-40b2-bfa1-60dddf706b47\">\n\n<p><a href=\"https:\/\/www.tjba.jus.br\/nupemec\/wp-content\/uploads\/2021\/06\/Resolu%C3%A7%C3%A3o-225-com-Emenda-300-CNJ.pdf\">RESOLU\u00c7\u00c3O N. 225, DE MAIO DE 2016 &#8211; CNJ<\/a><br><sub>Disp\u00f5e sobre a Pol\u00edtica Nacional de Justi\u00e7a Restaurativa no \u00e2mbito do Poder Judici\u00e1rio e d\u00e1 outras provid\u00eancias.<\/sub><\/p>\n\n<\/div>\n\t\t<\/div>\n\n<div class=\"wp-block-ub-content-toggle-accordion\" style=\"border-color: #f1f1f1;\" id=\"ub-content-toggle-panel-block-\">\n\t\t\t<div class=\"wp-block-ub-content-toggle-accordion-title-wrap\" style=\"background-color: #f1f1f1;\" aria-controls=\"ub-content-toggle-panel-4-cf346421-e53a-40b2-bfa1-60dddf706b47\" tabindex=\"0\">\n\t\t\t<p class=\"wp-block-ub-content-toggle-accordion-title ub-content-toggle-title-cf346421-e53a-40b2-bfa1-60dddf706b47\" style=\"color: #000000; \">N\u00daCLEO DE CONCILIA\u00c7\u00c3O E MEDIA\u00c7\u00c3O DE CONFLITOS ORIUNDOS DE SUPERENDIVIDAMENTO<\/p>\n\t\t\t<div class=\"wp-block-ub-content-toggle-accordion-toggle-wrap right\" style=\"color: #000000;\"><span class=\"wp-block-ub-content-toggle-accordion-state-indicator wp-block-ub-chevron-down open\"><\/span><\/div>\n\t\t<\/div>\n\t\t\t<div role=\"region\" aria-expanded=\"true\" class=\"wp-block-ub-content-toggle-accordion-content-wrap\" id=\"ub-content-toggle-panel-4-cf346421-e53a-40b2-bfa1-60dddf706b47\">\n\n<p><a href=\"https:\/\/www.tjba.jus.br\/nupemec\/wp-content\/uploads\/2023\/06\/DECRETO-No-131-DE-07-03-2023-NUCLEO-SUPERENDIVIDAMENTO.pdf\">DECRETO N\u00ba 131, DE MAR\u00c7O DE 2023<\/a> <br><sub>Disp\u00f5e sobre a institui\u00e7\u00e3o e o funcionamento de N\u00facleos de Concilia\u00e7\u00e3o e Media\u00e7\u00e3o de Conflitos oriundos de superendividamento, no \u00e2mbito do Poder Judici\u00e1rio do Estado da Bahia.<\/sub><\/p>\n\n<\/div>\n\t\t<\/div>\n\n<div class=\"wp-block-ub-content-toggle-accordion\" style=\"border-color: #f1f1f1;\" id=\"ub-content-toggle-panel-block-\">\n\t\t\t<div class=\"wp-block-ub-content-toggle-accordion-title-wrap\" style=\"background-color: #f1f1f1;\" aria-controls=\"ub-content-toggle-panel-5-cf346421-e53a-40b2-bfa1-60dddf706b47\" tabindex=\"0\">\n\t\t\t<p class=\"wp-block-ub-content-toggle-accordion-title ub-content-toggle-title-cf346421-e53a-40b2-bfa1-60dddf706b47\" style=\"color: #000000; \">FORMA\u00c7\u00c3O DE INSTRUTORES E MEDIADORES<\/p>\n\t\t\t<div class=\"wp-block-ub-content-toggle-accordion-toggle-wrap right\" style=\"color: #000000;\"><span class=\"wp-block-ub-content-toggle-accordion-state-indicator wp-block-ub-chevron-down open\"><\/span><\/div>\n\t\t<\/div>\n\t\t\t<div role=\"region\" aria-expanded=\"true\" class=\"wp-block-ub-content-toggle-accordion-content-wrap\" id=\"ub-content-toggle-panel-5-cf346421-e53a-40b2-bfa1-60dddf706b47\">\n\n<p><a href=\"https:\/\/www.cnj.jus.br\/wp-content\/uploads\/2020\/11\/Regulamento_capacitacao_mediacao__proporcao_de_inst._e_excecao_a_codocencia.17.10.pdf\">REGULAMENTO CNJ, DE ABRIL DE 2020<\/a> <br><sub>Regulamento das A\u00e7\u00f5es de Capacita\u00e7\u00e3o e do Banco de Dados da Pol\u00edtica de Tratamento Adequado de Conflitos. <\/sub><\/p>\n\n<\/div>\n\t\t<\/div>\n\n<div class=\"wp-block-ub-content-toggle-accordion\" style=\"border-color: #f1f1f1;\" id=\"ub-content-toggle-panel-block-\">\n\t\t\t<div class=\"wp-block-ub-content-toggle-accordion-title-wrap\" style=\"background-color: #f1f1f1;\" aria-controls=\"ub-content-toggle-panel-6-cf346421-e53a-40b2-bfa1-60dddf706b47\" tabindex=\"0\">\n\t\t\t<p class=\"wp-block-ub-content-toggle-accordion-title ub-content-toggle-title-cf346421-e53a-40b2-bfa1-60dddf706b47\" style=\"color: #000000; \">RECONHECIMENTO DE PATERNIDADE &#8211; REGISTRO CIVIL &#8211; AVERBA\u00c7\u00d5ES<\/p>\n\t\t\t<div class=\"wp-block-ub-content-toggle-accordion-toggle-wrap right\" style=\"color: #000000;\"><span class=\"wp-block-ub-content-toggle-accordion-state-indicator wp-block-ub-chevron-down open\"><\/span><\/div>\n\t\t<\/div>\n\t\t\t<div role=\"region\" aria-expanded=\"true\" class=\"wp-block-ub-content-toggle-accordion-content-wrap\" id=\"ub-content-toggle-panel-6-cf346421-e53a-40b2-bfa1-60dddf706b47\">\n\n<p><a href=\"https:\/\/drive.google.com\/open?id=1dDzCJJ9YrTbovPqPyjfyLn9m_wdha54m\">NOME SOCIAL &#8211; RES 270, DE DEZEMBRO DE 2018<\/a><br><sub>Altera a composi\u00e7\u00e3o do Comit\u00ea do Programa Nacional de Gest\u00e3o Documental e Mem\u00f3ria do Poder Judici\u00e1rio \u2013 Proname.<\/sub><\/p>\n\n\n\n<p><br><a href=\"https:\/\/drive.google.com\/open?id=1BqF6_JIPMfgoweVfd_-MdygOMbNQ-yCw\">PAI PRESENTE &#8211; RESOLU\u00c7\u00c3O N. 8, DE ABRIL DE 2013 \u2013 TJBA<\/a><br><sub>Instituir o Projeto Pai Presente no \u00e2mbito do Poder Judici\u00e1rio do Estado da Bahia, com o objetivo de promover meios para que crian\u00e7as e adolescentes, ou seus representantes legais, busquem o reconhecimento de paternidade, visando a alcan\u00e7ar a redu\u00e7\u00e3o do n\u00famero de crian\u00e7as sem<br>paternidade reconhecida no Pa\u00eds.<\/sub><\/p>\n\n\n\n<p><a href=\"https:\/\/atos.cnj.jus.br\/files\/\/provimento\/provimento_12_06082010_26102012174319.pdf\">PAI PRESENTE &#8211; PROVIMENTO N. 12, DE AGOSTO DE 2010 \u2013 CNJ<\/a><br><sub>A iniciativa conferida ao Minist\u00e9rio P\u00fablico n\u00e3o impede a quem tenha leg\u00edtimo interesse de intentar a investiga\u00e7\u00e3o, visando obter o pretendido reconhecimento da paternidade.<\/sub><\/p>\n\n\n\n<p><br><a href=\"https:\/\/drive.google.com\/open?id=107pIs5xeevjToZiC-87wY0-BZOcOmg5D\">ALTERA\u00c7\u00c3O DE PATRON\u00cdMICO &#8211; PROVIMENTO N\u00ba 82, DE JULHO DE 2019, CNJ<\/a><br><sub>Disp\u00f5e sobre o procedimento de averba\u00e7\u00e3o, no registro de nascimento e no de casamento dos filhos, da altera\u00e7\u00e3o do nome do genitor e d\u00e1 outras providencias.<\/sub><\/p>\n\n\n\n<p><br><a href=\"https:\/\/drive.google.com\/open?id=1LUT3vVYWU-u80DxXRIlEl2PovaufqnJ-\">ALTERA\u00c7\u00c3O DO PATRON\u00cdMICO &#8211; PROVIMENTO CONJUNTO n\u00ba 8, DE JULHO DE 2016 \u2013 TJBA<\/a><br><sub>Disp\u00f5e sobre altera\u00e7\u00f5es do patron\u00edmico familiar dos pais por subsequente matrim\u00f4nio, separa\u00e7\u00e3o ou div\u00f3rcio.<\/sub><\/p>\n\n\n\n<p><br><a href=\"https:\/\/drive.google.com\/open?id=1qjBvF4FR5tdQg2QQ40t8iuTTjafD9WYn\">REGISTRO DE NASCIMENTO TARDIO &#8211; PROVIMENTO N. 28, DE 2013 \u2013 CNJ<\/a> <br><sub>Disp\u00f5e sobre o registro tardio de nascimento, por Oficial de Registro Civil das Pessoas Naturais, nas hip\u00f3teses que disciplina.<\/sub><\/p>\n\n\n\n<p><br><a href=\"https:\/\/drive.google.com\/open?id=1bJAx9_qdaeG1VQhv-YyFsVKGfHYG2ZTu\">REGISTRO DE NASCIMENTO TARDIO &#8211; PROVIMENTO N. 16, DE FEVEREIRO DE 2012 \u2013 CNJ<\/a><br><sub>Disp\u00f5e sobre a recep\u00e7\u00e3o, pelos Oficiais de Registro Civil das Pessoas Naturais, de indica\u00e7\u00f5es de supostos pais de pessoas que j\u00e1 se acharem registradas sem paternidade estabelecida, bem como sobre o reconhecimento espont\u00e2neo de filhos perante os referidos registradores. <\/sub><\/p>\n\n\n\n<p><br><a href=\"https:\/\/www.cnj.jus.br\/wp-content\/uploads\/2023\/09\/codigo-nacional-de-normas-da-corregedoria-nacional-de-justica-v6b-31-08-2023-1.pdf\">PARENTALIDADE SOCIOAFETIVA (ver C\u00f3digo Nacional de Normas, art. 505, do Conselho Nacional de Justi\u00e7a)<\/a><br><sub>Institui o C\u00f3digo Nacional de Normas da Corregedoria Nacional de Justi\u00e7a do Conselho Nacional de Justi\u00e7a &#8211; Foro Extrajudicial (CNN\/ CN\/CNJ-Extra), que regulamenta os servi\u00e7os notariais e de registro.<\/sub><\/p>\n\n<\/div>\n\t\t<\/div>\n\n<div class=\"wp-block-ub-content-toggle-accordion\" style=\"border-color: #f1f1f1;\" id=\"ub-content-toggle-panel-block-\">\n\t\t\t<div class=\"wp-block-ub-content-toggle-accordion-title-wrap\" style=\"background-color: #f1f1f1;\" aria-controls=\"ub-content-toggle-panel-7-cf346421-e53a-40b2-bfa1-60dddf706b47\" tabindex=\"0\">\n\t\t\t<p class=\"wp-block-ub-content-toggle-accordion-title ub-content-toggle-title-cf346421-e53a-40b2-bfa1-60dddf706b47\" style=\"color: #000000; \">MEDIA\u00c7\u00c3O NOS SERVI\u00c7OS NOTARIAIS E DE REGISTRO<\/p>\n\t\t\t<div class=\"wp-block-ub-content-toggle-accordion-toggle-wrap right\" style=\"color: #000000;\"><span class=\"wp-block-ub-content-toggle-accordion-state-indicator wp-block-ub-chevron-down open\"><\/span><\/div>\n\t\t<\/div>\n\t\t\t<div role=\"region\" aria-expanded=\"true\" class=\"wp-block-ub-content-toggle-accordion-content-wrap\" id=\"ub-content-toggle-panel-7-cf346421-e53a-40b2-bfa1-60dddf706b47\">\n\n<p><a href=\"https:\/\/drive.google.com\/open?id=1SphhNSeFa7R7Rt3-Bmpbyr7glVQ5rf5l\">PROVIMENTO CONJUNTO N\u00ba 22, DE SETEMBRO DE 2019 &#8211; TJBA<\/a><br><sub>Disp\u00f5e sobre os procedimentos de concilia\u00e7\u00e3o e media\u00e7\u00e3o nos servi\u00e7os notariais e de registro no Estado da Bahia.<\/sub><\/p>\n\n\n\n<p><a href=\"https:\/\/drive.google.com\/open?id=12wH41bEAMZ35prURLtBtwtWqWfEbOAbZ\">PROVIMENTO N\u00ba 67, DE MAR\u00c7O DE 2018 &#8211; CNJ<\/a> <br><sub>Disp\u00f5e sobre os procedimentos de concilia\u00e7\u00e3o e de media\u00e7\u00e3o nos servi\u00e7os notariais e de registro do<br>Brasil.<\/sub><\/p>\n\n<\/div>\n\t\t<\/div>\n\n<div class=\"wp-block-ub-content-toggle-accordion\" style=\"border-color: #f1f1f1;\" id=\"ub-content-toggle-panel-block-\">\n\t\t\t<div class=\"wp-block-ub-content-toggle-accordion-title-wrap\" style=\"background-color: #f1f1f1;\" aria-controls=\"ub-content-toggle-panel-8-cf346421-e53a-40b2-bfa1-60dddf706b47\" tabindex=\"0\">\n\t\t\t<p class=\"wp-block-ub-content-toggle-accordion-title ub-content-toggle-title-cf346421-e53a-40b2-bfa1-60dddf706b47\" style=\"color: #000000; \"><sub> <\/sub>REGISTRO DE UNI\u00c3O EST\u00c1VEL <\/p>\n\t\t\t<div class=\"wp-block-ub-content-toggle-accordion-toggle-wrap right\" style=\"color: #000000;\"><span class=\"wp-block-ub-content-toggle-accordion-state-indicator wp-block-ub-chevron-down open\"><\/span><\/div>\n\t\t<\/div>\n\t\t\t<div role=\"region\" aria-expanded=\"true\" class=\"wp-block-ub-content-toggle-accordion-content-wrap\" id=\"ub-content-toggle-panel-8-cf346421-e53a-40b2-bfa1-60dddf706b47\">\n\n<p><a href=\"https:\/\/www.tjba.jus.br\/nupemec\/justica-restaurativa\/\"><strong>MAIS INFORMA\u00c7\u00d5ES<\/strong><\/a> <br><sub>Ser refer\u00eancia no cumprimento, fortalecimento e expans\u00e3o da Pol\u00edtica Judici\u00e1ria Estadual de Justi\u00e7a Restaurativa, promovendo uma cultura institucional pautada no di\u00e1logo, na corresponsabilidade e na pacifica\u00e7\u00e3o social.<\/sub><\/p>\n\n\n\n<p><\/p>\n\n\n\n<p>\u2022 <a href=\"https:\/\/atos.cnj.jus.br\/files\/compilado14422020230628649c46cc6ce72.pdf\">UNI\u00c3O EST\u00c1VEL (PROVIMENTOS 37\/DE JULHO DE 2014, 141\/2023, 146\/2023, CNJ)<\/a> <sub>Disp\u00f5e sobre o registro de uni\u00e3o est\u00e1vel no Livro &#8220;E&#8221; do registro civil das pessoas naturais, sobre o termo declarat\u00f3rio de reconhecimento e dissolu\u00e7\u00e3o de uni\u00e3o est\u00e1vel lavrado perante o registro civil das pessoas naturais, sobre a altera\u00e7\u00e3o extrajudicial do regime de bens na uni\u00e3o est\u00e1vel e sobre a convers\u00e3o da uni\u00e3o est\u00e1vel em casamento. (reda\u00e7\u00e3o dada pelo Provimento CN n. 141, de 16.3.2023)<\/sub><\/p>\n\n<\/div>\n\t\t<\/div>\n\n<div class=\"wp-block-ub-content-toggle-accordion\" style=\"border-color: #f1f1f1;\" id=\"ub-content-toggle-panel-block-\">\n\t\t\t<div class=\"wp-block-ub-content-toggle-accordion-title-wrap\" style=\"background-color: #f1f1f1;\" aria-controls=\"ub-content-toggle-panel-9-cf346421-e53a-40b2-bfa1-60dddf706b47\" tabindex=\"0\">\n\t\t\t<p class=\"wp-block-ub-content-toggle-accordion-title ub-content-toggle-title-cf346421-e53a-40b2-bfa1-60dddf706b47\" style=\"color: #000000; \">REMUNERA\u00c7\u00c3O DE MEDIADORES<\/p>\n\t\t\t<div class=\"wp-block-ub-content-toggle-accordion-toggle-wrap right\" style=\"color: #000000;\"><span class=\"wp-block-ub-content-toggle-accordion-state-indicator wp-block-ub-chevron-down open\"><\/span><\/div>\n\t\t<\/div>\n\t\t\t<div role=\"region\" aria-expanded=\"true\" class=\"wp-block-ub-content-toggle-accordion-content-wrap\" id=\"ub-content-toggle-panel-9-cf346421-e53a-40b2-bfa1-60dddf706b47\">\n\n<p><a href=\"https:\/\/atos.cnj.jus.br\/files\/resolucao_271_11122018_12122018115214.pdf\">RESOLU\u00c7\u00c3O N. 271, DE DEZEMBRO DE 2018 \u2013 CNJ<\/a><br><sub>Fixa par\u00e2metros de remunera\u00e7\u00e3o a ser paga aos conciliadores e mediadores judiciais, nos termos do disposto no art. 169 do C\u00f3digo de Processo Civil &#8211; Lei N\u00ba 13.105\/2015 &#8211; e no art. 13 da Lei de Media\u00e7\u00e3o &#8211; Lei N\u00ba 13.140\/2015.<\/sub><\/p>\n\n\n\n<p><a href=\"https:\/\/www7.tjba.jus.br\/secao\/lerPublicacao.wsp?tmp.mostrarDiv=sim&amp;tmp.id=39013&amp;tmp.secao=9\" data-type=\"link\" data-id=\"https:\/\/www7.tjba.jus.br\/secao\/lerPublicacao.wsp?tmp.mostrarDiv=sim&amp;tmp.id=39013&amp;tmp.secao=9\">DECRETO N\u00ba 114, DE FEVEREIRO DE 2025, TJBA<\/a> <br><sub>Disp\u00f5e sobre o reajuste da tabela de remunera\u00e7\u00e3o dos conciliadores e mediadoresjudiciais no \u00e2mbito da Justi\u00e7a Comum do Poder Judici\u00e1rio do Estado da Bahia.<\/sub><\/p>\n\n\n\n<p><a href=\"https:\/\/www7.tjba.jus.br\/secao\/lerPublicacao.wsp?tmp.id=24322\">DECRETO N\u00ba 335, DE JUNHO DE 2020, TJBA<\/a> <br><sub>Disp\u00f5e sobre os crit\u00e9rios de remunera\u00e7\u00e3o dos conciliadores e mediadores judiciais no \u00e2mbito da Justi\u00e7a Comum do Poder Judici\u00e1rio do Estado da Bahia.<\/sub><\/p>\n\n\n\n<p><a href=\"https:\/\/www.tjba.jus.br\/nupemec\/wp-content\/uploads\/2020\/09\/FOLDER-DECRETO-335-2020-MAGISTRADOS.pdf\">INFORMA\u00c7\u00d5ES PARA MAGISTRADOS<\/a> <br><sub>As informa\u00e7\u00f5es a seguir destinam-se \u00e0 Justi\u00e7a Comum, inclusive de 2\u00ba grau, uma vez que, embora o TJBA disponha de CEJUSC instalado no 2\u00ba grau, sob a \u00f3tica da legisla\u00e7\u00e3o processual, n\u00e3o existe inst\u00e2ncia revisional em mat\u00e9ria de media\u00e7\u00e3o. <\/sub><\/p>\n\n\n\n<p><a href=\"https:\/\/www.tjba.jus.br\/nupemec\/wp-content\/uploads\/2020\/07\/INFORMA%C3%87%C3%95ES-PARA-MEDIADORES-DECRETO-335-2020-1.pdf\">INFORMA\u00c7\u00d5ES PARA MEDIADORES, CONCILIADORES e C\u00c2MARAS<\/a> <br><sub>Decreto Judici\u00e1rio n. 335 de 16 de junho de 2020, os interessados em atuar como mediadores judiciais e conciliadores no \u00e2mbito da Justi\u00e7a Comum e nos Centros Judici\u00e1rios de Solu\u00e7\u00e3o de Conflitos do TJBA devem estar inscritos no Cadastro Nacional de Mediadores Judiciais e Conciliadores.<\/sub><\/p>\n\n<\/div>\n\t\t<\/div>\n\n<div class=\"wp-block-ub-content-toggle-accordion\" style=\"border-color: #f1f1f1;\" id=\"ub-content-toggle-panel-block-\">\n\t\t\t<div class=\"wp-block-ub-content-toggle-accordion-title-wrap\" style=\"background-color: #f1f1f1;\" aria-controls=\"ub-content-toggle-panel-10-cf346421-e53a-40b2-bfa1-60dddf706b47\" tabindex=\"0\">\n\t\t\t<p class=\"wp-block-ub-content-toggle-accordion-title ub-content-toggle-title-cf346421-e53a-40b2-bfa1-60dddf706b47\" style=\"color: #000000; \">VOLUNT\u00c1RIOS<\/p>\n\t\t\t<div class=\"wp-block-ub-content-toggle-accordion-toggle-wrap right\" style=\"color: #000000;\"><span class=\"wp-block-ub-content-toggle-accordion-state-indicator wp-block-ub-chevron-down open\"><\/span><\/div>\n\t\t<\/div>\n\t\t\t<div role=\"region\" aria-expanded=\"true\" class=\"wp-block-ub-content-toggle-accordion-content-wrap\" id=\"ub-content-toggle-panel-10-cf346421-e53a-40b2-bfa1-60dddf706b47\">\n\n<p><a href=\"https:\/\/www.tjba.jus.br\/nupemec\/wp-content\/uploads\/2024\/07\/TERMO-ADESAO-VOLUNTARIO-CEJUSC.doc\" target=\"_blank\" rel=\"noreferrer noopener\">TERMO DE ADES\u00c3O AO SERVI\u00c7O VOLUNT\u00c1RIO<\/a><\/p>\n\n\n\n<p><a href=\"https:\/\/www.tjba.jus.br\/nupemec\/wp-content\/uploads\/2024\/07\/Documentos-para-Habilitacao.pdf\" target=\"_blank\" rel=\"noreferrer noopener\">DOCUMENTOS PARA HABILITA\u00c7\u00c3O DO VOLUNTARIADO<\/a><\/p>\n\n\n\n<p><a href=\"https:\/\/www.tjba.jus.br\/nupemec\/wp-content\/uploads\/2024\/07\/Formulario-de-Cadastramento.pdf\" target=\"_blank\" rel=\"noreferrer noopener\">FORMUL\u00c1RIO DE CADASTRAMENTO<\/a><\/p>\n\n\n\n<p><a href=\"https:\/\/www.tjba.jus.br\/nupemec\/wp-content\/uploads\/2024\/07\/Passo-a-passo-Capital.pdf\" target=\"_blank\" rel=\"noreferrer noopener\">PASSO A PASSO DO VOLUNT\u00c1RIO DA CAPITAL<\/a><\/p>\n\n\n\n<p><a href=\"https:\/\/www.tjba.jus.br\/nupemec\/wp-content\/uploads\/2024\/07\/Ato-Conjunto-37-2021-TJBA.pdf\" target=\"_blank\" rel=\"noreferrer noopener\">ATO NORMATIVO CONJUNTO PRES\/CGJ\/CCI N\u00ba 037, DE OUTUBRO DE 2021<\/a> <br><sub>Disciplina o Servi\u00e7o Volunt\u00e1rio no \u00e2mbito do Poder Judici\u00e1rio do Estado da Bahia.<\/sub><\/p>\n\n<\/div>\n\t\t<\/div>\n<\/div>","protected":false},"excerpt":{"rendered":"","protected":false},"author":3,"featured_media":0,"parent":0,"menu_order":0,"comment_status":"closed","ping_status":"closed","template":"","meta":{"_acf_changed":false,"footnotes":""},"class_list":["post-3167","page","type-page","status-publish","hentry"],"acf":[],"featured_image_src":null,"_links":{"self":[{"href":"https:\/\/www.tjba.jus.br\/nupemec\/wp-json\/wp\/v2\/pages\/3167","targetHints":{"allow":["GET"]}}],"collection":[{"href":"https:\/\/www.tjba.jus.br\/nupemec\/wp-json\/wp\/v2\/pages"}],"about":[{"href":"https:\/\/www.tjba.jus.br\/nupemec\/wp-json\/wp\/v2\/types\/page"}],"author":[{"embeddable":true,"href":"https:\/\/www.tjba.jus.br\/nupemec\/wp-json\/wp\/v2\/users\/3"}],"replies":[{"embeddable":true,"href":"https:\/\/www.tjba.jus.br\/nupemec\/wp-json\/wp\/v2\/comments?post=3167"}],"version-history":[{"count":86,"href":"https:\/\/www.tjba.jus.br\/nupemec\/wp-json\/wp\/v2\/pages\/3167\/revisions"}],"predecessor-version":[{"id":7135,"href":"https:\/\/www.tjba.jus.br\/nupemec\/wp-json\/wp\/v2\/pages\/3167\/revisions\/7135"}],"wp:attachment":[{"href":"https:\/\/www.tjba.jus.br\/nupemec\/wp-json\/wp\/v2\/media?parent=3167"}],"curies":[{"name":"wp","href":"https:\/\/api.w.org\/{rel}","templated":true}]}}