{"id":3375,"date":"2019-11-06T09:30:09","date_gmt":"2019-11-06T12:30:09","guid":{"rendered":"https:\/\/homologacaointerna.tjba.jus.br\/nupemec\/?page_id=3375"},"modified":"2024-05-17T08:15:59","modified_gmt":"2024-05-17T11:15:59","slug":"perguntas-mais-recentes","status":"publish","type":"page","link":"https:\/\/www.tjba.jus.br\/nupemec\/perguntas-mais-recentes\/","title":{"rendered":"Perguntas e Respostas"},"content":{"rendered":"\n\n\n\n\n<ul class=\"wp-block-list\">\n<li><strong>NUPEMEC<\/strong><\/li>\n<\/ul>\n\n\n\n<p>O N\u00facleo Permanente de M\u00e9todos Consensuais de Solu\u00e7\u00e3o de Conflitos (NUPEMEC) \u00e9 o \u00f3rg\u00e3o central incumbido do planejamento e coordena\u00e7\u00e3o das unidades de media\u00e7\u00e3o e concilia\u00e7\u00e3o do Poder Judici\u00e1rio e pelo desenvolvimento dos programas destinados \u00e0 capacita\u00e7\u00e3o e est\u00edmulo \u00e0 autocomposi\u00e7\u00e3o.<br><\/p>\n\n\n\n<br>\n\n\n\n<ul class=\"wp-block-list\">\n<li><strong>CEJUSC<\/strong><\/li>\n<\/ul>\n\n\n\n<p>Os Centros Judici\u00e1rios de Solu\u00e7\u00e3o Consensual de Conflitos (CEJUSC) s\u00e3o unidades destinadas \u00e0 realiza\u00e7\u00e3o de sess\u00f5es e audi\u00eancias de media\u00e7\u00e3o e concilia\u00e7\u00e3o. As atividades do CEJUSC compreendem a autocomposi\u00e7\u00e3o processual, pr\u00e9-processual e o setor de cidadania.<\/p>\n\n\n\n<br>\n\n\n\n<ul class=\"wp-block-list\">\n<li><strong>CONCILIA\u00c7\u00c3O<\/strong><\/li>\n<\/ul>\n\n\n\n<p>\u00c9 o meio de solu\u00e7\u00e3o de controv\u00e9rsia em que um conciliador \u2013 que \u00e9 um terceiro neutro e imparcial &#8211; atrav\u00e9s de t\u00e9cnicas pr\u00f3prias do procedimento, auxilia as partes no estabelecimento da comunica\u00e7\u00e3o, participando da constru\u00e7\u00e3o do acordo, podendo efetuar sugest\u00f5es.<br>&nbsp;<\/p>\n\n\n\n<p>Nos casos em que n\u00e3o existe v\u00ednculo anterior entre as partes (CPC, art.165, \u00a7 2\u00ba), o emprego da concilia\u00e7\u00e3o \u00e9 mais adequada (por exemplo, a discuss\u00e3o acerca de um acidente de tr\u00e2nsito, em que as pessoas n\u00e3o se conhecem).<\/p>\n\n\n\n<br>\n\n\n\n<ul class=\"wp-block-list\">\n<li><strong>MEDIA\u00c7\u00c3O<\/strong><\/li>\n<\/ul>\n\n\n\n<p>\u00c9 o m\u00e9todo de solu\u00e7\u00e3o de controv\u00e9rsias, em que o mediador, por meio do emprego de t\u00e9cnicas pr\u00f3prias do procedimento, auxilia as partes na retomada da comunica\u00e7\u00e3o, para que, por si pr\u00f3prias, possam identificar solu\u00e7\u00f5es consensuais que gerem benef\u00edcios m\u00faltiplos, sendo mais adequado aos caos em que haja v\u00ednculo anterior entre as partes ( art. 165, \u00a7 3\u00ba).<\/p>\n\n\n\n<br>\n\n\n\n<ul class=\"wp-block-list\">\n<li><strong>AUTOCOMPOSI\u00c7\u00c3O PR\u00c9-PROCESSUAL<\/strong><\/li>\n<\/ul>\n\n\n\n<p>\u00c9 a aplica\u00e7\u00e3o de m\u00e9todo autocompositivo (media\u00e7\u00e3o ou concilia\u00e7\u00e3o) a uma quest\u00e3o n\u00e3o ajuizada. A atividade pr\u00e9-processual apresenta diversas vantagens, como a maior simplicidade e menor formalidade. Sendo agendada com maior agilidade, ela pode evitar que uma situa\u00e7\u00e3o conflituosa se agrave. \u00c9 particularmente muito recomend\u00e1vel para as quest\u00f5es de fam\u00edlia e de vizinhan\u00e7a.<\/p>\n\n\n\n<br>\n\n\n\n<ul class=\"wp-block-list\">\n<li><strong>COMO RESOLVER UM PROBLEMA NO CEJUSC PR\u00c9-PROCESSUAL<\/strong><\/li>\n<\/ul>\n\n\n\n<p>O interessado deve comparecer ao CEJUSC e relatar o seu problema.<br><br>Ser\u00e1 redigido um Termo Inicial do Procedimento, designada uma audi\u00eancia de media\u00e7\u00e3o ou concilia\u00e7\u00e3o e expedido um convite para a outra parte.<br><br>O procedimento pr\u00e9-processual \u00e9 encerrado depois de realizada a tentativa de autocomposi\u00e7\u00e3o. Havendo acordo, um termo ser\u00e1 assinado pelas partes. N\u00e3o ocorrendo a solu\u00e7\u00e3o consensual, o procedimento ser\u00e1 dado por conclu\u00eddo, ocasi\u00e3o em que a parte receber\u00e1 orienta\u00e7\u00e3o sobre como buscar outra via de solu\u00e7\u00e3o para a quest\u00e3o n\u00e3o resolvida.<br><br>Os endere\u00e7os das unidades pr\u00e9-processuais de Salvador e demais cidades do Estado da Bahia est\u00e3o dispon\u00edveis na p\u00e1gina do NUPEMEC na internet &#8211; https:\/\/www.tjba.jus.br\/nupemec. Outras informa\u00e7\u00f5es podem ser obtidas por mensagem para nupemec@tjba.jus.br.<\/p>\n\n\n\n<br>\n\n\n\n<ul class=\"wp-block-list\">\n<li><strong>QUEST\u00d5ES QUE PODEM SER TRATADAS NO CEJUSC PR\u00c9-PROCESSUAL<\/strong><\/li>\n<\/ul>\n\n\n\n<p>Div\u00f3rcio, alimentos, reconhecimento e dissolu\u00e7\u00e3o de uni\u00e3o est\u00e1vel, reconhecimento de rela\u00e7\u00e3o de parentesco, regulamenta\u00e7\u00e3o da conviv\u00eancia familiar, guarda dos filhos menores de idade e partilha de bens.<br><br>H\u00e1 Cejuscs tem\u00e1ticos, como os c\u00edveis e de rela\u00e7\u00e3o de consumo e ainda e especializados em Justi\u00e7a Restaurativa.<br><br>De acordo com o art. 21, da Resolu\u00e7\u00e3o TJBA 24\/2015, n\u00e3o haver\u00e1 cobran\u00e7a de custas em rela\u00e7\u00e3o a esse procedimento, quando a quest\u00e3o c\u00edvel tiver valor igual ou inferior a 40 sal\u00e1rios m\u00ednimos.<br><br>Os casos de fam\u00edlia ficam dispensados do pagamento de custas, exceto os acordos que resultem em transmiss\u00e3o de propriedade de bem de valor superior ao do limite de isen\u00e7\u00e3o do IPTU.<\/p>\n\n\n\n<br>\n\n\n\n<ul class=\"wp-block-list\">\n<li><strong>SETOR PROCESSUAL<\/strong><\/li>\n<\/ul>\n\n\n\n<p>\u00c9 o setor que realiza a audi\u00eancia de concilia\u00e7\u00e3o ou media\u00e7\u00e3o de uma quest\u00e3o j\u00e1 ajuizada. Nesse, caso, o Juiz da Vara encaminha o processo para tentativa de solu\u00e7\u00e3o no CEJUSC. N\u00e3o haver\u00e1 cobran\u00e7a de custas por esse servi\u00e7o. Se as partes desejarem, poder\u00e3o recorrer ao trabalho de mediadores de C\u00e2maras Privadas de Media\u00e7\u00e3o.<\/p>\n\n\n\n<br>\n\n\n\n<ul class=\"wp-block-list\">\n<li><strong>MAT\u00c9RIAS ATENDIDAS NO SETOR PROCESSUAL<\/strong><\/li>\n<\/ul>\n\n\n\n<p>Em comarcas com varas especializadas, a estrutura\u00e7\u00e3o dos CEJUSCS observar\u00e1 a mesma organiza\u00e7\u00e3o das varas. Assim, para cada grupo de varas (fam\u00edlia, c\u00edveis e comerciais, rela\u00e7\u00e3o de consumo e fazenda p\u00fablica) haver\u00e1 um CEJUSC espec\u00edfico.<\/p>\n\n\n\n<br>\n\n\n\n<ul class=\"wp-block-list\">\n<li><strong>REQUISITOS PARA A DESIGNA\u00c7\u00c3O DA AUDI\u00caNCIA DE CONCILIA\u00c7\u00c3O OU MEDIA\u00c7\u00c3O<\/strong><\/li>\n<\/ul>\n\n\n\n<p>O CPC, no art. 334 determina que o Juiz deve designar audi\u00eancia de media\u00e7\u00e3o ou concilia\u00e7\u00e3o quando:<br>1) A Peti\u00e7\u00e3o Inicial preencher os requisitos essenciais, e<br>2) N\u00e3o for caso de improced\u00eancia liminar do pedido.<\/p>\n\n\n\n<br>\n\n\n\n<ul class=\"wp-block-list\">\n<li><strong>PRAZO PARA O AGENDAMENTO DA AUDI\u00caNCIA<\/strong><\/li>\n<\/ul>\n\n\n\n<p>Ainda no art. 334, o CPC estabelece que a audi\u00eancia de concilia\u00e7\u00e3o ou de media\u00e7\u00e3o deve ser designada com anteced\u00eancia m\u00ednima de 30 dias, devendo a parte demanda ser citada com pelo menos 20 dias de anteced\u00eancia.<\/p>\n\n\n\n<br>\n\n\n\n<ul class=\"wp-block-list\">\n<li><strong>QUANTIDADE DE SESS\u00d5ES DE MEDIA\u00c7\u00c3O OU CONCILIA\u00c7\u00c3O<\/strong><\/li>\n<\/ul>\n\n\n\n<p>O art. 334, \u00a7 2\u00ba, disp\u00f5e que poder\u00e1 haver mais de uma sess\u00e3o destinada \u00e0 concilia\u00e7\u00e3o e \u00e0 media\u00e7\u00e3o, que devem ocorrer no per\u00edodo de at\u00e9 2 meses da data de realiza\u00e7\u00e3o da primeira sess\u00e3o. Por conven\u00e7\u00e3o das partes, esse prazo pode ser ampliado.<\/p>\n\n\n\n<br>\n\n\n\n<ul class=\"wp-block-list\">\n<li><strong>MANIFESTA\u00c7\u00c3O DO DESINTERESSE NA AUDI\u00caNCIA<\/strong><\/li>\n<\/ul>\n\n\n\n<p>O \u00a7 5\u00ba do art. 334 do CPC estabelece que o autor dever\u00e1 indicar na peti\u00e7\u00e3o inicial o seu desinteresse na autocomposi\u00e7\u00e3o, e o r\u00e9u dever\u00e1 faz\u00ea-lo, por peti\u00e7\u00e3o, com 10 dias de anteced\u00eancia, contados a partir da data da audi\u00eancia. A audi\u00eancia n\u00e3o ser\u00e1 obrigat\u00f3ria quando houver essas duas manifesta\u00e7\u00f5es.<\/p>\n\n\n\n<br>\n\n\n\n<ul class=\"wp-block-list\">\n<li><strong>N\u00c3O COMPARECIMENTO \u00c0 AUDI\u00caNCIA DE MEDIA\u00c7\u00c3O\/CONCILIA\u00c7\u00c3O<\/strong><\/li>\n<\/ul>\n\n\n\n<p>O CPC disp\u00f5e que o n\u00e3o comparecimento injustificado do autor ou do r\u00e9u \u00e0 audi\u00eancia ser\u00e1 considerado ato atentat\u00f3rio \u00e0 dignidade da justi\u00e7a e ser\u00e1 sancionado com multa de at\u00e9 2% da vantagem econ\u00f4mica pretendida ou do valor da causa, que ser\u00e1 revertida em favor da Uni\u00e3o (art. 334, \u00a7 8\u00ba).<\/p>\n\n\n\n<br>\n\n\n\n<ul class=\"wp-block-list\">\n<li><strong>PRESEN\u00c7A DO ADVOGADO<\/strong><\/li>\n<\/ul>\n\n\n\n<p>O \u00a7 9\u00ba do art. 334, estabelece que as partes devem estar acompanhada por seus advogados ou defensores p\u00fablicos.<br>O C\u00f3digo de \u00c9tica da Advocacia, aprovado pela Resolu\u00e7\u00e3o n\u00ba 02\/2015, do Conselho Federal da OAB, no art. 2\u00ba, par\u00e1grafo \u00fanico, VI, estabelece que \u00e9 dever do advogado \u201cestimular, a qualquer tempo, a concilia\u00e7\u00e3o e a media\u00e7\u00e3o entre os litigantes, prevenindo, sempre que poss\u00edvel, a instaura\u00e7\u00e3o de lit\u00edgios\u201d.<\/p>\n\n\n\n<br>\n\n\n\n<ul class=\"wp-block-list\">\n<li><strong>PAPEL DO ADVOGADO NA AUDI\u00caNCIA DE CONCILIA\u00c7\u00c3O OU MEDIA\u00c7\u00c3O<\/strong><\/li>\n<\/ul>\n\n\n\n<p>A atua\u00e7\u00e3o do advogado ser\u00e1 importante, porque ele poder\u00e1 prestar a assist\u00eancia necess\u00e1ria para que o seu cliente possa ter a seguran\u00e7a para formalizar um acordo.<\/p>\n\n\n\n<br>\n\n\n\n<ul class=\"wp-block-list\">\n<li><strong>AFIRMA\u00c7\u00d5ES EFETUADAS DURANTE A SESS\u00c3O<\/strong><\/li>\n<\/ul>\n\n\n\n<p>A Lei de Media\u00e7\u00e3o, no art. 30, obriga as partes, seus prepostos, advogados e assessores t\u00e9cnicos \u00e0 confidencialidade sobre declara\u00e7\u00e3o, opini\u00e3o, sugest\u00e3o, promessa ou proposta formulada por uma parte \u00e0 outra na busca de entendimento para o conflito; reconhecimento de fato por qualquer das partes no curso do procedimento de media\u00e7\u00e3o; manifesta\u00e7\u00e3o de aceita\u00e7\u00e3o de proposta de acordo apresentada pelo mediador; documento preparado unicamente para os fins do procedimento de media\u00e7\u00e3o.<br><br>Al\u00e9m disso, o \u00a7 2\u00ba, do art. 30, da Lei de Media\u00e7\u00e3o, determina que a prova apresentada em desacordo com o disposto no referido artigo n\u00e3o ser\u00e1 admitida em processo arbitral ou judicial, isto \u00e9, a prova n\u00e3o ser\u00e1 v\u00e1lida.<\/p>\n\n\n\n<br>\n\n\n\n<ul class=\"wp-block-list\">\n<li><strong>PRAZO PARA A DEFESA, N\u00c3O HAVENDO ACORDO EM AUDI\u00caNCIA<\/strong><\/li>\n<\/ul>\n\n\n\n<p>O legislador proporcionou um ambiente totalmente seguro para as partes possam negociar um prov\u00e1vel acordo com tranquilidade, sem possibilidade de preju\u00edzo em rela\u00e7\u00e3o \u00e0 sua defesa, caso n\u00e3o haja acordo.<br><br>Por isso \u00e9 que existem regras como a da confidencialidade, bem como a de que o prazo para a defesa s\u00f3 come\u00e7a a correr depois da audi\u00eancia, caso n\u00e3o haja acordo.<br><br>Assim, a lei imp\u00f4s uma pausa \u00e0 litigiosidade nessa fase processual, em que as partes devem ficar totalmente despreocupadas com estrat\u00e9gias de defesa processual.<\/p>\n\n\n\n<br>\n\n\n\n<ul class=\"wp-block-list\">\n<li><strong>PAPEL DO CONCILIADOR E DO MEDIADOR<\/strong><\/li>\n<\/ul>\n\n\n\n<p>Como afirmado no \u00a7 \u00fanico, do art. 1\u00ba, da Lei n\u00ba 13.140, a media\u00e7\u00e3o \u00e9 a atividade t\u00e9cnica exercida por terceiro imparcial sem poder decis\u00f3rio que auxilia e estimula as partes a identificar ou desenvolver solu\u00e7\u00f5es consensuais para a controv\u00e9rsia.<br><br>Assim, embora ele presida a audi\u00eancia, o seu papel n\u00e3o deve ser confundido com a de uma autoridade \u00e0 qual devem ser apresentados requerimentos. O seu objetivo \u00e9 a tentativa de obten\u00e7\u00e3o de um acordo que satisfa\u00e7a \u00e0s partes.<\/p>\n\n\n\n<br>\n\n\n\n<ul class=\"wp-block-list\">\n<li><strong>DECIS\u00c3O PELO N\u00c3O ACORDO<\/strong><\/li>\n<\/ul>\n\n\n\n<p>Embora um acordo possa se revelar a melhor solu\u00e7\u00e3o para uma demanda, ningu\u00e9m poder\u00e1 ser obrigado a celebr\u00e1-lo.<br><br>At\u00e9 mesmo a perman\u00eancia na sess\u00e3o de media\u00e7\u00e3o n\u00e3o pode ser imposta contra a vontade da parte (art. 2\u00ba, \u00a7 2\u00ba, da LM), mas o seu comparecimento \u00e9 obrigat\u00f3rio para que, depois de ouvidas \u00e0s regras da audi\u00eancia, possa livremente se manifestar sobre a conveni\u00eancia de nela permanecer e estabelecer uma discuss\u00e3o visando uma solu\u00e7\u00e3o consensual.<\/p>\n\n\n\n<br>\n\n\n\n<ul class=\"wp-block-list\">\n<li><strong>RESULTADOS POSS\u00cdVEIS NA AUDI\u00caNCIA<\/strong><\/li>\n<\/ul>\n\n\n\n<p>Na media\u00e7\u00e3o processual, havendo acordo, um termo ser\u00e1 redigido e assinado. O processo retorna para a vara de origem para homologa\u00e7\u00e3o.<br><br>N\u00e3o havendo acordo, os autos retornam para a vara de origem para prosseguimento da demanda. Inicia-se o prazo para a apresenta\u00e7\u00e3o da defesa.<\/p>\n","protected":false},"excerpt":{"rendered":"<p>O N\u00facleo Permanente de M\u00e9todos Consensuais de Solu\u00e7\u00e3o de Conflitos (NUPEMEC) \u00e9 o \u00f3rg\u00e3o central incumbido do planejamento e coordena\u00e7\u00e3o [&hellip;]<\/p>\n","protected":false},"author":3,"featured_media":0,"parent":0,"menu_order":0,"comment_status":"closed","ping_status":"closed","template":"","meta":{"_acf_changed":false,"footnotes":""},"class_list":["post-3375","page","type-page","status-publish","hentry"],"acf":[],"featured_image_src":null,"_links":{"self":[{"href":"https:\/\/www.tjba.jus.br\/nupemec\/wp-json\/wp\/v2\/pages\/3375","targetHints":{"allow":["GET"]}}],"collection":[{"href":"https:\/\/www.tjba.jus.br\/nupemec\/wp-json\/wp\/v2\/pages"}],"about":[{"href":"https:\/\/www.tjba.jus.br\/nupemec\/wp-json\/wp\/v2\/types\/page"}],"author":[{"embeddable":true,"href":"https:\/\/www.tjba.jus.br\/nupemec\/wp-json\/wp\/v2\/users\/3"}],"replies":[{"embeddable":true,"href":"https:\/\/www.tjba.jus.br\/nupemec\/wp-json\/wp\/v2\/comments?post=3375"}],"version-history":[{"count":19,"href":"https:\/\/www.tjba.jus.br\/nupemec\/wp-json\/wp\/v2\/pages\/3375\/revisions"}],"predecessor-version":[{"id":5632,"href":"https:\/\/www.tjba.jus.br\/nupemec\/wp-json\/wp\/v2\/pages\/3375\/revisions\/5632"}],"wp:attachment":[{"href":"https:\/\/www.tjba.jus.br\/nupemec\/wp-json\/wp\/v2\/media?parent=3375"}],"curies":[{"name":"wp","href":"https:\/\/api.w.org\/{rel}","templated":true}]}}