{"id":11887,"date":"2025-08-06T12:48:39","date_gmt":"2025-08-06T15:48:39","guid":{"rendered":"https:\/\/tjba.jus.br\/portalconectainterior\/?page_id=11887"},"modified":"2025-08-13T10:11:57","modified_gmt":"2025-08-13T13:11:57","slug":"terceirizados","status":"publish","type":"page","link":"https:\/\/www.tjba.jus.br\/portalconectainterior\/terceirizados\/","title":{"rendered":"Terceiriza\u00e7\u00e3o"},"content":{"rendered":"\n<figure class=\"wp-block-image is-resized\"><img loading=\"lazy\" decoding=\"async\" width=\"2560\" height=\"1708\" src=\"https:\/\/tjba.jus.br\/portalconectainterior\/wp-content\/uploads\/2025\/08\/TERCEIRIZACAO-scaled.jpeg\" alt=\"\" class=\"wp-image-12015\" style=\"object-fit:cover;width:800px;height:250px\" srcset=\"https:\/\/www.tjba.jus.br\/portalconectainterior\/wp-content\/uploads\/2025\/08\/TERCEIRIZACAO-scaled.jpeg 2560w, https:\/\/www.tjba.jus.br\/portalconectainterior\/wp-content\/uploads\/2025\/08\/TERCEIRIZACAO-300x200.jpeg 300w, https:\/\/www.tjba.jus.br\/portalconectainterior\/wp-content\/uploads\/2025\/08\/TERCEIRIZACAO-1024x683.jpeg 1024w, https:\/\/www.tjba.jus.br\/portalconectainterior\/wp-content\/uploads\/2025\/08\/TERCEIRIZACAO-768x512.jpeg 768w, https:\/\/www.tjba.jus.br\/portalconectainterior\/wp-content\/uploads\/2025\/08\/TERCEIRIZACAO-1536x1025.jpeg 1536w, https:\/\/www.tjba.jus.br\/portalconectainterior\/wp-content\/uploads\/2025\/08\/TERCEIRIZACAO-2048x1366.jpeg 2048w\" sizes=\"auto, (max-width: 2560px) 100vw, 2560px\" \/><\/figure>\n\n\n\n<p>Esta se\u00e7\u00e3o disponibiliza informa\u00e7\u00f5es e documentos relacionados aos contratos firmados com empresas prestadoras de servi\u00e7os terceirizados no \u00e2mbito da unidade. Os contratos abrangem atividades de apoio administrativo, operacional e t\u00e9cnico, sendo regidos pela legisla\u00e7\u00e3o vigente e pelas diretrizes do Tribunal de Justi\u00e7a da Bahia.<\/p>\n","protected":false},"excerpt":{"rendered":"<p>Esta se\u00e7\u00e3o disponibiliza informa\u00e7\u00f5es e documentos relacionados aos contratos firmados com empresas prestadoras de servi\u00e7os terceirizados no \u00e2mbito da unidade. [&hellip;]<\/p>\n","protected":false},"author":30,"featured_media":0,"parent":0,"menu_order":0,"comment_status":"closed","ping_status":"closed","template":"","meta":{"_acf_changed":false,"ub_ctt_via":"","footnotes":""},"class_list":["post-11887","page","type-page","status-publish","hentry"],"acf":[],"featured_image_src":null,"_links":{"self":[{"href":"https:\/\/www.tjba.jus.br\/portalconectainterior\/wp-json\/wp\/v2\/pages\/11887","targetHints":{"allow":["GET"]}}],"collection":[{"href":"https:\/\/www.tjba.jus.br\/portalconectainterior\/wp-json\/wp\/v2\/pages"}],"about":[{"href":"https:\/\/www.tjba.jus.br\/portalconectainterior\/wp-json\/wp\/v2\/types\/page"}],"author":[{"embeddable":true,"href":"https:\/\/www.tjba.jus.br\/portalconectainterior\/wp-json\/wp\/v2\/users\/30"}],"replies":[{"embeddable":true,"href":"https:\/\/www.tjba.jus.br\/portalconectainterior\/wp-json\/wp\/v2\/comments?post=11887"}],"version-history":[{"count":3,"href":"https:\/\/www.tjba.jus.br\/portalconectainterior\/wp-json\/wp\/v2\/pages\/11887\/revisions"}],"predecessor-version":[{"id":12038,"href":"https:\/\/www.tjba.jus.br\/portalconectainterior\/wp-json\/wp\/v2\/pages\/11887\/revisions\/12038"}],"wp:attachment":[{"href":"https:\/\/www.tjba.jus.br\/portalconectainterior\/wp-json\/wp\/v2\/media?parent=11887"}],"curies":[{"name":"wp","href":"https:\/\/api.w.org\/{rel}","templated":true}]}}