{"id":1323,"date":"2026-02-24T15:20:19","date_gmt":"2026-02-24T18:20:19","guid":{"rendered":"https:\/\/www.tjba.jus.br\/portaldatecnologia\/?page_id=1323"},"modified":"2026-02-24T15:20:19","modified_gmt":"2026-02-24T18:20:19","slug":"microsoft-teams","status":"publish","type":"page","link":"https:\/\/www.tjba.jus.br\/portaldatecnologia\/microsoft-teams\/","title":{"rendered":"Microsoft Teams"},"content":{"rendered":"\n<figure class=\"wp-block-image size-full\"><img loading=\"lazy\" decoding=\"async\" width=\"1640\" height=\"400\" src=\"https:\/\/www.tjba.jus.br\/portaldatecnologia\/wp-content\/uploads\/2026\/02\/Banner-Microsoft-Teams.png\" alt=\"\" class=\"wp-image-1324\" srcset=\"https:\/\/www.tjba.jus.br\/portaldatecnologia\/wp-content\/uploads\/2026\/02\/Banner-Microsoft-Teams.png 1640w, https:\/\/www.tjba.jus.br\/portaldatecnologia\/wp-content\/uploads\/2026\/02\/Banner-Microsoft-Teams-300x73.png 300w, https:\/\/www.tjba.jus.br\/portaldatecnologia\/wp-content\/uploads\/2026\/02\/Banner-Microsoft-Teams-1024x250.png 1024w, https:\/\/www.tjba.jus.br\/portaldatecnologia\/wp-content\/uploads\/2026\/02\/Banner-Microsoft-Teams-768x187.png 768w, https:\/\/www.tjba.jus.br\/portaldatecnologia\/wp-content\/uploads\/2026\/02\/Banner-Microsoft-Teams-1536x375.png 1536w\" sizes=\"auto, (max-width: 1640px) 100vw, 1640px\" \/><\/figure>\n\n\n\n<div style=\"height:20px\" aria-hidden=\"true\" class=\"wp-block-spacer\"><\/div>\n\n\n\n<h2 class=\"wp-block-heading has-text-color has-link-color wp-elements-82bd6aaf94d203cca90dbf57ac928cc7\" style=\"color:#13477c\">Microsoft Teams<\/h2>\n\n\n\n<p>O Microsoft Teams \u00e9 a plataforma institucional adotada pelo Tribunal de Justi\u00e7a do Estado da Bahia para a realiza\u00e7\u00e3o de audi\u00eancias virtuais, bem como para reuni\u00f5es, sess\u00f5es e encontros de comit\u00eas, comiss\u00f5es e grupos de trabalho. A ferramenta possibilita comunica\u00e7\u00e3o s\u00edncrona por videoconfer\u00eancia, com recursos integrados de grava\u00e7\u00e3o, compartilhamento de tela e gest\u00e3o de participantes, assegurando seguran\u00e7a, rastreabilidade e confiabilidade institucional.<\/p>\n\n\n\n<div style=\"height:20px\" aria-hidden=\"true\" class=\"wp-block-spacer\"><\/div>\n\n\n\n<h2 class=\"wp-block-heading has-text-color has-link-color wp-elements-0726c8a80023f946440b2ad7f3ea56ac\" style=\"color:#13477c\">Como usar?<\/h2>\n\n\n\n<p>O acesso ao Microsoft Teams \u00e9 realizado por meio de login com o e-mail institucional do TJBA, podendo ocorrer via navegador ou aplicativo oficial. No \u00e2mbito das audi\u00eancias judiciais, a ferramenta \u00e9 utilizada de forma integrada \u00e0s solu\u00e7\u00f5es institucionais do Tribunal, permitindo a grava\u00e7\u00e3o autom\u00e1tica das sess\u00f5es, que s\u00e3o posteriormente armazenadas em reposit\u00f3rios.<\/p>\n\n\n\n<p>Para reuni\u00f5es de comit\u00eas, comiss\u00f5es e \u00f3rg\u00e3os colegiados, o Teams permite o agendamento de encontros, a grava\u00e7\u00e3o das reuni\u00f5es, o compartilhamento de documentos e a organiza\u00e7\u00e3o das intera\u00e7\u00f5es, respeitadas as regras de acesso e confidencialidade definidas pelo Tribunal.<\/p>\n\n\n\n<h2 class=\"wp-block-heading has-text-color has-link-color wp-elements-0db6108be4dbc5a954c2b52d70a7484b\" style=\"color:#13477c\">P\u00fablico-alvo<\/h2>\n\n\n\n<p>O Microsoft Teams \u00e9 destinado a magistrados(as), servidores(as), estagi\u00e1rios(as), bem como a convidados autorizados, para a realiza\u00e7\u00e3o de audi\u00eancias virtuais, reuni\u00f5es administrativas, encontros t\u00e9cnicos e atividades colaborativas, conforme as atribui\u00e7\u00f5es funcionais e os perfis de acesso estabelecidos.<\/p>\n\n\n\n<div style=\"height:20px\" aria-hidden=\"true\" class=\"wp-block-spacer\"><\/div>\n\n\n\n<h2 class=\"wp-block-heading has-text-color has-link-color wp-elements-3b397bcd2bbe9f4fd6e762d045c0d24e\" style=\"color:#13477c\">Benef\u00edcios<\/h2>\n\n\n\n<p>A utiliza\u00e7\u00e3o do Microsoft Teams amplia a efici\u00eancia e a acessibilidade das audi\u00eancias e reuni\u00f5es institucionais, reduzindo deslocamentos e otimizando o tempo de trabalho. A ferramenta assegura a grava\u00e7\u00e3o e o registro das sess\u00f5es, promovendo transpar\u00eancia, rastreabilidade e seguran\u00e7a da informa\u00e7\u00e3o.<\/p>\n\n\n\n<div style=\"height:20px\" aria-hidden=\"true\" class=\"wp-block-spacer\"><\/div>\n\n\n\n<h2 class=\"wp-block-heading has-text-color has-link-color wp-elements-78e9a5c6e18fcf9d7120616118565cbb\" style=\"color:#13477c\">Guias e Manuais<\/h2>\n\n\n\n<ul style=\"color:#13477c\" class=\"wp-block-list has-text-color has-link-color wp-elements-d4068da268301b0b9fa8b506e43e28f8\">\n<li>Lorem Ipsum na internet tendem a repetir peda\u00e7os predefinidos conforme necess\u00e1rio<\/li>\n\n\n\n<li>Lorem Ipsum na internet tendem a repetir peda\u00e7os predefinidos conforme necess\u00e1rio<\/li>\n<\/ul>\n\n\n\n<div style=\"height:20px\" aria-hidden=\"true\" class=\"wp-block-spacer\"><\/div>\n\n\n\n<h2 class=\"wp-block-heading has-text-color has-link-color wp-elements-f62605e10d95a8703e2d0c48f2bdeeb1\" style=\"color:#13477c\">V\u00eddeos<\/h2>\n\n\n\n<div class=\"wp-block-columns is-layout-flex wp-container-core-columns-is-layout-9d6595d7 wp-block-columns-is-layout-flex\">\n<div class=\"wp-block-column is-layout-flow wp-block-column-is-layout-flow\" style=\"flex-basis:10%\"><\/div>\n\n\n\n<div class=\"wp-block-column is-layout-flow wp-block-column-is-layout-flow\" style=\"flex-basis:40%\">\n<figure class=\"wp-block-image size-large\"><img loading=\"lazy\" decoding=\"async\" width=\"1024\" height=\"576\" src=\"https:\/\/www.tjba.jus.br\/portaldatecnologia\/wp-content\/uploads\/2026\/01\/Ativo-18@4x-1024x576.png\" alt=\"\" class=\"wp-image-1237\" srcset=\"https:\/\/www.tjba.jus.br\/portaldatecnologia\/wp-content\/uploads\/2026\/01\/Ativo-18@4x-1024x576.png 1024w, https:\/\/www.tjba.jus.br\/portaldatecnologia\/wp-content\/uploads\/2026\/01\/Ativo-18@4x-300x169.png 300w, https:\/\/www.tjba.jus.br\/portaldatecnologia\/wp-content\/uploads\/2026\/01\/Ativo-18@4x-768x432.png 768w, https:\/\/www.tjba.jus.br\/portaldatecnologia\/wp-content\/uploads\/2026\/01\/Ativo-18@4x-1536x864.png 1536w, https:\/\/www.tjba.jus.br\/portaldatecnologia\/wp-content\/uploads\/2026\/01\/Ativo-18@4x-2048x1152.png 2048w\" sizes=\"auto, (max-width: 1024px) 100vw, 1024px\" \/><\/figure>\n<\/div>\n\n\n\n<div class=\"wp-block-column is-layout-flow wp-block-column-is-layout-flow\" style=\"flex-basis:40%\">\n<figure class=\"wp-block-image size-large\"><img loading=\"lazy\" decoding=\"async\" width=\"1024\" height=\"576\" src=\"https:\/\/www.tjba.jus.br\/portaldatecnologia\/wp-content\/uploads\/2026\/01\/Ativo-18@4x-1024x576.png\" alt=\"\" class=\"wp-image-1237\" srcset=\"https:\/\/www.tjba.jus.br\/portaldatecnologia\/wp-content\/uploads\/2026\/01\/Ativo-18@4x-1024x576.png 1024w, https:\/\/www.tjba.jus.br\/portaldatecnologia\/wp-content\/uploads\/2026\/01\/Ativo-18@4x-300x169.png 300w, https:\/\/www.tjba.jus.br\/portaldatecnologia\/wp-content\/uploads\/2026\/01\/Ativo-18@4x-768x432.png 768w, https:\/\/www.tjba.jus.br\/portaldatecnologia\/wp-content\/uploads\/2026\/01\/Ativo-18@4x-1536x864.png 1536w, https:\/\/www.tjba.jus.br\/portaldatecnologia\/wp-content\/uploads\/2026\/01\/Ativo-18@4x-2048x1152.png 2048w\" sizes=\"auto, (max-width: 1024px) 100vw, 1024px\" \/><\/figure>\n<\/div>\n\n\n\n<div class=\"wp-block-column is-layout-flow wp-block-column-is-layout-flow\" style=\"flex-basis:10%\"><\/div>\n<\/div>\n\n\n\n<p><\/p>\n","protected":false},"excerpt":{"rendered":"<p>Microsoft Teams O Microsoft Teams \u00e9 a plataforma institucional adotada pelo Tribunal de Justi\u00e7a do Estado da Bahia para a realiza\u00e7\u00e3o de audi\u00eancias virtuais, bem como para reuni\u00f5es, sess\u00f5es e encontros de comit\u00eas, comiss\u00f5es e grupos de trabalho. A ferramenta possibilita comunica\u00e7\u00e3o s\u00edncrona por videoconfer\u00eancia, com recursos integrados de grava\u00e7\u00e3o, compartilhamento de tela e gest\u00e3o [&hellip;]<\/p>\n","protected":false},"author":2,"featured_media":0,"parent":0,"menu_order":0,"comment_status":"closed","ping_status":"closed","template":"page-modelo.php","meta":{"ub_ctt_via":"","footnotes":""},"class_list":["post-1323","page","type-page","status-publish","hentry"],"acf":[],"featured_image_src":null,"_links":{"self":[{"href":"https:\/\/www.tjba.jus.br\/portaldatecnologia\/wp-json\/wp\/v2\/pages\/1323","targetHints":{"allow":["GET"]}}],"collection":[{"href":"https:\/\/www.tjba.jus.br\/portaldatecnologia\/wp-json\/wp\/v2\/pages"}],"about":[{"href":"https:\/\/www.tjba.jus.br\/portaldatecnologia\/wp-json\/wp\/v2\/types\/page"}],"author":[{"embeddable":true,"href":"https:\/\/www.tjba.jus.br\/portaldatecnologia\/wp-json\/wp\/v2\/users\/2"}],"replies":[{"embeddable":true,"href":"https:\/\/www.tjba.jus.br\/portaldatecnologia\/wp-json\/wp\/v2\/comments?post=1323"}],"version-history":[{"count":1,"href":"https:\/\/www.tjba.jus.br\/portaldatecnologia\/wp-json\/wp\/v2\/pages\/1323\/revisions"}],"predecessor-version":[{"id":1325,"href":"https:\/\/www.tjba.jus.br\/portaldatecnologia\/wp-json\/wp\/v2\/pages\/1323\/revisions\/1325"}],"wp:attachment":[{"href":"https:\/\/www.tjba.jus.br\/portaldatecnologia\/wp-json\/wp\/v2\/media?parent=1323"}],"curies":[{"name":"wp","href":"https:\/\/api.w.org\/{rel}","templated":true}]}}