{"id":223,"date":"2024-08-07T14:31:36","date_gmt":"2024-08-07T17:31:36","guid":{"rendered":"https:\/\/homologacaointerna.tjba.jus.br\/setim\/?page_id=223"},"modified":"2026-03-13T11:02:33","modified_gmt":"2026-03-13T14:02:33","slug":"organograma","status":"publish","type":"page","link":"https:\/\/www.tjba.jus.br\/portaldatecnologia\/organograma\/","title":{"rendered":"SETIM"},"content":{"rendered":"\n<p class=\"has-text-color has-link-color wp-elements-505fe7452637dbcf75381c7bbecb6554\" style=\"color:#0d375e;font-size:25px;font-style:normal;font-weight:700\"><strong>QUEM SOMOS<\/strong><\/p>\n\n\n\n<p style=\"font-size:16px\">A Secretaria de Tecnologia e Moderniza\u00e7\u00e3o (SETIM) \u00e9 a unidade respons\u00e1vel por <strong>prover solu\u00e7\u00f5es, formular, coordenar e executar as pol\u00edticas, diretrizes e atividades <\/strong>aderentes \u00e0s pol\u00edticas e estrat\u00e9gias do Tribunal de Justi\u00e7a do Estado da Bahia (TJBA), de modo a fortalecer o elo entre a TIC e o neg\u00f3cio, melhorando a presta\u00e7\u00e3o jurisdicional e tornando a justi\u00e7a mais eficiente e acess\u00edvel.<\/p>\n\n\n\n<hr class=\"wp-block-separator has-alpha-channel-opacity\"\/>\n\n\n\n<p class=\"has-text-color has-link-color wp-elements-ff4af3c3c17cf278d883f0071c323ee1\" style=\"color:#0d375e;font-size:25px\"><strong>ORGANOGRAMA<\/strong><\/p>\n\n\n\n<iframe src=\"https:\/\/www.tjba.jus.br\/portaldatecnologia\/wp-content\/uploads\/2026\/03\/Organograma.drawio.html\" style=\"width: 100%; height: 500px; border: none;\"><\/iframe>\n\n\n\n<hr class=\"wp-block-separator has-alpha-channel-opacity\"\/>\n\n\n\n<p class=\"has-text-color has-link-color wp-elements-2868a84439db2f16b26c97bf78cffcc7\" style=\"color:#0d375e;font-size:25px;font-style:normal;font-weight:700\"><strong>SAIBA MAIS<\/strong><\/p>\n\n\n\n<figure class=\"wp-block-image size-full is-resized is-style-default\"><a href=\"https:\/\/www.tjba.jus.br\/portal\/plano-diretor-de-tic\/\" target=\"_blank\" rel=\"noreferrer noopener\"><img loading=\"lazy\" decoding=\"async\" width=\"1200\" height=\"188\" src=\"https:\/\/homologacaointerna.tjba.jus.br\/setim\/wp-content\/uploads\/2024\/08\/02_clique_confira.jpg\" alt=\"\" class=\"wp-image-318\" style=\"width:783px;height:auto\" srcset=\"https:\/\/www.tjba.jus.br\/portaldatecnologia\/wp-content\/uploads\/2024\/08\/02_clique_confira.jpg 1200w, https:\/\/www.tjba.jus.br\/portaldatecnologia\/wp-content\/uploads\/2024\/08\/02_clique_confira-300x47.jpg 300w, https:\/\/www.tjba.jus.br\/portaldatecnologia\/wp-content\/uploads\/2024\/08\/02_clique_confira-1024x160.jpg 1024w, https:\/\/www.tjba.jus.br\/portaldatecnologia\/wp-content\/uploads\/2024\/08\/02_clique_confira-768x120.jpg 768w\" sizes=\"auto, (max-width: 1200px) 100vw, 1200px\" \/><\/a><\/figure>\n\n\n\n<figure class=\"wp-block-image size-full is-resized\"><a href=\"https:\/\/www.tjba.jus.br\/portal\/plano-anual-de-contratacoes-setim\/\" target=\"_blank\" rel=\"noreferrer noopener\"><img loading=\"lazy\" decoding=\"async\" width=\"1200\" height=\"188\" src=\"https:\/\/homologacaointerna.tjba.jus.br\/setim\/wp-content\/uploads\/2024\/08\/04_planodecontratacoesl.jpg\" alt=\"\" class=\"wp-image-319\" style=\"width:785px;height:auto\" srcset=\"https:\/\/www.tjba.jus.br\/portaldatecnologia\/wp-content\/uploads\/2024\/08\/04_planodecontratacoesl.jpg 1200w, https:\/\/www.tjba.jus.br\/portaldatecnologia\/wp-content\/uploads\/2024\/08\/04_planodecontratacoesl-300x47.jpg 300w, https:\/\/www.tjba.jus.br\/portaldatecnologia\/wp-content\/uploads\/2024\/08\/04_planodecontratacoesl-1024x160.jpg 1024w, https:\/\/www.tjba.jus.br\/portaldatecnologia\/wp-content\/uploads\/2024\/08\/04_planodecontratacoesl-768x120.jpg 768w\" sizes=\"auto, (max-width: 1200px) 100vw, 1200px\" \/><\/a><\/figure>\n\n\n\n<figure class=\"wp-block-image size-full is-resized\"><a href=\"https:\/\/www.tjba.jus.br\/portal\/painel-do-plano-diretor-de-tecnologia-da-informacao-e-comunicacoes-de-2024\/\"><img loading=\"lazy\" decoding=\"async\" width=\"1024\" height=\"162\" src=\"https:\/\/homologacaointerna.tjba.jus.br\/setim\/wp-content\/uploads\/2024\/08\/PAINEL-DO-PLANO-DIRETOR-DE-TECNOLOGIA-DA-INFORMACAO-E-COMUNICACOES-DE-2024-1024x162-1.png\" alt=\"\" class=\"wp-image-320\" style=\"width:787px;height:auto\" srcset=\"https:\/\/www.tjba.jus.br\/portaldatecnologia\/wp-content\/uploads\/2024\/08\/PAINEL-DO-PLANO-DIRETOR-DE-TECNOLOGIA-DA-INFORMACAO-E-COMUNICACOES-DE-2024-1024x162-1.png 1024w, https:\/\/www.tjba.jus.br\/portaldatecnologia\/wp-content\/uploads\/2024\/08\/PAINEL-DO-PLANO-DIRETOR-DE-TECNOLOGIA-DA-INFORMACAO-E-COMUNICACOES-DE-2024-1024x162-1-300x47.png 300w, https:\/\/www.tjba.jus.br\/portaldatecnologia\/wp-content\/uploads\/2024\/08\/PAINEL-DO-PLANO-DIRETOR-DE-TECNOLOGIA-DA-INFORMACAO-E-COMUNICACOES-DE-2024-1024x162-1-768x122.png 768w\" sizes=\"auto, (max-width: 1024px) 100vw, 1024px\" \/><\/a><\/figure>\n\n\n\n<figure class=\"wp-block-image size-full is-resized\"><a href=\"https:\/\/www.tjba.jus.br\/portal\/painel-do-plano-de-contratacoes-de-solucoes-de-tic\/\"><img loading=\"lazy\" decoding=\"async\" width=\"1024\" height=\"162\" src=\"https:\/\/homologacaointerna.tjba.jus.br\/setim\/wp-content\/uploads\/2024\/08\/PAINEL-DO-PLANO-DE-CONTRATACOES-DE-SOLUCOES-DE-TIC-1024x162-1.png\" alt=\"\" class=\"wp-image-321\" style=\"width:788px;height:auto\" srcset=\"https:\/\/www.tjba.jus.br\/portaldatecnologia\/wp-content\/uploads\/2024\/08\/PAINEL-DO-PLANO-DE-CONTRATACOES-DE-SOLUCOES-DE-TIC-1024x162-1.png 1024w, https:\/\/www.tjba.jus.br\/portaldatecnologia\/wp-content\/uploads\/2024\/08\/PAINEL-DO-PLANO-DE-CONTRATACOES-DE-SOLUCOES-DE-TIC-1024x162-1-300x47.png 300w, https:\/\/www.tjba.jus.br\/portaldatecnologia\/wp-content\/uploads\/2024\/08\/PAINEL-DO-PLANO-DE-CONTRATACOES-DE-SOLUCOES-DE-TIC-1024x162-1-768x122.png 768w\" sizes=\"auto, (max-width: 1024px) 100vw, 1024px\" \/><\/a><\/figure>\n\n\n\n<figure class=\"wp-block-image size-full is-resized\"><a href=\"https:\/\/www.tjba.jus.br\/portal\/painel-do-plano-anual-de-capacitacoes-de-tic\/\"><img loading=\"lazy\" decoding=\"async\" width=\"1024\" height=\"162\" src=\"https:\/\/homologacaointerna.tjba.jus.br\/setim\/wp-content\/uploads\/2024\/08\/PAINEL-DO-PLANO-ANUAL-DE-CAPACITACOES-DE-TIC-1024x162-1.png\" alt=\"\" class=\"wp-image-322\" style=\"width:788px;height:auto\" srcset=\"https:\/\/www.tjba.jus.br\/portaldatecnologia\/wp-content\/uploads\/2024\/08\/PAINEL-DO-PLANO-ANUAL-DE-CAPACITACOES-DE-TIC-1024x162-1.png 1024w, https:\/\/www.tjba.jus.br\/portaldatecnologia\/wp-content\/uploads\/2024\/08\/PAINEL-DO-PLANO-ANUAL-DE-CAPACITACOES-DE-TIC-1024x162-1-300x47.png 300w, https:\/\/www.tjba.jus.br\/portaldatecnologia\/wp-content\/uploads\/2024\/08\/PAINEL-DO-PLANO-ANUAL-DE-CAPACITACOES-DE-TIC-1024x162-1-768x122.png 768w\" sizes=\"auto, (max-width: 1024px) 100vw, 1024px\" \/><\/a><\/figure>\n\n\n\n<figure class=\"wp-block-image size-full is-resized\"><a href=\"https:\/\/www.tjba.jus.br\/portal\/painel-de-projetos-de-tic\/\"><img loading=\"lazy\" decoding=\"async\" width=\"1024\" height=\"162\" src=\"https:\/\/homologacaointerna.tjba.jus.br\/setim\/wp-content\/uploads\/2024\/08\/PAINEL-DE-PROJETOS-DE-TIC-1024x162-1.png\" alt=\"\" class=\"wp-image-323\" style=\"width:789px;height:auto\" srcset=\"https:\/\/www.tjba.jus.br\/portaldatecnologia\/wp-content\/uploads\/2024\/08\/PAINEL-DE-PROJETOS-DE-TIC-1024x162-1.png 1024w, https:\/\/www.tjba.jus.br\/portaldatecnologia\/wp-content\/uploads\/2024\/08\/PAINEL-DE-PROJETOS-DE-TIC-1024x162-1-300x47.png 300w, https:\/\/www.tjba.jus.br\/portaldatecnologia\/wp-content\/uploads\/2024\/08\/PAINEL-DE-PROJETOS-DE-TIC-1024x162-1-768x122.png 768w\" sizes=\"auto, (max-width: 1024px) 100vw, 1024px\" \/><\/a><\/figure>\n\n\n\n<figure class=\"wp-block-image size-full is-resized\"><a href=\"https:\/\/www.tjba.jus.br\/portal\/painel-de-execucao-do-orcamento-de-tic-2024\/\"><img loading=\"lazy\" decoding=\"async\" width=\"1024\" height=\"162\" src=\"https:\/\/homologacaointerna.tjba.jus.br\/setim\/wp-content\/uploads\/2024\/08\/PAINEL-DE-EXECUCAO-DO-ORCAMENTO-DE-TIC-2024-1024x162-1.png\" alt=\"\" class=\"wp-image-324\" style=\"width:790px;height:auto\" srcset=\"https:\/\/www.tjba.jus.br\/portaldatecnologia\/wp-content\/uploads\/2024\/08\/PAINEL-DE-EXECUCAO-DO-ORCAMENTO-DE-TIC-2024-1024x162-1.png 1024w, https:\/\/www.tjba.jus.br\/portaldatecnologia\/wp-content\/uploads\/2024\/08\/PAINEL-DE-EXECUCAO-DO-ORCAMENTO-DE-TIC-2024-1024x162-1-300x47.png 300w, https:\/\/www.tjba.jus.br\/portaldatecnologia\/wp-content\/uploads\/2024\/08\/PAINEL-DE-EXECUCAO-DO-ORCAMENTO-DE-TIC-2024-1024x162-1-768x122.png 768w\" sizes=\"auto, (max-width: 1024px) 100vw, 1024px\" \/><\/a><\/figure>\n\n\n\n<figure class=\"wp-block-image size-full is-resized\"><a href=\"https:\/\/www.tjba.jus.br\/portal\/painel-do-portfolio-de-solucoes-de-tic\/\"><img loading=\"lazy\" decoding=\"async\" width=\"1024\" height=\"162\" src=\"https:\/\/homologacaointerna.tjba.jus.br\/setim\/wp-content\/uploads\/2024\/08\/PAINEL-DO-PORTFOLIO-DE-SOLUCOES-DE-TIC-1024x162-1.png\" alt=\"\" class=\"wp-image-325\" style=\"width:793px;height:auto\" srcset=\"https:\/\/www.tjba.jus.br\/portaldatecnologia\/wp-content\/uploads\/2024\/08\/PAINEL-DO-PORTFOLIO-DE-SOLUCOES-DE-TIC-1024x162-1.png 1024w, https:\/\/www.tjba.jus.br\/portaldatecnologia\/wp-content\/uploads\/2024\/08\/PAINEL-DO-PORTFOLIO-DE-SOLUCOES-DE-TIC-1024x162-1-300x47.png 300w, https:\/\/www.tjba.jus.br\/portaldatecnologia\/wp-content\/uploads\/2024\/08\/PAINEL-DO-PORTFOLIO-DE-SOLUCOES-DE-TIC-1024x162-1-768x122.png 768w\" sizes=\"auto, (max-width: 1024px) 100vw, 1024px\" \/><\/a><\/figure>\n\n\n\n<p><\/p>\n","protected":false},"excerpt":{"rendered":"<p>QUEM SOMOS A Secretaria de Tecnologia e Moderniza\u00e7\u00e3o (SETIM) \u00e9 a unidade respons\u00e1vel por prover solu\u00e7\u00f5es, formular, coordenar e executar as pol\u00edticas, diretrizes e atividades aderentes \u00e0s pol\u00edticas e estrat\u00e9gias do Tribunal de Justi\u00e7a do Estado da Bahia (TJBA), de modo a fortalecer o elo entre a TIC e o neg\u00f3cio, melhorando a presta\u00e7\u00e3o jurisdicional [&hellip;]<\/p>\n","protected":false},"author":5,"featured_media":0,"parent":0,"menu_order":0,"comment_status":"closed","ping_status":"closed","template":"","meta":{"ub_ctt_via":"","footnotes":""},"class_list":["post-223","page","type-page","status-publish","hentry"],"acf":[],"featured_image_src":null,"_links":{"self":[{"href":"https:\/\/www.tjba.jus.br\/portaldatecnologia\/wp-json\/wp\/v2\/pages\/223","targetHints":{"allow":["GET"]}}],"collection":[{"href":"https:\/\/www.tjba.jus.br\/portaldatecnologia\/wp-json\/wp\/v2\/pages"}],"about":[{"href":"https:\/\/www.tjba.jus.br\/portaldatecnologia\/wp-json\/wp\/v2\/types\/page"}],"author":[{"embeddable":true,"href":"https:\/\/www.tjba.jus.br\/portaldatecnologia\/wp-json\/wp\/v2\/users\/5"}],"replies":[{"embeddable":true,"href":"https:\/\/www.tjba.jus.br\/portaldatecnologia\/wp-json\/wp\/v2\/comments?post=223"}],"version-history":[{"count":22,"href":"https:\/\/www.tjba.jus.br\/portaldatecnologia\/wp-json\/wp\/v2\/pages\/223\/revisions"}],"predecessor-version":[{"id":1361,"href":"https:\/\/www.tjba.jus.br\/portaldatecnologia\/wp-json\/wp\/v2\/pages\/223\/revisions\/1361"}],"wp:attachment":[{"href":"https:\/\/www.tjba.jus.br\/portaldatecnologia\/wp-json\/wp\/v2\/media?parent=223"}],"curies":[{"name":"wp","href":"https:\/\/api.w.org\/{rel}","templated":true}]}}