{"id":643,"date":"2026-02-10T09:57:01","date_gmt":"2026-02-10T12:57:01","guid":{"rendered":"https:\/\/www.tjba.jus.br\/portaldeacessibilidade\/?page_id=643"},"modified":"2026-03-25T10:51:00","modified_gmt":"2026-03-25T13:51:00","slug":"relatorios","status":"publish","type":"page","link":"https:\/\/www.tjba.jus.br\/portaldeacessibilidade\/relatorios\/","title":{"rendered":"Relat\u00f3rios"},"content":{"rendered":"\n<p class=\"has-text-align-left\">Os Relat\u00f3rios de Acessibilidade do Tribunal de Justi\u00e7a do Estado da Bahia (TJBA) constituem os principais instrumentos de monitoramento e avalia\u00e7\u00e3o da efic\u00e1cia das pol\u00edticas de inclus\u00e3o no \u00e2mbito do judici\u00e1rio. Fundamentados no marco regulat\u00f3rio da Resolu\u00e7\u00e3o CNJ n\u00ba 401\/2021 e suas atualiza\u00e7\u00f5es, esses relat\u00f3rios oferecem um olhar sistem\u00e1tico e transparente sobre como a institui\u00e7\u00e3o est\u00e1 avan\u00e7ando na elimina\u00e7\u00e3o de barreiras para pessoas com defici\u00eancia. Eles s\u00e3o estruturados em torno de cinco dimens\u00f5es estrat\u00e9gicas: acessibilidade na gest\u00e3o, nos servi\u00e7os, comunicacional, tecnol\u00f3gica e arquitet\u00f4nica\/urban\u00edstica. Ao mapear o progresso e identificar lacunas, esses documentos garantem que as metas estabelecidas nos Planos Diretores (PDA\/PDAI) n\u00e3o sejam apenas alvos te\u00f3ricos, mas melhorias mensur\u00e1veis na qualidade do servi\u00e7o prestado ao p\u00fablico e \u00e0 pr\u00f3pria for\u00e7a de trabalho interna do tribunal.<\/p>\n\n\n\n<p class=\"has-text-align-left\">O processo de monitoramento \u00e9 desenhado para assegurar uma governan\u00e7a cont\u00ednua e a r\u00e1pida corre\u00e7\u00e3o de rumos atrav\u00e9s da coleta sistem\u00e1tica de dados e do uso de pain\u00e9is de Business Intelligence (BI). Esses relat\u00f3rios servem como uma ferramenta de presta\u00e7\u00e3o de contas institucional, permitindo que a Comiss\u00e3o Permanente de Acessibilidade e Inclus\u00e3o (CPAI) e o N\u00facleo de Acessibilidade e Inclus\u00e3o (NAI) validem a convers\u00e3o de recursos financeiros e humanos em impacto social tang\u00edvel. A transpar\u00eancia proporcionada por esses documentos peri\u00f3dicos \u00e9 essencial para o controle social, sendo os dados integrados ao Balan\u00e7o de Sustentabilidade do Poder Judici\u00e1rio e informados via sistema corporativo ao Conselho Nacional de Justi\u00e7a (CNJ). Esse ciclo de avalia\u00e7\u00e3o sistem\u00e1tica fomenta uma cultura de excel\u00eancia e humaniza\u00e7\u00e3o, onde a acessibilidade \u00e9 tratada como um valor transversal que permeia todas as decis\u00f5es administrativas e judiciais<\/p>\n\n\n\n<hr class=\"wp-block-separator has-alpha-channel-opacity\"\/>\n\n\n<div class=\"wp-block-ub-content-toggle wp-block-ub-content-toggle-block\" id=\"ub-content-toggle-block-01817739-2af5-41bc-ba2a-b05673f16403\" data-mobilecollapse=\"false\" data-desktopcollapse=\"true\" data-preventcollapse=\"false\" data-showonlyone=\"true\">\n<div class=\"wp-block-ub-content-toggle-accordion\" style=\"border-color: #f1f1f1; \" id=\"ub-content-toggle-panel-block-\">\n\t\t\t<div class=\"wp-block-ub-content-toggle-accordion-title-wrap\" style=\"background-color: #f1f1f1;\" aria-controls=\"ub-content-toggle-panel-0-01817739-2af5-41bc-ba2a-b05673f16403\" tabindex=\"0\">\n\t\t\t<p class=\"wp-block-ub-content-toggle-accordion-title ub-content-toggle-title-01817739-2af5-41bc-ba2a-b05673f16403\" style=\"color: #000000; \"><strong>RELAT\u00d3RIO DE ATIVIDADES 2025<\/strong><\/p>\n\t\t\t<div class=\"wp-block-ub-content-toggle-accordion-toggle-wrap right\" style=\"color: #000000;\"><span class=\"wp-block-ub-content-toggle-accordion-state-indicator wp-block-ub-chevron-down\"><\/span><\/div>\n\t\t<\/div>\n\t\t\t<div role=\"region\" aria-expanded=\"false\" class=\"wp-block-ub-content-toggle-accordion-content-wrap ub-hide\" id=\"ub-content-toggle-panel-0-01817739-2af5-41bc-ba2a-b05673f16403\">\n\n<p><strong><a href=\"https:\/\/www.tjba.jus.br\/portaldeacessibilidade\/wp-content\/uploads\/2026\/03\/Relatorio-de-Atividades-2025-1.pdf\">Relat\u00f3rio de Atividades de 2025:<\/a>\u00a0<\/strong>O Relat\u00f3rio de Atividades de 2025 apresenta o balan\u00e7o consolidado de execu\u00e7\u00e3o do ciclo, destacando o progresso nos eixos de infraestrutura e capacita\u00e7\u00e3o t\u00e9cnica. O documento detalha a oferta de vagas para o letramento institucional e a aplica\u00e7\u00e3o de metodologias para melhorias f\u00edsicas, registrando um \u00edndice global de cumprimento de 75% das a\u00e7\u00f5es planejadas. Este relat\u00f3rio \u00e9 essencial para a presta\u00e7\u00e3o de contas sobre o impacto das melhorias nos sistemas digitais e no atendimento ao p\u00fablico, identificando de forma clara as a\u00e7\u00f5es remanescentes que foram transportadas para o exerc\u00edcio de 2026 a fim de garantir a continuidade do compromisso com a acessibilidade plena.<\/p>\n\n<\/div>\n\t\t<\/div>\n<\/div>\n\n<div class=\"wp-block-ub-content-toggle wp-block-ub-content-toggle-block\" id=\"ub-content-toggle-block-12dae42b-a828-44f9-b54f-3588e2e0f88a\" data-mobilecollapse=\"false\" data-desktopcollapse=\"true\" data-preventcollapse=\"false\" data-showonlyone=\"true\">\n<div class=\"wp-block-ub-content-toggle-accordion\" style=\"border-color: #f1f1f1; \" id=\"ub-content-toggle-panel-block-\">\n\t\t\t<div class=\"wp-block-ub-content-toggle-accordion-title-wrap\" style=\"background-color: #f1f1f1;\" aria-controls=\"ub-content-toggle-panel-0-12dae42b-a828-44f9-b54f-3588e2e0f88a\" tabindex=\"0\">\n\t\t\t<p class=\"wp-block-ub-content-toggle-accordion-title ub-content-toggle-title-12dae42b-a828-44f9-b54f-3588e2e0f88a\" style=\"color: #000000; \"><strong>RELAT\u00d3RIO DE ATIVIDADES 2024<\/strong><\/p>\n\t\t\t<div class=\"wp-block-ub-content-toggle-accordion-toggle-wrap right\" style=\"color: #000000;\"><span class=\"wp-block-ub-content-toggle-accordion-state-indicator wp-block-ub-chevron-down\"><\/span><\/div>\n\t\t<\/div>\n\t\t\t<div role=\"region\" aria-expanded=\"false\" class=\"wp-block-ub-content-toggle-accordion-content-wrap ub-hide\" id=\"ub-content-toggle-panel-0-12dae42b-a828-44f9-b54f-3588e2e0f88a\">\n\n<p><strong><a href=\"https:\/\/www.tjba.jus.br\/portal\/wp-content\/uploads\/2025\/03\/Relatorio-Anual-2024-Preliminar-Versao-1.9.5.pdf\">Relat\u00f3rio de Atividades de 2024:<\/a>\u00a0<\/strong>O Relat\u00f3rio de Atividades de 2024 documenta a estrutura\u00e7\u00e3o das frentes tem\u00e1ticas e o mapeamento detalhado dos processos de trabalho institucionais. Este documento estabelece o diagn\u00f3stico necess\u00e1rio para orientar o planejamento, definindo regras iniciais para a acessibilidade em eventos e a normatiza\u00e7\u00e3o de recursos assistivos em comunica\u00e7\u00f5es oficiais. Ao registrar o acompanhamento de projetos de adequa\u00e7\u00e3o f\u00edsica e a revis\u00e3o de aspectos institucionais, o relat\u00f3rio fornece a base documental para o monitoramento da governan\u00e7a e o cumprimento das metas normativas, assegurando a transpar\u00eancia sobre a maturidade da gest\u00e3o no campo da acessibilidade.<\/p>\n\n<\/div>\n\t\t<\/div>\n<\/div>\n\n\n<p><\/p>\n","protected":false},"excerpt":{"rendered":"<p>Os Relat\u00f3rios de Acessibilidade do Tribunal de Justi\u00e7a do Estado da Bahia (TJBA) constituem os principais instrumentos de monitoramento e [&hellip;]<\/p>\n","protected":false},"author":16,"featured_media":0,"parent":0,"menu_order":0,"comment_status":"closed","ping_status":"closed","template":"","meta":{"_acf_changed":false,"_editorskit_title_hidden":false,"_editorskit_reading_time":0,"_editorskit_is_block_options_detached":false,"_editorskit_block_options_position":"{}","footnotes":""},"class_list":["post-643","page","type-page","status-publish","hentry"],"acf":[],"featured_image_src":null,"_links":{"self":[{"href":"https:\/\/www.tjba.jus.br\/portaldeacessibilidade\/wp-json\/wp\/v2\/pages\/643","targetHints":{"allow":["GET"]}}],"collection":[{"href":"https:\/\/www.tjba.jus.br\/portaldeacessibilidade\/wp-json\/wp\/v2\/pages"}],"about":[{"href":"https:\/\/www.tjba.jus.br\/portaldeacessibilidade\/wp-json\/wp\/v2\/types\/page"}],"author":[{"embeddable":true,"href":"https:\/\/www.tjba.jus.br\/portaldeacessibilidade\/wp-json\/wp\/v2\/users\/16"}],"replies":[{"embeddable":true,"href":"https:\/\/www.tjba.jus.br\/portaldeacessibilidade\/wp-json\/wp\/v2\/comments?post=643"}],"version-history":[{"count":13,"href":"https:\/\/www.tjba.jus.br\/portaldeacessibilidade\/wp-json\/wp\/v2\/pages\/643\/revisions"}],"predecessor-version":[{"id":923,"href":"https:\/\/www.tjba.jus.br\/portaldeacessibilidade\/wp-json\/wp\/v2\/pages\/643\/revisions\/923"}],"wp:attachment":[{"href":"https:\/\/www.tjba.jus.br\/portaldeacessibilidade\/wp-json\/wp\/v2\/media?parent=643"}],"curies":[{"name":"wp","href":"https:\/\/api.w.org\/{rel}","templated":true}]}}

Relatórios

<p class="has-text-align-left">Os Relatórios de Acessibilidade do Tribunal de Justiça do Estado da Bahia (TJBA) constituem os principais instrumentos de monitoramento e avaliação da eficácia das políticas de inclusão no âmbito do judiciário. Fundamentados no marco regulatório da Resolução CNJ nº 401/2021 e suas atualizações, esses relatórios oferecem um olhar sistemático e transparente sobre como a instituição está avançando na eliminação de barreiras para pessoas com deficiência. Eles são estruturados em torno de cinco dimensões estratégicas: acessibilidade na gestão, nos serviços, comunicacional, tecnológica e arquitetônica/urbanística. Ao mapear o progresso e identificar lacunas, esses documentos garantem que as metas estabelecidas nos Planos Diretores (PDA/PDAI) não sejam apenas alvos teóricos, mas melhorias mensuráveis na qualidade do serviço prestado ao público e à própria força de trabalho interna do tribunal.</p>



<p class="has-text-align-left">O processo de monitoramento é desenhado para assegurar uma governança contínua e a rápida correção de rumos através da coleta sistemática de dados e do uso de painéis de Business Intelligence (BI). Esses relatórios servem como uma ferramenta de prestação de contas institucional, permitindo que a Comissão Permanente de Acessibilidade e Inclusão (CPAI) e o Núcleo de Acessibilidade e Inclusão (NAI) validem a conversão de recursos financeiros e humanos em impacto social tangível. A transparência proporcionada por esses documentos periódicos é essencial para o controle social, sendo os dados integrados ao Balanço de Sustentabilidade do Poder Judiciário e informados via sistema corporativo ao Conselho Nacional de Justiça (CNJ). Esse ciclo de avaliação sistemática fomenta uma cultura de excelência e humanização, onde a acessibilidade é tratada como um valor transversal que permeia todas as decisões administrativas e judiciais</p>



<hr class="wp-block-separator has-alpha-channel-opacity"/>


<div class="wp-block-ub-content-toggle wp-block-ub-content-toggle-block" id="ub-content-toggle-block-01817739-2af5-41bc-ba2a-b05673f16403" data-mobilecollapse="false" data-desktopcollapse="true" data-preventcollapse="false" data-showonlyone="true">
<div class="wp-block-ub-content-toggle-accordion" style="border-color: #f1f1f1; " id="ub-content-toggle-panel-block-">
			<div class="wp-block-ub-content-toggle-accordion-title-wrap" style="background-color: #f1f1f1;" aria-controls="ub-content-toggle-panel-0-01817739-2af5-41bc-ba2a-b05673f16403" tabindex="0">
			<p class="wp-block-ub-content-toggle-accordion-title ub-content-toggle-title-01817739-2af5-41bc-ba2a-b05673f16403" style="color: #000000; "><strong>RELATÓRIO DE ATIVIDADES 2025</strong></p>
			<div class="wp-block-ub-content-toggle-accordion-toggle-wrap right" style="color: #000000;"><span class="wp-block-ub-content-toggle-accordion-state-indicator wp-block-ub-chevron-down"></span></div>
		</div>
			<div role="region" aria-expanded="false" class="wp-block-ub-content-toggle-accordion-content-wrap ub-hide" id="ub-content-toggle-panel-0-01817739-2af5-41bc-ba2a-b05673f16403">

<p><strong><a href="https://www.tjba.jus.br/portaldeacessibilidade/wp-content/uploads/2026/03/Relatorio-de-Atividades-2025-1.pdf">Relatório de Atividades de 2025:</a> </strong>O Relatório de Atividades de 2025 apresenta o balanço consolidado de execução do ciclo, destacando o progresso nos eixos de infraestrutura e capacitação técnica. O documento detalha a oferta de vagas para o letramento institucional e a aplicação de metodologias para melhorias físicas, registrando um índice global de cumprimento de 75% das ações planejadas. Este relatório é essencial para a prestação de contas sobre o impacto das melhorias nos sistemas digitais e no atendimento ao público, identificando de forma clara as ações remanescentes que foram transportadas para o exercício de 2026 a fim de garantir a continuidade do compromisso com a acessibilidade plena.</p>

</div>
		</div>
</div>

<div class="wp-block-ub-content-toggle wp-block-ub-content-toggle-block" id="ub-content-toggle-block-12dae42b-a828-44f9-b54f-3588e2e0f88a" data-mobilecollapse="false" data-desktopcollapse="true" data-preventcollapse="false" data-showonlyone="true">
<div class="wp-block-ub-content-toggle-accordion" style="border-color: #f1f1f1; " id="ub-content-toggle-panel-block-">
			<div class="wp-block-ub-content-toggle-accordion-title-wrap" style="background-color: #f1f1f1;" aria-controls="ub-content-toggle-panel-0-12dae42b-a828-44f9-b54f-3588e2e0f88a" tabindex="0">
			<p class="wp-block-ub-content-toggle-accordion-title ub-content-toggle-title-12dae42b-a828-44f9-b54f-3588e2e0f88a" style="color: #000000; "><strong>RELATÓRIO DE ATIVIDADES 2024</strong></p>
			<div class="wp-block-ub-content-toggle-accordion-toggle-wrap right" style="color: #000000;"><span class="wp-block-ub-content-toggle-accordion-state-indicator wp-block-ub-chevron-down"></span></div>
		</div>
			<div role="region" aria-expanded="false" class="wp-block-ub-content-toggle-accordion-content-wrap ub-hide" id="ub-content-toggle-panel-0-12dae42b-a828-44f9-b54f-3588e2e0f88a">

<p><strong><a href="https://www.tjba.jus.br/portal/wp-content/uploads/2025/03/Relatorio-Anual-2024-Preliminar-Versao-1.9.5.pdf">Relatório de Atividades de 2024:</a> </strong>O Relatório de Atividades de 2024 documenta a estruturação das frentes temáticas e o mapeamento detalhado dos processos de trabalho institucionais. Este documento estabelece o diagnóstico necessário para orientar o planejamento, definindo regras iniciais para a acessibilidade em eventos e a normatização de recursos assistivos em comunicações oficiais. Ao registrar o acompanhamento de projetos de adequação física e a revisão de aspectos institucionais, o relatório fornece a base documental para o monitoramento da governança e o cumprimento das metas normativas, assegurando a transparência sobre a maturidade da gestão no campo da acessibilidade.</p>

</div>
		</div>
</div>


<p></p>

<p>Os Relatórios de Acessibilidade do Tribunal de Justiça do Estado da Bahia (TJBA) constituem os principais instrumentos de monitoramento e [&hellip;]</p>
