{"id":721,"date":"2026-03-09T11:12:51","date_gmt":"2026-03-09T14:12:51","guid":{"rendered":"https:\/\/www.tjba.jus.br\/portaldeacessibilidade\/?page_id=721"},"modified":"2026-03-30T15:22:12","modified_gmt":"2026-03-30T18:22:12","slug":"libras","status":"publish","type":"page","link":"https:\/\/www.tjba.jus.br\/portaldeacessibilidade\/libras\/","title":{"rendered":"Libras"},"content":{"rendered":"\n<figure class=\"wp-block-image size-large\"><img loading=\"lazy\" decoding=\"async\" width=\"1024\" height=\"332\" src=\"https:\/\/www.tjba.jus.br\/portaldeacessibilidade\/wp-content\/uploads\/2026\/03\/Capa-da-Acessibilidade-no-TJBA_LIBRAS-1024x332.png\" alt=\"Capa-da-Acessibilidade-no-TJBA_LIBRAS\" class=\"wp-image-745\" srcset=\"https:\/\/www.tjba.jus.br\/portaldeacessibilidade\/wp-content\/uploads\/2026\/03\/Capa-da-Acessibilidade-no-TJBA_LIBRAS-1024x332.png 1024w, https:\/\/www.tjba.jus.br\/portaldeacessibilidade\/wp-content\/uploads\/2026\/03\/Capa-da-Acessibilidade-no-TJBA_LIBRAS-300x97.png 300w, https:\/\/www.tjba.jus.br\/portaldeacessibilidade\/wp-content\/uploads\/2026\/03\/Capa-da-Acessibilidade-no-TJBA_LIBRAS-768x249.png 768w, https:\/\/www.tjba.jus.br\/portaldeacessibilidade\/wp-content\/uploads\/2026\/03\/Capa-da-Acessibilidade-no-TJBA_LIBRAS-150x49.png 150w, https:\/\/www.tjba.jus.br\/portaldeacessibilidade\/wp-content\/uploads\/2026\/03\/Capa-da-Acessibilidade-no-TJBA_LIBRAS.png 1200w\" sizes=\"auto, (max-width: 1024px) 100vw, 1024px\" \/><figcaption class=\"wp-element-caption\">Banner em tons de azul com \u00edcones de pessoas representando diversidade e inclus\u00e3o no topo a palavra ACESSIBILIDADE ao lado dos \u00edcones. Ao centro, l\u00ea-se \u201cLIBRAS\u201d.[Fim da descri\u00e7\u00e3o].<\/figcaption><\/figure>\n\n\n\n<h2 class=\"wp-block-heading\">O que significa Libras?<\/h2>\n\n\n\n<p><strong>Libras \u00e9 a L\u00edngua Brasileira de Sinais<\/strong>. Trata-se de&nbsp;uma forma de comunica\u00e7\u00e3o e express\u00e3o, que utiliza sistema lingu\u00edstico de natureza visual-motora, com estrutura gramatical pr\u00f3pria para a transmiss\u00e3o de ideias e fatos, oriundos de comunidades de pessoas surdas do Brasil.&nbsp;\u00c9 reconhecida como meio legal de comunica\u00e7\u00e3o e express\u00e3o pela&nbsp;<a rel=\"noreferrer noopener\" href=\"http:\/\/www.planalto.gov.br\/ccivil_03\/leis\/2002\/l10436.htm\" target=\"_blank\">Lei 10.436\/2002<\/a>.&nbsp;<\/p>\n\n\n\n<h2 class=\"wp-block-heading\">O PJBA utiliza int\u00e9rprete de Libras?<\/h2>\n\n\n\n<p>Sim, o PJBA prima pela igualdade e inclus\u00e3o social, e disponibiliza nas unidades judiciais o apoio necess\u00e1rio para a participa\u00e7\u00e3o de int\u00e9rpretes de libras nas audi\u00eancias. Al\u00e9m disso, todos os eventos p\u00fablicos e sess\u00f5es de julgamento do Tribunal Pleno possuem int\u00e9rpretes de libras.&nbsp;&nbsp;<\/p>\n\n\n\n<p>O Judici\u00e1rio baiano investe na acessibilidade e inclus\u00e3o para o cidad\u00e3o com o cadastro de peritos nessa \u00e1rea, trazendo benef\u00edcios para todos.&nbsp;Confira abaixo<\/p>\n\n\n\n<h3 class=\"wp-block-heading\"><strong>V\u00eddeos&nbsp;<\/strong><\/h3>\n\n\n<div class=\"wp-block-ub-content-toggle wp-block-ub-content-toggle-block\" id=\"ub-content-toggle-block-14db52e5-0043-4cba-a8fc-03520c07676a\" data-mobilecollapse=\"false\" data-desktopcollapse=\"true\" data-preventcollapse=\"false\" data-showonlyone=\"true\">\n<div class=\"wp-block-ub-content-toggle-accordion\" style=\"border-color: #f1f1f1; \" id=\"ub-content-toggle-panel-block-\">\n\t\t\t<div class=\"wp-block-ub-content-toggle-accordion-title-wrap\" style=\"background-color: #f1f1f1;\" aria-controls=\"ub-content-toggle-panel-0-14db52e5-0043-4cba-a8fc-03520c07676a\" tabindex=\"0\">\n\t\t\t<p class=\"wp-block-ub-content-toggle-accordion-title ub-content-toggle-title-14db52e5-0043-4cba-a8fc-03520c07676a\" style=\"color: #000000; \"><strong>2026<\/strong><\/p>\n\t\t\t<div class=\"wp-block-ub-content-toggle-accordion-toggle-wrap right\" style=\"color: #000000;\"><span class=\"wp-block-ub-content-toggle-accordion-state-indicator wp-block-ub-chevron-down\"><\/span><\/div>\n\t\t<\/div>\n\t\t\t<div role=\"region\" aria-expanded=\"false\" class=\"wp-block-ub-content-toggle-accordion-content-wrap ub-hide\" id=\"ub-content-toggle-panel-0-14db52e5-0043-4cba-a8fc-03520c07676a\">\n\n<p><a href=\"https:\/\/www.youtube.com\/live\/bBmhM10ktDY\">TJBA e CCI transmitem a Solenidade de Encerramento do Curso Serventias Extrajudiciais<\/a><\/p>\n\n\n\n<p><a href=\"https:\/\/www.youtube.com\/live\/Qd2_8jzJ8xg\">O Poder Judici\u00e1rio da Bahia transmite o curso sobre o &#8220;Novo Manual de Contrata\u00e7\u00f5es do TJBA&#8221; &#8211; Dia 01<\/a><\/p>\n\n\n\n<p><a href=\"https:\/\/www.youtube.com\/live\/YJAul9JkFTE\">TJBA transmite o 1\u00ba F\u00f3rum de Viol\u00eancia Dom\u00e9stica da Bahia (Fovid-BA)<\/a><\/p>\n\n\n\n<p><a href=\"https:\/\/www.youtube.com\/live\/2PCrNKbb4IE\">TJBA transmite a abertura da 32\u00aa Semana da Justi\u00e7a pela Paz em Casa e o Lan\u00e7amento do TJBA Zela<\/a><\/p>\n\n\n\n<p><a href=\"https:\/\/www.youtube.com\/watch?v=SuXmoMhAO8Y\" data-type=\"link\" data-id=\"https:\/\/www.youtube.com\/watch?v=SuXmoMhAO8Y\">O TJBA transmite o II Encontro Nacional de Mulheres na Justi\u00e7a Restaurativa (Dia 18\/03\/26)<\/a><\/p>\n\n\n\n<p><a href=\"https:\/\/www.youtube.com\/watch?v=o_ddqm3HKWk&amp;t\" data-type=\"link\" data-id=\"https:\/\/www.youtube.com\/watch?v=o_ddqm3HKWk&amp;t\">O TJBA transmite o II Encontro Nacional de Mulheres na Justi\u00e7a Restaurativa (Dia 20\/03\/26)<\/a><\/p>\n\n\n\n<p><a href=\"https:\/\/www.youtube.com\/watch?v=DLEXYU_plX4\" data-type=\"link\" data-id=\"https:\/\/www.youtube.com\/watch?v=DLEXYU_plX4\">TJBA transmite Palestra Fortalecendo Acessos com Senha Segura e M\u00faltiplo Fator de Autentica\u00e7\u00e3o (MFA)<\/a><\/p>\n\n<\/div>\n\t\t<\/div>\n\n<div class=\"wp-block-ub-content-toggle-accordion\" style=\"border-color: #f1f1f1; \" id=\"ub-content-toggle-panel-block-\">\n\t\t\t<div class=\"wp-block-ub-content-toggle-accordion-title-wrap\" style=\"background-color: #f1f1f1;\" aria-controls=\"ub-content-toggle-panel-1-14db52e5-0043-4cba-a8fc-03520c07676a\" tabindex=\"0\">\n\t\t\t<p class=\"wp-block-ub-content-toggle-accordion-title ub-content-toggle-title-14db52e5-0043-4cba-a8fc-03520c07676a\" style=\"color: #000000; \"><strong>2025<\/strong><\/p>\n\t\t\t<div class=\"wp-block-ub-content-toggle-accordion-toggle-wrap right\" style=\"color: #000000;\"><span class=\"wp-block-ub-content-toggle-accordion-state-indicator wp-block-ub-chevron-down\"><\/span><\/div>\n\t\t<\/div>\n\t\t\t<div role=\"region\" aria-expanded=\"false\" class=\"wp-block-ub-content-toggle-accordion-content-wrap ub-hide\" id=\"ub-content-toggle-panel-1-14db52e5-0043-4cba-a8fc-03520c07676a\">\n\n<p><a href=\"https:\/\/www.youtube.com\/watch?v=gD4c4Y_SOuI&amp;t=7554s\">Semin\u00e1rio TJBA Mais J\u00fari \u2013 Matutino<\/a><\/p>\n\n\n\n<p><a href=\"https:\/\/www.youtube.com\/watch?v=VcZupjv1zCM\">TJBA transmite a Cerim\u00f4nia de Celebra\u00e7\u00e3o do Nascimento de Ruy Barbosa<\/a><\/p>\n\n\n\n<p><a href=\"https:\/\/www.youtube.com\/watch?v=DRHF45Hwq1U\">Viol\u00eancia Dom\u00e9stica e Familiar: Abordagens e Perspectivas (Tarde)<\/a><\/p>\n\n\n\n<p><a href=\"https:\/\/www.youtube.com\/watch?v=siSxOaTOgQw\">Viol\u00eancia Dom\u00e9stica e Familiar: Abordagens e Perspectivas (Manh\u00e3)<\/a><\/p>\n\n\n\n<p><a href=\"https:\/\/www.youtube.com\/watch?v=qgkpbM0n1A4\">Semin\u00e1rio Direito Aeron\u00e1utico (Tarde)<\/a><\/p>\n\n\n\n<p><a href=\"https:\/\/www.youtube.com\/watch?v=z8155EfFoqA\">Semin\u00e1rio Direito Aeron\u00e1utico (Manh\u00e3)<\/a><\/p>\n\n\n\n<p><a href=\"https:\/\/www.youtube.com\/watch?v=BWuD0FeHN9w\">Hackathon \u2013 Maratona de Inova\u00e7\u00e3o Tecnol\u00f3gica<\/a><\/p>\n\n\n\n<p><a href=\"https:\/\/www.youtube.com\/watch?v=9BPQQXiyjcs\">Justi\u00e7a 360\u00b0: Inova\u00e7\u00e3o, Agilidade e Transforma\u00e7\u00e3o<\/a><\/p>\n\n\n\n<p><a href=\"https:\/\/www.youtube.com\/watch?v=p0UtzDSZkzY\">10 anos do C\u00f3digo de Processo Civil<\/a><\/p>\n\n\n\n<p><a href=\"https:\/\/www.youtube.com\/watch?v=22LKW6NGz5E\">10 anos do C\u00f3digo de Processo Civil<\/a><\/p>\n\n\n\n<p><a href=\"https:\/\/www.youtube.com\/watch?v=s4OA3RiIY7g\">10 anos do C\u00f3digo de Processo Civil<\/a><\/p>\n\n\n\n<p><a href=\"https:\/\/www.youtube.com\/watch?v=-Zd68t1dVAc\">XVII Encontro do Conselho de Presidentes dos Tribunais de Justi\u00e7a<\/a><\/p>\n\n\n\n<p><a href=\"https:\/\/www.youtube.com\/watch?v=Ibf3krYSNi4\">2\u00ba Curso Nacional sobre Enunciados de Equidade Racial<\/a><\/p>\n\n\n\n<p><a href=\"https:\/\/www.youtube.com\/watch?v=VcLdmwmEnLQ\">VI Congresso Nacional de Responsabilidade Civil \u2013 Dia 26 (Tarde)<\/a><\/p>\n\n\n\n<p><a href=\"https:\/\/www.youtube.com\/watch?v=sm6QkWES784\">VI Congresso Nacional de Responsabilidade Civil \u2013 Dia 26 (Manh\u00e3)<\/a><\/p>\n\n\n\n<p><a href=\"https:\/\/www.youtube.com\/watch?v=yb_zuuNuvYg\">VI Congresso Nacional de Responsabilidade Civil \u2013 Dia 25 (Tarde)<\/a><\/p>\n\n\n\n<p><a href=\"https:\/\/www.youtube.com\/watch?v=qsBcttlwHI8\">VI Congresso Nacional de Responsabilidade Civil \u2013 Dia 25 (Manh\u00e3)<\/a><\/p>\n\n\n\n<p><a href=\"https:\/\/www.youtube.com\/watch?v=1RtoaLuKpfY\">35 anos do C\u00f3digo de Defesa do Consumidor (Tarde)<\/a><\/p>\n\n\n\n<p><a href=\"http:\/\/youtube.com\/watch?v=fWrre1BMcSk\">35 anos do C\u00f3digo de Defesa do Consumidor (Manh\u00e3)<\/a><\/p>\n\n\n\n<p><a href=\"https:\/\/www.youtube.com\/watch?v=Caqy7CpuWlw\">Arbitragem e Administra\u00e7\u00e3o P\u00fablica (Tarde)<\/a><\/p>\n\n\n\n<p><a href=\"https:\/\/www.youtube.com\/watch?v=_i9fi_53eO4\">Arbitragem e Administra\u00e7\u00e3o P\u00fablica (Manh\u00e3)<\/a><\/p>\n\n\n\n<p><a href=\"https:\/\/www.youtube.com\/watch?v=C8XEuV7JeQY\">Abertura da VI Semana Nacional da Pessoa com Defici\u00eancia<\/a><\/p>\n\n\n\n<p><a href=\"https:\/\/www.youtube.com\/watch?v=bLAH1ALpMv8\">Semin\u00e1rio Racismo no Futebol (Tarde)<\/a><\/p>\n\n\n\n<p><a href=\"https:\/\/www.youtube.com\/watch?v=r9nLyczWPuA\">Semin\u00e1rio Racismo no Futebol (Manh\u00e3)<\/a><\/p>\n\n\n\n<p><a href=\"https:\/\/www.youtube.com\/watch?v=ztZKd9X5Mqc\">Justi\u00e7a Restaurativa na Bahia<\/a><\/p>\n\n\n\n<p><a href=\"https:\/\/www.youtube.com\/watch?v=2gxXinMrHPs\">Abertura da Semana da Justi\u00e7a pela Paz em Casa<\/a><\/p>\n\n\n\n<p><a href=\"https:\/\/www.youtube.com\/watch?v=kKZ3eZnHwUM\">Workshop Espiritualidade e Justi\u00e7a \u2013 Cultura de Paz<\/a><\/p>\n\n\n\n<p><a href=\"https:\/\/www.youtube.com\/watch?v=JQlO4oqYDm4\">34 anos da Lei de Cotas (Tarde)<\/a><\/p>\n\n\n\n<p><a href=\"https:\/\/www.youtube.com\/watch?v=BOgS1q2TAc0\">34 anos da Lei de Cotas (Manh\u00e3)<\/a><\/p>\n\n\n\n<p><a href=\"https:\/\/www.youtube.com\/watch?v=wsefwmt7uGA\">Julho das Pretas \u2013 Justi\u00e7a Racial e de G\u00eanero<\/a><\/p>\n\n\n\n<p><a href=\"https:\/\/www.youtube.com\/watch?v=6TcA7OWXc28&amp;t=133s\">Audi\u00eancia P\u00fablica para Constru\u00e7\u00e3o das Metas Nacionais 2026<\/a><\/p>\n\n\n\n<p><a href=\"https:\/\/www.youtube.com\/watch?v=r0gaA089J6s\">Encontro Anual das Comiss\u00f5es de Solu\u00e7\u00f5es Fundi\u00e1rias \u2013 Tarde<\/a><\/p>\n\n\n\n<p><a href=\"https:\/\/www.youtube.com\/watch?v=4bVU5pRIPFc&amp;t=776s\">Encontro Anual das Comiss\u00f5es de Solu\u00e7\u00f5es Fundi\u00e1rias \u2013 Manh\u00e3<\/a><\/p>\n\n\n\n<p><a href=\"https:\/\/www.youtube.com\/watch?v=xaj7979nik4&amp;t=9507s\">Capacita\u00e7\u00e3o Interinstitucional da Lei 13.431 \u2013 Vespertino<\/a><\/p>\n\n\n\n<p><a href=\"https:\/\/www.youtube.com\/watch?v=8JJticOJSzU&amp;t=13703s\">Capacita\u00e7\u00e3o Interinstitucional da Lei 13.431 \u2013 Matutino<\/a><\/p>\n\n\n\n<p><a href=\"https:\/\/www.youtube.com\/watch?v=8e8iv_dode8&amp;t=10911s\">2\u00aa Semana Nacional dos Juizados Especiais \u2013 Vespertino<\/a><\/p>\n\n\n\n<p><a href=\"https:\/\/www.youtube.com\/watch?v=da7uaHuAd94&amp;t=914s\">Semin\u00e1rio Jur\u00eddico 2025 \u2013 Vespertino<\/a><\/p>\n\n\n\n<p><a href=\"https:\/\/www.youtube.com\/watch?v=6VdriWwb3sk&amp;t=8730s\">Semin\u00e1rio Jur\u00eddico 2025 \u2013 Matutino<\/a><\/p>\n\n\n\n<p><a href=\"https:\/\/www.youtube.com\/watch?v=JNe-PXNt4Hs\">Justi\u00e7a Restaurativa na Bahia \u2013 20 anos<\/a><\/p>\n\n\n\n<p><a href=\"https:\/\/www.youtube.com\/watch?v=vB46tMcLIYQ\">Semana de Concilia\u00e7\u00e3o TJBA 2025<\/a><\/p>\n\n\n\n<p><a href=\"https:\/\/www.youtube.com\/watch?v=xsGJX1j1xKI&amp;t=9094s\">Semin\u00e1rio TJBA Mais J\u00fari \u2013 Vespertino<\/a><\/p>\n\n\n\n<p><a href=\"https:\/\/www.youtube.com\/live\/-W8ILyLVHxA\">TJBA e UNICORP transmitem o Curso &#8220;Temas Atuais de Financiamento P\u00fablico e Pol\u00edticas Sociais &#8211; DIA 01<\/a><br><a href=\"https:\/\/www.youtube.com\/live\/zgLZQZfZKR4\">TJBA e UNICORP transmitem o Curso &#8220;Temas Atuais de Financiamento P\u00fablico e Pol\u00edticas Sociais \u2013 DIA 02<\/a><br><a href=\"https:\/\/www.youtube.com\/live\/eTgQywDZN_c\">TJBA transmite a 31\u00aa Semana da Justi\u00e7a pela Paz em Casa<br><\/a><a href=\"https:\/\/www.youtube.com\/live\/8u4ZaK_4qQQ\">TJBA transmite o evento &#8220;Atua\u00e7\u00e3o do Oficial de Justi\u00e7a em Situa\u00e7\u00f5es de Viol\u00eancia Dom\u00e9stica&#8221;<\/a><br><a href=\"https:\/\/www.youtube.com\/live\/Ln9lgRLO_Zk\">TJBA transmite o II Semin\u00e1rio Longa Manus de Coopera\u00e7\u00e3o Policial e Jur\u00eddica Internacional<\/a><br><a href=\"https:\/\/www.youtube.com\/live\/h_HfoxV3ci4\">TJBA transmite o Pr\u00eamio Luiz Gama<\/a><\/p>\n\n<\/div>\n\t\t<\/div>\n\n<div class=\"wp-block-ub-content-toggle-accordion\" style=\"border-color: #f1f1f1; \" id=\"ub-content-toggle-panel-block-\">\n\t\t\t<div class=\"wp-block-ub-content-toggle-accordion-title-wrap\" style=\"background-color: #f1f1f1;\" aria-controls=\"ub-content-toggle-panel-2-14db52e5-0043-4cba-a8fc-03520c07676a\" tabindex=\"0\">\n\t\t\t<p class=\"wp-block-ub-content-toggle-accordion-title ub-content-toggle-title-14db52e5-0043-4cba-a8fc-03520c07676a\" style=\"color: #000000; \"><strong>2024<\/strong><\/p>\n\t\t\t<div class=\"wp-block-ub-content-toggle-accordion-toggle-wrap right\" style=\"color: #000000;\"><span class=\"wp-block-ub-content-toggle-accordion-state-indicator wp-block-ub-chevron-down\"><\/span><\/div>\n\t\t<\/div>\n\t\t\t<div role=\"region\" aria-expanded=\"false\" class=\"wp-block-ub-content-toggle-accordion-content-wrap ub-hide\" id=\"ub-content-toggle-panel-2-14db52e5-0043-4cba-a8fc-03520c07676a\">\n\n<p><a href=\"https:\/\/www.youtube.com\/watch?v=e1549PesaE0\">Direitos Humanos e Pessoa com Defici\u00eancia<\/a><\/p>\n\n\n\n<p><a href=\"https:\/\/www.youtube.com\/live\/XSUFqL1a9vU\">Workshop de Implanta\u00e7\u00e3o do Sistema de Integridade e Compliance do PJBA<\/a><\/p>\n\n\n\n<p><a href=\"https:\/\/www.youtube.com\/watch?v=SCfw1qNI5z0\">Solenidade de Posse \u2013 Des. Nilson Soares Castelo Branco<\/a><\/p>\n\n\n\n<p><a href=\"https:\/\/www.youtube.com\/watch?v=miCa3V8TS7o\">Solenidade de Posse \u2013 Desa. Cynthia Maria Pina Resende<\/a><\/p>\n\n\n\n<p><a href=\"https:\/\/www.youtube.com\/watch?v=YHLilDrwso8\">Conselho da Magistratura \u2013 13\/05\/2024<\/a><\/p>\n\n\n\n<p><a href=\"https:\/\/www.youtube.com\/watch?v=P1m6qkno4yk\">Aprova\u00e7\u00e3o do PCCV<\/a><\/p>\n\n\n\n<p><a href=\"https:\/\/www.youtube.com\/watch?v=Du5244ncVWo\">Intelig\u00eancia Artificial no Sistema Judicial<\/a><\/p>\n\n\n\n<p><a href=\"https:\/\/www.youtube.com\/watch?v=o7xsMAwgXe0\">Resolu\u00e7\u00e3o n\u00ba 13<\/a><\/p>\n\n\n\n<p><a href=\"https:\/\/www.youtube.com\/watch?v=bHLKCFsfoeI\">Cerim\u00f4nia de Entrega da Medalha Adolfo Leit\u00e3o Guerra<\/a><\/p>\n\n\n\n<p><a href=\"https:\/\/www.youtube.com\/watch?v=VOQLheXzEBw\">Selo Justi\u00e7a em N\u00fameros<\/a><\/p>\n\n<\/div>\n\t\t<\/div>\n\n<div class=\"wp-block-ub-content-toggle-accordion\" style=\"border-color: #f1f1f1; \" id=\"ub-content-toggle-panel-block-\">\n\t\t\t<div class=\"wp-block-ub-content-toggle-accordion-title-wrap\" style=\"background-color: #f1f1f1;\" aria-controls=\"ub-content-toggle-panel-3-14db52e5-0043-4cba-a8fc-03520c07676a\" tabindex=\"0\">\n\t\t\t<p class=\"wp-block-ub-content-toggle-accordion-title ub-content-toggle-title-14db52e5-0043-4cba-a8fc-03520c07676a\" style=\"color: #000000; \"><strong>2023<\/strong><\/p>\n\t\t\t<div class=\"wp-block-ub-content-toggle-accordion-toggle-wrap right\" style=\"color: #000000;\"><span class=\"wp-block-ub-content-toggle-accordion-state-indicator wp-block-ub-chevron-down\"><\/span><\/div>\n\t\t<\/div>\n\t\t\t<div role=\"region\" aria-expanded=\"false\" class=\"wp-block-ub-content-toggle-accordion-content-wrap ub-hide\" id=\"ub-content-toggle-panel-3-14db52e5-0043-4cba-a8fc-03520c07676a\">\n\n<p><a href=\"https:\/\/www.youtube.com\/watch?v=bHLKCFsfoeI&amp;t=6350s\">Entrega da Medalha Adolfo Leit\u00e3o Guerra<\/a><\/p>\n\n\n\n<p><a href=\"https:\/\/www.youtube.com\/watch?v=kWa7pabJ7yQ&amp;t=5032s\">Cerim\u00f4nia de Posse da Nova Mesa Diretora 2024\u20132026<\/a><\/p>\n\n\n\n<p><a href=\"https:\/\/www.youtube.com\/watch?v=e1549PesaE0&amp;t=56s\">Direitos Humanos e Pessoa com Defici\u00eancia \u2013 Uma quest\u00e3o de respeito<\/a><\/p>\n\n\n\n<p><a href=\"https:\/\/www.youtube.com\/watch?v=kUGA_bVLBa8&amp;t=168s\">Posse dos Novos Servidores do Concurso P\u00fablico 01\/2023<\/a><\/p>\n\n\n\n<p><a href=\"https:\/\/www.youtube.com\/watch?v=VOQLheXzEBw&amp;t=2535s\">Selo Justi\u00e7a em N\u00fameros 2023<\/a><\/p>\n\n<\/div>\n\t\t<\/div>\n\n<div class=\"wp-block-ub-content-toggle-accordion\" style=\"border-color: #f1f1f1; \" id=\"ub-content-toggle-panel-block-\">\n\t\t\t<div class=\"wp-block-ub-content-toggle-accordion-title-wrap\" style=\"background-color: #f1f1f1;\" aria-controls=\"ub-content-toggle-panel-4-14db52e5-0043-4cba-a8fc-03520c07676a\" tabindex=\"0\">\n\t\t\t<p class=\"wp-block-ub-content-toggle-accordion-title ub-content-toggle-title-14db52e5-0043-4cba-a8fc-03520c07676a\" style=\"color: #000000; \"><strong>2022<\/strong><\/p>\n\t\t\t<div class=\"wp-block-ub-content-toggle-accordion-toggle-wrap right\" style=\"color: #000000;\"><span class=\"wp-block-ub-content-toggle-accordion-state-indicator wp-block-ub-chevron-down\"><\/span><\/div>\n\t\t<\/div>\n\t\t\t<div role=\"region\" aria-expanded=\"false\" class=\"wp-block-ub-content-toggle-accordion-content-wrap ub-hide\" id=\"ub-content-toggle-panel-4-14db52e5-0043-4cba-a8fc-03520c07676a\">\n\n<p><a href=\"https:\/\/youtube.com\/live\/SAP0oQ7yo4U\">55\u00ba Encontro do COPEDEM<\/a><\/p>\n\n\n\n<p><a href=\"https:\/\/www.tjba.jus.br\/portal\/valorizacao-do-1o-grau-e-modernizacao-do-pjba-estao-entre-os-compromissos-assumidos-pelo-desembargador-presidente-nilson-castelo-branco-em-seu-discurso-de-posse\/\">Valoriza\u00e7\u00e3o do 1\u00ba Grau e Moderniza\u00e7\u00e3o do PJBA<\/a><\/p>\n\n\n\n<p><a href=\"https:\/\/www.youtube.com\/watch?v=0nptcv42XNo&amp;t=22s\">F\u00f3rum sobre Seguran\u00e7a e Desenvolvimento Humano na Am\u00e9rica Latina e Caribe<\/a><\/p>\n\n\n\n<p><a href=\"https:\/\/youtube.com\/live\/ZoclviZDUro\">100 anos da morte de Ruy Barbosa<\/a><\/p>\n\n\n\n<p><a href=\"https:\/\/youtube.com\/live\/zvm-SlG4vs0\">100 anos da morte de Ruy Barbosa<\/a><\/p>\n\n\n\n<p><a href=\"https:\/\/youtube.com\/live\/HaCkl-3NB8U\">100 anos da morte de Ruy Barbosa<\/a><\/p>\n\n\n\n<p><a href=\"https:\/\/youtube.com\/live\/LAs_nK0hBBQ\">100 anos da morte de Ruy Barbosa<\/a><\/p>\n\n\n\n<p><a href=\"https:\/\/youtube.com\/live\/5czW8bUctCE\">55\u00ba Encontro do COPEDEM<\/a><\/p>\n\n\n\n<p><a href=\"https:\/\/youtube.com\/live\/rJeWzr17Elg\">55\u00ba Encontro do COPEDEM<\/a><\/p>\n\n<\/div>\n\t\t<\/div>\n<\/div>","protected":false},"excerpt":{"rendered":"<p>O que significa Libras? Libras \u00e9 a L\u00edngua Brasileira de Sinais. Trata-se de&nbsp;uma forma de comunica\u00e7\u00e3o e express\u00e3o, que utiliza [&hellip;]<\/p>\n","protected":false},"author":16,"featured_media":0,"parent":0,"menu_order":0,"comment_status":"closed","ping_status":"closed","template":"","meta":{"_acf_changed":false,"_editorskit_title_hidden":false,"_editorskit_reading_time":0,"_editorskit_is_block_options_detached":false,"_editorskit_block_options_position":"{}","footnotes":""},"class_list":["post-721","page","type-page","status-publish","hentry"],"acf":[],"featured_image_src":null,"_links":{"self":[{"href":"https:\/\/www.tjba.jus.br\/portaldeacessibilidade\/wp-json\/wp\/v2\/pages\/721","targetHints":{"allow":["GET"]}}],"collection":[{"href":"https:\/\/www.tjba.jus.br\/portaldeacessibilidade\/wp-json\/wp\/v2\/pages"}],"about":[{"href":"https:\/\/www.tjba.jus.br\/portaldeacessibilidade\/wp-json\/wp\/v2\/types\/page"}],"author":[{"embeddable":true,"href":"https:\/\/www.tjba.jus.br\/portaldeacessibilidade\/wp-json\/wp\/v2\/users\/16"}],"replies":[{"embeddable":true,"href":"https:\/\/www.tjba.jus.br\/portaldeacessibilidade\/wp-json\/wp\/v2\/comments?post=721"}],"version-history":[{"count":13,"href":"https:\/\/www.tjba.jus.br\/portaldeacessibilidade\/wp-json\/wp\/v2\/pages\/721\/revisions"}],"predecessor-version":[{"id":1056,"href":"https:\/\/www.tjba.jus.br\/portaldeacessibilidade\/wp-json\/wp\/v2\/pages\/721\/revisions\/1056"}],"wp:attachment":[{"href":"https:\/\/www.tjba.jus.br\/portaldeacessibilidade\/wp-json\/wp\/v2\/media?parent=721"}],"curies":[{"name":"wp","href":"https:\/\/api.w.org\/{rel}","templated":true}]}}