{"id":800,"date":"2026-03-10T12:23:20","date_gmt":"2026-03-10T15:23:20","guid":{"rendered":"https:\/\/www.tjba.jus.br\/portaldeacessibilidade\/?page_id=800"},"modified":"2026-03-10T12:23:20","modified_gmt":"2026-03-10T15:23:20","slug":"cursos-e-capacitacoes","status":"publish","type":"page","link":"https:\/\/www.tjba.jus.br\/portaldeacessibilidade\/cursos-e-capacitacoes\/","title":{"rendered":"Cursos e capacita\u00e7\u00f5es"},"content":{"rendered":"\n<p> A CPAI e o NAI, em parceria estrat\u00e9gica com a Universidade Corporativa (UNICORP), implementaram um robusto programa de educa\u00e7\u00e3o continuada. O objetivo central foi promover o letramento em diversidade, combater o capacitismo e qualificar tecnicamente magistrados e servidores para o atendimento humanizado e a garantia de direitos das pessoas com defici\u00eancia, consolidando um patamar hist\u00f3rico de engajamento institucional.<\/p>\n\n\n\n<p>O Programa de Capacita\u00e7\u00e3o em Acessibilidade e Inclus\u00e3o consolidou-se como um pilar institucional chave. Foram ofertadas 3.062 oportunidades de a\u00e7\u00f5es educativas em 2025, abrangendo magistrados e servidores em todos os n\u00edveis.<\/p>\n\n\n\n<p>O Projeto Conex\u00e3o Saber, em parceria estrat\u00e9gica com a Escola Nacional de Administra\u00e7\u00e3o P\u00fablica (ENAP), ofereceu cursos de alta qualidade como &#8216;O Conceito Contempor\u00e2neo da Defici\u00eancia&#8217; e &#8216;Acessibilidade em Espa\u00e7os de Uso P\u00fablico&#8217;, elevando o padr\u00e3o t\u00e9cnico das capacita\u00e7\u00f5es.<\/p>\n\n\n\n<p>A UNICORP criou um <a href=\"http:\/\/www.tjba.jus.br\/unicorp\/calendario-capacitacoes\/\">calend\u00e1rio de capacita\u00e7\u00f5es<\/a>, contendo os temas, descri\u00e7\u00e3o do curso, modalidade e inscri\u00e7\u00e3o. Em 2025, foram realizadas as seguintes capacita\u00e7\u00f5es e cursos:<\/p>\n\n\n\n<style>\n.tabela-capacitacoes{\nwidth:100%;\nborder-collapse:collapse;\nfont-family:Arial, Helvetica, sans-serif;\nfont-size:14px;\nmargin-top:20px\n}\n.tabela-capacitacoes th,.tabela-capacitacoes td{\nborder:1px solid #ddd;\npadding:8px;\ntext-align:left\n}\n.tabela-capacitacoes th{\nbackground:#2c3e50;\ncolor:#fff\n}\n.tabela-capacitacoes tr:nth-child(even){\nbackground:#f5f5f5\n}\n.tabela-capacitacoes tr:hover{\nbackground:#eef5ff\n}\n<\/style>\n\n<table class=\"tabela-capacitacoes\">\n<thead>\n<tr>\n<th>n\u00ba<\/th>\n<th>curso \/ capacita\u00e7\u00e3o<\/th>\n<th>in\u00edcio<\/th>\n<th>fim<\/th>\n<th>carga hor\u00e1ria<\/th>\n<th>vagas<\/th>\n<th>modalidade<\/th>\n<\/tr>\n<\/thead>\n\n<tbody>\n\n<tr><td>1<\/td><td>conex\u00e3o saber 2025.1: diversidade e inclus\u00e3o: uma introdu\u00e7\u00e3o<\/td><td>10\/02\/2025<\/td><td>14\/02\/2025<\/td><td>2h<\/td><td>100<\/td><td>ead<\/td><\/tr>\n\n<tr><td>2<\/td><td>conex\u00e3o saber 2025.1: o conceito contempor\u00e2neo da defici\u00eancia e o modelo biopsicossocial<\/td><td>10\/02\/2025<\/td><td>28\/02\/2025<\/td><td>30h<\/td><td>100<\/td><td>ead<\/td><\/tr>\n\n<tr><td>3<\/td><td>conex\u00e3o saber 2025.4: introdu\u00e7\u00e3o \u00e0 libras<\/td><td>17\/03\/2025<\/td><td>25\/04\/2025<\/td><td>60h<\/td><td>100<\/td><td>ead<\/td><\/tr>\n\n<tr><td>4<\/td><td>conex\u00e3o saber 2025.9: introdu\u00e7\u00e3o \u00e0 libras<\/td><td>05\/05\/2025<\/td><td>12\/06\/2025<\/td><td>20h<\/td><td>100<\/td><td>ead<\/td><\/tr>\n\n<tr><td>5<\/td><td>conex\u00e3o saber 2025.11: o conceito contempor\u00e2neo da defici\u00eancia e o modelo biopsicossocial<\/td><td>12\/05\/2025<\/td><td>30\/05\/2025<\/td><td>20h<\/td><td>100<\/td><td>ead<\/td><\/tr>\n\n<tr><td>6<\/td><td>conex\u00e3o saber 2025.14: acessibilidade em espa\u00e7os de uso p\u00fablico no brasil<\/td><td>26\/05\/2025<\/td><td>13\/06\/2025<\/td><td>20h<\/td><td>100<\/td><td>ead<\/td><\/tr>\n\n<tr><td>7<\/td><td>curso introdu\u00e7\u00e3o ao sistema e \u00e0 corte interamericana de direitos humanos: direito \u00e0 igualdade e n\u00e3o discrimina\u00e7\u00e3o<\/td><td>02\/06\/2025<\/td><td>04\/06\/2025<\/td><td>20h<\/td><td>50<\/td><td>presencial<\/td><\/tr>\n\n<tr><td>8<\/td><td>conex\u00e3o saber 2025.16: introdu\u00e7\u00e3o \u00e0 audiodescri\u00e7\u00e3o<\/td><td>09\/06\/2025<\/td><td>18\/07\/2024<\/td><td>40h<\/td><td>100<\/td><td>ead<\/td><\/tr>\n\n<tr><td>9<\/td><td>conex\u00e3o saber 2025.18: introdu\u00e7\u00e3o \u00e0 libras<\/td><td>03\/07\/2025<\/td><td>11\/08\/2025<\/td><td>60h<\/td><td>100<\/td><td>ead<\/td><\/tr>\n\n<tr><td>10<\/td><td>curso de forma\u00e7\u00e3o para avalia\u00e7\u00e3o biopsicossocial de pcd com ifbra<\/td><td>18\/08\/2025<\/td><td>21\/08\/2025<\/td><td>8h<\/td><td>30<\/td><td>ead<\/td><\/tr>\n\n<tr><td>11<\/td><td>vi semana nacional da pessoa com defici\u00eancia do tjba \u2013 semin\u00e1rios<\/td><td>25\/08\/2025<\/td><td>29\/08\/2025<\/td><td>10h<\/td><td>100<\/td><td>presencial<\/td><\/tr>\n\n<tr><td>12<\/td><td>vi semana nacional da pessoa com defici\u00eancia do tjba \u2013 abertura presencial<\/td><td>25\/08\/2025<\/td><td>25\/08\/2025<\/td><td>3h<\/td><td>100<\/td><td>presencial<\/td><\/tr>\n\n<tr><td>13<\/td><td>vi semana nacional da pessoa com defici\u00eancia do tjba \u2013 abertura ead<\/td><td>25\/08\/2025<\/td><td>25\/08\/2025<\/td><td>3h<\/td><td>100<\/td><td>ead<\/td><\/tr>\n\n<tr><td>14<\/td><td>palestra: o papel do judici\u00e1rio na promo\u00e7\u00e3o e defesa dos direitos das pessoas com defici\u00eancia<\/td><td>26\/08\/2025<\/td><td>26\/08\/2025<\/td><td>2h<\/td><td>80<\/td><td>presencial<\/td><\/tr>\n\n<tr><td>15<\/td><td>palestra: o papel da educa\u00e7\u00e3o no enfrentamento e combate ao capacitismo<\/td><td>27\/08\/2025<\/td><td>27\/08\/2025<\/td><td>2h<\/td><td>80<\/td><td>presencial<\/td><\/tr>\n\n<tr><td>16<\/td><td>conex\u00e3o saber 2025.26: o conceito contempor\u00e2neo da defici\u00eancia e o modelo biopsicossocial<\/td><td>27\/08\/2025<\/td><td>17\/09\/2025<\/td><td>30h<\/td><td>50<\/td><td>ead<\/td><\/tr>\n\n<tr><td>17<\/td><td>conex\u00e3o saber 2025.26: diversidade e inclus\u00e3o: uma introdu\u00e7\u00e3o<\/td><td>27\/08\/2025<\/td><td>17\/09\/2025<\/td><td>2h<\/td><td>50<\/td><td>ead<\/td><\/tr>\n\n<tr><td>18<\/td><td>conex\u00e3o saber 2025.26: introdu\u00e7\u00e3o \u00e0 libras<\/td><td>27\/08\/2025<\/td><td>17\/09\/2025<\/td><td>60h<\/td><td>50<\/td><td>ead<\/td><\/tr>\n\n<tr><td>19<\/td><td>conex\u00e3o saber 2025.26: acessibilidade em espa\u00e7os de uso p\u00fablico no brasil<\/td><td>27\/08\/2025<\/td><td>17\/09\/2025<\/td><td>20h<\/td><td>50<\/td><td>ead<\/td><\/tr>\n\n<tr><td>20<\/td><td>conex\u00e3o saber 2025.26: curso acessibilidade na comunica\u00e7\u00e3o<\/td><td>27\/08\/2025<\/td><td>17\/09\/2025<\/td><td>30h<\/td><td>50<\/td><td>ead<\/td><\/tr>\n\n<tr><td>21<\/td><td>vi semana nacional da pessoa com defici\u00eancia do tjba \u2013 curso de audiodescri\u00e7\u00e3o 2025 (matutino)<\/td><td>28\/08\/2025<\/td><td>28\/08\/2025<\/td><td>4h<\/td><td>80<\/td><td>presencial<\/td><\/tr>\n\n<tr><td>22<\/td><td>vi semana nacional da pessoa com defici\u00eancia do tjba \u2013 curso de audiodescri\u00e7\u00e3o 2025 (vespertino)<\/td><td>28\/08\/2025<\/td><td>28\/08\/2025<\/td><td>4h<\/td><td>80<\/td><td>presencial<\/td><\/tr>\n\n<tr><td>23<\/td><td>vi semana nacional da pessoa com defici\u00eancia do tjba \u2013 roda de conversa sobre interseccionalidades e diversidade humana<\/td><td>29\/08\/2025<\/td><td>29\/08\/2025<\/td><td>3h<\/td><td>80<\/td><td>presencial<\/td><\/tr>\n\n<tr><td>24<\/td><td>conex\u00e3o saber 2025.25: introdu\u00e7\u00e3o \u00e0 libras<\/td><td>02\/09\/2025<\/td><td>10\/10\/2025<\/td><td>60h<\/td><td>50<\/td><td>ead<\/td><\/tr>\n\n<tr><td>25<\/td><td>conex\u00e3o saber 2025.28: curso acessibilidade na comunica\u00e7\u00e3o<\/td><td>08\/09\/2025<\/td><td>26\/09\/2025<\/td><td>30h<\/td><td>50<\/td><td>ead<\/td><\/tr>\n\n<tr><td>26<\/td><td>programa boas-vindas | forma\u00e7\u00e3o inicial de servidores \u2013 \u00e1rea administrativa<\/td><td>24\/09\/2025<\/td><td>24\/01\/2026<\/td><td>110h<\/td><td>120<\/td><td>ead<\/td><\/tr>\n\n<tr><td>27<\/td><td>programa boas-vindas | forma\u00e7\u00e3o inicial de servidores \u2013 \u00e1rea judici\u00e1ria<\/td><td>24\/09\/2025<\/td><td>24\/01\/2026<\/td><td>135h<\/td><td>120<\/td><td>ead<\/td><\/tr>\n\n<tr><td>28<\/td><td>conex\u00e3o saber 2025.31: diversidade e inclus\u00e3o no ambiente de trabalho<\/td><td>29\/09\/2025<\/td><td>17\/10\/2025<\/td><td>20h<\/td><td>50<\/td><td>ead<\/td><\/tr>\n\n<tr><td>29<\/td><td>conex\u00e3o saber 2025.31: acessibilidade em espa\u00e7os edificados de uso p\u00fablico<\/td><td>29\/09\/2025<\/td><td>17\/10\/2025<\/td><td>20h<\/td><td>50<\/td><td>ead<\/td><\/tr>\n\n<tr><td>30<\/td><td>conex\u00e3o saber 2025.31: inclus\u00e3o social e laboral das pessoas com defici\u00eancia intelectual ou tea<\/td><td>29\/09\/2025<\/td><td>17\/10\/2025<\/td><td>20h<\/td><td>50<\/td><td>ead<\/td><\/tr>\n\n<tr><td>31<\/td><td>programa boas-vindas | forma\u00e7\u00e3o inicial de servidores \u2013 oficiais de justi\u00e7a<\/td><td>01\/10\/2025<\/td><td>01\/02\/2026<\/td><td>120h<\/td><td>120<\/td><td>ead<\/td><\/tr>\n\n<tr><td>32<\/td><td>conex\u00e3o saber 2025.32: o conceito contempor\u00e2neo da defici\u00eancia e o modelo biopsicossocial<\/td><td>06\/10\/2025<\/td><td>24\/10\/2025<\/td><td>30h<\/td><td>50<\/td><td>ead<\/td><\/tr>\n\n<tr><td>33<\/td><td>conex\u00e3o saber 2025.32: diversidade e inclus\u00e3o: uma introdu\u00e7\u00e3o<\/td><td>06\/10\/2025<\/td><td>24\/10\/2025<\/td><td>2h<\/td><td>50<\/td><td>ead<\/td><\/tr>\n\n<tr><td>34<\/td><td>conex\u00e3o saber 2025.32: introdu\u00e7\u00e3o \u00e0 libras<\/td><td>06\/10\/2025<\/td><td>14\/11\/2025<\/td><td>60h<\/td><td>50<\/td><td>ead<\/td><\/tr>\n\n<tr><td>35<\/td><td>conex\u00e3o saber 2025.32: acessibilidade em espa\u00e7os de uso p\u00fablico no brasil<\/td><td>06\/10\/2025<\/td><td>24\/10\/2025<\/td><td>20h<\/td><td>50<\/td><td>ead<\/td><\/tr>\n\n<tr><td>36<\/td><td>conex\u00e3o saber 2025.32: curso acessibilidade na comunica\u00e7\u00e3o<\/td><td>06\/10\/2025<\/td><td>24\/10\/2025<\/td><td>30h<\/td><td>50<\/td><td>ead<\/td><\/tr>\n\n<tr><td>37<\/td><td>oficina de sensibiliza\u00e7\u00e3o para gestores sobre acessibilidade e inclus\u00e3o<\/td><td>17\/10\/2025<\/td><td>17\/10\/2025<\/td><td>4h<\/td><td>40<\/td><td>presencial<\/td><\/tr>\n\n<tr><td>38<\/td><td>conex\u00e3o saber 2025.33: introdu\u00e7\u00e3o \u00e0 libras<\/td><td>20\/10\/2025<\/td><td>28\/11\/2025<\/td><td>20h<\/td><td>50<\/td><td>ead<\/td><\/tr>\n\n<tr><td>39<\/td><td>conex\u00e3o saber 2025.35: diversidade e inclus\u00e3o: uma introdu\u00e7\u00e3o<\/td><td>03\/11\/2025<\/td><td>28\/11\/2025<\/td><td>2h<\/td><td>50<\/td><td>ead<\/td><\/tr>\n\n<tr><td>40<\/td><td>novembro negro pcd 2025: corporeidades negras \u2013 interseccionalidades entre ra\u00e7a e defici\u00eancia<\/td><td>26\/11\/2025<\/td><td>26\/11\/2025<\/td><td>3h<\/td><td>80<\/td><td>presencial<\/td><\/tr>\n\n<tr><td>41<\/td><td>acessibilidade e inclus\u00e3o no ambiente do tjba (fas)<\/td><td>&#8211;<\/td><td>&#8211;<\/td><td>&#8211;<\/td><td>&#8211;<\/td><td>&#8211;<\/td><\/tr>\n\n<\/tbody>\n<\/table>\n","protected":false},"excerpt":{"rendered":"<p>A CPAI e o NAI, em parceria estrat\u00e9gica com a Universidade Corporativa (UNICORP), implementaram um robusto programa de educa\u00e7\u00e3o continuada. [&hellip;]<\/p>\n","protected":false},"author":16,"featured_media":0,"parent":0,"menu_order":0,"comment_status":"closed","ping_status":"closed","template":"","meta":{"_acf_changed":false,"_editorskit_title_hidden":false,"_editorskit_reading_time":0,"_editorskit_is_block_options_detached":false,"_editorskit_block_options_position":"{}","footnotes":""},"class_list":["post-800","page","type-page","status-publish","hentry"],"acf":[],"featured_image_src":null,"_links":{"self":[{"href":"https:\/\/www.tjba.jus.br\/portaldeacessibilidade\/wp-json\/wp\/v2\/pages\/800","targetHints":{"allow":["GET"]}}],"collection":[{"href":"https:\/\/www.tjba.jus.br\/portaldeacessibilidade\/wp-json\/wp\/v2\/pages"}],"about":[{"href":"https:\/\/www.tjba.jus.br\/portaldeacessibilidade\/wp-json\/wp\/v2\/types\/page"}],"author":[{"embeddable":true,"href":"https:\/\/www.tjba.jus.br\/portaldeacessibilidade\/wp-json\/wp\/v2\/users\/16"}],"replies":[{"embeddable":true,"href":"https:\/\/www.tjba.jus.br\/portaldeacessibilidade\/wp-json\/wp\/v2\/comments?post=800"}],"version-history":[{"count":1,"href":"https:\/\/www.tjba.jus.br\/portaldeacessibilidade\/wp-json\/wp\/v2\/pages\/800\/revisions"}],"predecessor-version":[{"id":801,"href":"https:\/\/www.tjba.jus.br\/portaldeacessibilidade\/wp-json\/wp\/v2\/pages\/800\/revisions\/801"}],"wp:attachment":[{"href":"https:\/\/www.tjba.jus.br\/portaldeacessibilidade\/wp-json\/wp\/v2\/media?parent=800"}],"curies":[{"name":"wp","href":"https:\/\/api.w.org\/{rel}","templated":true}]}}

Cursos e capacitações

<p> A CPAI e o NAI, em parceria estratégica com a Universidade Corporativa (UNICORP), implementaram um robusto programa de educação continuada. O objetivo central foi promover o letramento em diversidade, combater o capacitismo e qualificar tecnicamente magistrados e servidores para o atendimento humanizado e a garantia de direitos das pessoas com deficiência, consolidando um patamar histórico de engajamento institucional.</p>



<p>O Programa de Capacitação em Acessibilidade e Inclusão consolidou-se como um pilar institucional chave. Foram ofertadas 3.062 oportunidades de ações educativas em 2025, abrangendo magistrados e servidores em todos os níveis.</p>



<p>O Projeto Conexão Saber, em parceria estratégica com a Escola Nacional de Administração Pública (ENAP), ofereceu cursos de alta qualidade como &#8216;O Conceito Contemporâneo da Deficiência&#8217; e &#8216;Acessibilidade em Espaços de Uso Público&#8217;, elevando o padrão técnico das capacitações.</p>



<p>A UNICORP criou um <a href="http://www.tjba.jus.br/unicorp/calendario-capacitacoes/">calendário de capacitações</a>, contendo os temas, descrição do curso, modalidade e inscrição. Em 2025, foram realizadas as seguintes capacitações e cursos:</p>



<style>
.tabela-capacitacoes{
width:100%;
border-collapse:collapse;
font-family:Arial, Helvetica, sans-serif;
font-size:14px;
margin-top:20px
}
.tabela-capacitacoes th,.tabela-capacitacoes td{
border:1px solid #ddd;
padding:8px;
text-align:left
}
.tabela-capacitacoes th{
background:#2c3e50;
color:#fff
}
.tabela-capacitacoes tr:nth-child(even){
background:#f5f5f5
}
.tabela-capacitacoes tr:hover{
background:#eef5ff
}
</style>

<table class="tabela-capacitacoes">
<thead>
<tr>
<th>nº</th>
<th>curso / capacitação</th>
<th>início</th>
<th>fim</th>
<th>carga horária</th>
<th>vagas</th>
<th>modalidade</th>
</tr>
</thead>

<tbody>

<tr><td>1</td><td>conexão saber 2025.1: diversidade e inclusão: uma introdução</td><td>10/02/2025</td><td>14/02/2025</td><td>2h</td><td>100</td><td>ead</td></tr>

<tr><td>2</td><td>conexão saber 2025.1: o conceito contemporâneo da deficiência e o modelo biopsicossocial</td><td>10/02/2025</td><td>28/02/2025</td><td>30h</td><td>100</td><td>ead</td></tr>

<tr><td>3</td><td>conexão saber 2025.4: introdução à libras</td><td>17/03/2025</td><td>25/04/2025</td><td>60h</td><td>100</td><td>ead</td></tr>

<tr><td>4</td><td>conexão saber 2025.9: introdução à libras</td><td>05/05/2025</td><td>12/06/2025</td><td>20h</td><td>100</td><td>ead</td></tr>

<tr><td>5</td><td>conexão saber 2025.11: o conceito contemporâneo da deficiência e o modelo biopsicossocial</td><td>12/05/2025</td><td>30/05/2025</td><td>20h</td><td>100</td><td>ead</td></tr>

<tr><td>6</td><td>conexão saber 2025.14: acessibilidade em espaços de uso público no brasil</td><td>26/05/2025</td><td>13/06/2025</td><td>20h</td><td>100</td><td>ead</td></tr>

<tr><td>7</td><td>curso introdução ao sistema e à corte interamericana de direitos humanos: direito à igualdade e não discriminação</td><td>02/06/2025</td><td>04/06/2025</td><td>20h</td><td>50</td><td>presencial</td></tr>

<tr><td>8</td><td>conexão saber 2025.16: introdução à audiodescrição</td><td>09/06/2025</td><td>18/07/2024</td><td>40h</td><td>100</td><td>ead</td></tr>

<tr><td>9</td><td>conexão saber 2025.18: introdução à libras</td><td>03/07/2025</td><td>11/08/2025</td><td>60h</td><td>100</td><td>ead</td></tr>

<tr><td>10</td><td>curso de formação para avaliação biopsicossocial de pcd com ifbra</td><td>18/08/2025</td><td>21/08/2025</td><td>8h</td><td>30</td><td>ead</td></tr>

<tr><td>11</td><td>vi semana nacional da pessoa com deficiência do tjba – seminários</td><td>25/08/2025</td><td>29/08/2025</td><td>10h</td><td>100</td><td>presencial</td></tr>

<tr><td>12</td><td>vi semana nacional da pessoa com deficiência do tjba – abertura presencial</td><td>25/08/2025</td><td>25/08/2025</td><td>3h</td><td>100</td><td>presencial</td></tr>

<tr><td>13</td><td>vi semana nacional da pessoa com deficiência do tjba – abertura ead</td><td>25/08/2025</td><td>25/08/2025</td><td>3h</td><td>100</td><td>ead</td></tr>

<tr><td>14</td><td>palestra: o papel do judiciário na promoção e defesa dos direitos das pessoas com deficiência</td><td>26/08/2025</td><td>26/08/2025</td><td>2h</td><td>80</td><td>presencial</td></tr>

<tr><td>15</td><td>palestra: o papel da educação no enfrentamento e combate ao capacitismo</td><td>27/08/2025</td><td>27/08/2025</td><td>2h</td><td>80</td><td>presencial</td></tr>

<tr><td>16</td><td>conexão saber 2025.26: o conceito contemporâneo da deficiência e o modelo biopsicossocial</td><td>27/08/2025</td><td>17/09/2025</td><td>30h</td><td>50</td><td>ead</td></tr>

<tr><td>17</td><td>conexão saber 2025.26: diversidade e inclusão: uma introdução</td><td>27/08/2025</td><td>17/09/2025</td><td>2h</td><td>50</td><td>ead</td></tr>

<tr><td>18</td><td>conexão saber 2025.26: introdução à libras</td><td>27/08/2025</td><td>17/09/2025</td><td>60h</td><td>50</td><td>ead</td></tr>

<tr><td>19</td><td>conexão saber 2025.26: acessibilidade em espaços de uso público no brasil</td><td>27/08/2025</td><td>17/09/2025</td><td>20h</td><td>50</td><td>ead</td></tr>

<tr><td>20</td><td>conexão saber 2025.26: curso acessibilidade na comunicação</td><td>27/08/2025</td><td>17/09/2025</td><td>30h</td><td>50</td><td>ead</td></tr>

<tr><td>21</td><td>vi semana nacional da pessoa com deficiência do tjba – curso de audiodescrição 2025 (matutino)</td><td>28/08/2025</td><td>28/08/2025</td><td>4h</td><td>80</td><td>presencial</td></tr>

<tr><td>22</td><td>vi semana nacional da pessoa com deficiência do tjba – curso de audiodescrição 2025 (vespertino)</td><td>28/08/2025</td><td>28/08/2025</td><td>4h</td><td>80</td><td>presencial</td></tr>

<tr><td>23</td><td>vi semana nacional da pessoa com deficiência do tjba – roda de conversa sobre interseccionalidades e diversidade humana</td><td>29/08/2025</td><td>29/08/2025</td><td>3h</td><td>80</td><td>presencial</td></tr>

<tr><td>24</td><td>conexão saber 2025.25: introdução à libras</td><td>02/09/2025</td><td>10/10/2025</td><td>60h</td><td>50</td><td>ead</td></tr>

<tr><td>25</td><td>conexão saber 2025.28: curso acessibilidade na comunicação</td><td>08/09/2025</td><td>26/09/2025</td><td>30h</td><td>50</td><td>ead</td></tr>

<tr><td>26</td><td>programa boas-vindas | formação inicial de servidores – área administrativa</td><td>24/09/2025</td><td>24/01/2026</td><td>110h</td><td>120</td><td>ead</td></tr>

<tr><td>27</td><td>programa boas-vindas | formação inicial de servidores – área judiciária</td><td>24/09/2025</td><td>24/01/2026</td><td>135h</td><td>120</td><td>ead</td></tr>

<tr><td>28</td><td>conexão saber 2025.31: diversidade e inclusão no ambiente de trabalho</td><td>29/09/2025</td><td>17/10/2025</td><td>20h</td><td>50</td><td>ead</td></tr>

<tr><td>29</td><td>conexão saber 2025.31: acessibilidade em espaços edificados de uso público</td><td>29/09/2025</td><td>17/10/2025</td><td>20h</td><td>50</td><td>ead</td></tr>

<tr><td>30</td><td>conexão saber 2025.31: inclusão social e laboral das pessoas com deficiência intelectual ou tea</td><td>29/09/2025</td><td>17/10/2025</td><td>20h</td><td>50</td><td>ead</td></tr>

<tr><td>31</td><td>programa boas-vindas | formação inicial de servidores – oficiais de justiça</td><td>01/10/2025</td><td>01/02/2026</td><td>120h</td><td>120</td><td>ead</td></tr>

<tr><td>32</td><td>conexão saber 2025.32: o conceito contemporâneo da deficiência e o modelo biopsicossocial</td><td>06/10/2025</td><td>24/10/2025</td><td>30h</td><td>50</td><td>ead</td></tr>

<tr><td>33</td><td>conexão saber 2025.32: diversidade e inclusão: uma introdução</td><td>06/10/2025</td><td>24/10/2025</td><td>2h</td><td>50</td><td>ead</td></tr>

<tr><td>34</td><td>conexão saber 2025.32: introdução à libras</td><td>06/10/2025</td><td>14/11/2025</td><td>60h</td><td>50</td><td>ead</td></tr>

<tr><td>35</td><td>conexão saber 2025.32: acessibilidade em espaços de uso público no brasil</td><td>06/10/2025</td><td>24/10/2025</td><td>20h</td><td>50</td><td>ead</td></tr>

<tr><td>36</td><td>conexão saber 2025.32: curso acessibilidade na comunicação</td><td>06/10/2025</td><td>24/10/2025</td><td>30h</td><td>50</td><td>ead</td></tr>

<tr><td>37</td><td>oficina de sensibilização para gestores sobre acessibilidade e inclusão</td><td>17/10/2025</td><td>17/10/2025</td><td>4h</td><td>40</td><td>presencial</td></tr>

<tr><td>38</td><td>conexão saber 2025.33: introdução à libras</td><td>20/10/2025</td><td>28/11/2025</td><td>20h</td><td>50</td><td>ead</td></tr>

<tr><td>39</td><td>conexão saber 2025.35: diversidade e inclusão: uma introdução</td><td>03/11/2025</td><td>28/11/2025</td><td>2h</td><td>50</td><td>ead</td></tr>

<tr><td>40</td><td>novembro negro pcd 2025: corporeidades negras – interseccionalidades entre raça e deficiência</td><td>26/11/2025</td><td>26/11/2025</td><td>3h</td><td>80</td><td>presencial</td></tr>

<tr><td>41</td><td>acessibilidade e inclusão no ambiente do tjba (fas)</td><td>&#8211;</td><td>&#8211;</td><td>&#8211;</td><td>&#8211;</td><td>&#8211;</td></tr>

</tbody>
</table>

<p>A CPAI e o NAI, em parceria estratégica com a Universidade Corporativa (UNICORP), implementaram um robusto programa de educação continuada. [&hellip;]</p>
