{"id":931,"date":"2026-03-30T10:56:40","date_gmt":"2026-03-30T13:56:40","guid":{"rendered":"https:\/\/www.tjba.jus.br\/portaldeacessibilidade\/?page_id=931"},"modified":"2026-04-06T06:58:47","modified_gmt":"2026-04-06T09:58:47","slug":"rybena","status":"publish","type":"page","link":"https:\/\/www.tjba.jus.br\/portaldeacessibilidade\/rybena\/","title":{"rendered":"Ryben\u00e1"},"content":{"rendered":"\n<p>O portal do Tribunal de Justi\u00e7a da Bahia (TJBA) conta com a <strong>ferramenta Ryben\u00e1<\/strong>, um recurso de tecnologia assistiva desenvolvido para garantir que pessoas com defici\u00eancia ou dificuldades de leitura acessem os conte\u00fados e servi\u00e7os do Poder Judici\u00e1rio com autonomia. A implementa\u00e7\u00e3o deste recurso atende \u00e0s exig\u00eancias da Lei Brasileira de Inclus\u00e3o (Lei n\u00ba 13.146\/2015) e \u00e0s normas de acessibilidade digital do Conselho Nacional de Justi\u00e7a (CNJ).<\/p>\n\n\n\n<p>Ao navegar pelo portal, o usu\u00e1rio pode acionar a interface de acessibilidade (identificada pelo \u00edcone lateral), que oferece as seguintes funcionalidades:<\/p>\n\n\n\n<div class=\"wp-block-columns is-layout-flex wp-container-core-columns-is-layout-9d6595d7 wp-block-columns-is-layout-flex\">\n<div class=\"wp-block-column is-layout-flow wp-block-column-is-layout-flow\" style=\"flex-basis:100%\">\n<div class=\"wp-block-columns is-layout-flex wp-container-core-columns-is-layout-9d6595d7 wp-block-columns-is-layout-flex\">\n<div class=\"wp-block-column is-vertically-aligned-center is-layout-flow wp-block-column-is-layout-flow\" style=\"flex-basis:200px\">\n<figure class=\"wp-block-image size-thumbnail is-resized\"><img loading=\"lazy\" decoding=\"async\" width=\"150\" height=\"141\" src=\"https:\/\/www.tjba.jus.br\/portaldeacessibilidade\/wp-content\/uploads\/2026\/03\/Captura-de-tela-2026-03-30-113141-150x141.png\" alt=\"Captura de tela 2026-03-30 113141\" class=\"wp-image-944\" style=\"aspect-ratio:4\/3;object-fit:contain;width:149px\"\/><\/figure>\n<\/div>\n\n\n\n<div class=\"wp-block-column is-layout-flow wp-block-column-is-layout-flow\">\n<p><strong>Tradu\u00e7\u00e3o para Libras:<\/strong><\/p>\n\n\n\n<p> Permite a tradu\u00e7\u00e3o autom\u00e1tica de textos e conte\u00fados para a L\u00edngua Brasileira de Sinais por meio de um avatar virtual, facilitando a compreens\u00e3o para a comunidade surda.<\/p>\n<\/div>\n<\/div>\n<\/div>\n<\/div>\n\n\n\n<div class=\"wp-block-columns is-layout-flex wp-container-core-columns-is-layout-9d6595d7 wp-block-columns-is-layout-flex\">\n<div class=\"wp-block-column is-layout-flow wp-block-column-is-layout-flow\" style=\"flex-basis:100%\">\n<div class=\"wp-block-columns is-layout-flex wp-container-core-columns-is-layout-9d6595d7 wp-block-columns-is-layout-flex\">\n<div class=\"wp-block-column is-layout-flow wp-block-column-is-layout-flow\" style=\"flex-basis:200px\">\n<figure class=\"wp-block-image size-full is-resized\"><img loading=\"lazy\" decoding=\"async\" width=\"129\" height=\"119\" src=\"https:\/\/www.tjba.jus.br\/portaldeacessibilidade\/wp-content\/uploads\/2026\/03\/Captura-de-tela-2026-03-30-113210-1.png\" alt=\"Captura de tela 2026-03-30 113210\" class=\"wp-image-951\" style=\"aspect-ratio:1.3333333333333333;object-fit:contain;width:149px;height:auto\" srcset=\"https:\/\/www.tjba.jus.br\/portaldeacessibilidade\/wp-content\/uploads\/2026\/03\/Captura-de-tela-2026-03-30-113210-1.png 129w, https:\/\/www.tjba.jus.br\/portaldeacessibilidade\/wp-content\/uploads\/2026\/03\/Captura-de-tela-2026-03-30-113210-1-92x85.png 92w\" sizes=\"auto, (max-width: 129px) 100vw, 129px\" \/><\/figure>\n<\/div>\n\n\n\n<div class=\"wp-block-column is-layout-flow wp-block-column-is-layout-flow\">\n<p><strong><strong>Leitura de Conte\u00fado (Voz)<\/strong><\/strong>:<\/p>\n\n\n\n<p>Ferramenta de sintetiza\u00e7\u00e3o de voz que converte o texto escrito em \u00e1udio, auxiliando pessoas cegas, com baixa vis\u00e3o ou dificuldades de leitura.<\/p>\n<\/div>\n<\/div>\n<\/div>\n<\/div>\n\n\n\n<div class=\"wp-block-columns is-layout-flex wp-container-core-columns-is-layout-9d6595d7 wp-block-columns-is-layout-flex\">\n<div class=\"wp-block-column is-layout-flow wp-block-column-is-layout-flow\" style=\"flex-basis:200px\">\n<figure class=\"wp-block-image size-thumbnail is-resized\"><img loading=\"lazy\" decoding=\"async\" width=\"150\" height=\"126\" src=\"https:\/\/www.tjba.jus.br\/portaldeacessibilidade\/wp-content\/uploads\/2026\/03\/Captura-de-tela-2026-03-30-113219-150x126.png\" alt=\"Captura de tela 2026-03-30 113219\" class=\"wp-image-946\" style=\"aspect-ratio:4\/3;object-fit:contain;width:149px\"\/><\/figure>\n<\/div>\n\n\n\n<div class=\"wp-block-column is-layout-flow wp-block-column-is-layout-flow\">\n<p><strong><strong><strong>Adapta\u00e7\u00e3o de Visualiza\u00e7\u00e3o:<\/strong><\/strong><\/strong><\/p>\n\n\n\n<p>Conjunto de ajustes que permite ao usu\u00e1rio alterar o contraste da p\u00e1gina, aumentar o tamanho das fontes e utilizar guias de leitura para melhor foco e clareza visual.<\/p>\n<\/div>\n<\/div>\n\n\n\n<p>A implementa\u00e7\u00e3o desse recurso de acessibilidade reafirma o compromisso do TJBA com a transpar\u00eancia e a democratiza\u00e7\u00e3o do acesso \u00e0 justi\u00e7a. Ao remover barreiras de comunica\u00e7\u00e3o no ambiente digital, o Tribunal assegura que os servi\u00e7os processuais e as informa\u00e7\u00f5es institucionais estejam dispon\u00edveis de forma equitativa para todos os cidad\u00e3os, promovendo a cidadania e o pleno exerc\u00edcio do Direito.<\/p>\n\n\n\n<div class=\"wp-block-buttons is-layout-flex wp-block-buttons-is-layout-flex\">\n<div class=\"wp-block-button\"><a class=\"wp-block-button__link has-background wp-element-button\" href=\"https:\/\/www.tjba.jus.br\/portaldeacessibilidade\/wp-content\/uploads\/2026\/04\/Tutorial-Ferramentas-de-Acessibilidade-Rybena.pdf\" style=\"background-color:#14867c\"><strong>Acesse o tutorial em PDF<\/strong><\/a><\/div>\n<\/div>\n","protected":false},"excerpt":{"rendered":"<p>O portal do Tribunal de Justi\u00e7a da Bahia (TJBA) conta com a ferramenta Ryben\u00e1, um recurso de tecnologia assistiva desenvolvido [&hellip;]<\/p>\n","protected":false},"author":2,"featured_media":0,"parent":0,"menu_order":0,"comment_status":"closed","ping_status":"closed","template":"","meta":{"_acf_changed":false,"_editorskit_title_hidden":false,"_editorskit_reading_time":0,"_editorskit_is_block_options_detached":false,"_editorskit_block_options_position":"{}","footnotes":""},"class_list":["post-931","page","type-page","status-publish","hentry"],"acf":[],"featured_image_src":null,"_links":{"self":[{"href":"https:\/\/www.tjba.jus.br\/portaldeacessibilidade\/wp-json\/wp\/v2\/pages\/931","targetHints":{"allow":["GET"]}}],"collection":[{"href":"https:\/\/www.tjba.jus.br\/portaldeacessibilidade\/wp-json\/wp\/v2\/pages"}],"about":[{"href":"https:\/\/www.tjba.jus.br\/portaldeacessibilidade\/wp-json\/wp\/v2\/types\/page"}],"author":[{"embeddable":true,"href":"https:\/\/www.tjba.jus.br\/portaldeacessibilidade\/wp-json\/wp\/v2\/users\/2"}],"replies":[{"embeddable":true,"href":"https:\/\/www.tjba.jus.br\/portaldeacessibilidade\/wp-json\/wp\/v2\/comments?post=931"}],"version-history":[{"count":29,"href":"https:\/\/www.tjba.jus.br\/portaldeacessibilidade\/wp-json\/wp\/v2\/pages\/931\/revisions"}],"predecessor-version":[{"id":1121,"href":"https:\/\/www.tjba.jus.br\/portaldeacessibilidade\/wp-json\/wp\/v2\/pages\/931\/revisions\/1121"}],"wp:attachment":[{"href":"https:\/\/www.tjba.jus.br\/portaldeacessibilidade\/wp-json\/wp\/v2\/media?parent=931"}],"curies":[{"name":"wp","href":"https:\/\/api.w.org\/{rel}","templated":true}]}}