{"id":738,"date":"2025-10-03T14:24:09","date_gmt":"2025-10-03T17:24:09","guid":{"rendered":"https:\/\/www.tjba.jus.br\/portaleproc\/?page_id=738"},"modified":"2025-10-08T14:43:29","modified_gmt":"2025-10-08T17:43:29","slug":"atos-normativos","status":"publish","type":"page","link":"https:\/\/www.tjba.jus.br\/portaleproc\/atos-normativos\/","title":{"rendered":"Atos Normativos"},"content":{"rendered":"\n<p><strong>Decretos Judici\u00e1rios:<\/strong><\/p>\n\n\n\n<div class=\"wp-block-file\"><a id=\"wp-block-file--media-600ac123-0ea8-40bd-a3b8-7822482af35f\" href=\"https:\/\/www.tjba.jus.br\/portaleproc\/wp-content\/uploads\/2025\/10\/Decreto-Judiciario-n.-378.2025-Institui-Comite-Interno-do-Sistema-EPROC.pdf\">Decreto Judici\u00e1rio n. 378.2025 &#8211; Institui Comit\u00ea Interno do Sistema EPROC<\/a><a href=\"https:\/\/www.tjba.jus.br\/portaleproc\/wp-content\/uploads\/2025\/10\/Decreto-Judiciario-n.-378.2025-Institui-Comite-Interno-do-Sistema-EPROC.pdf\" class=\"wp-block-file__button wp-element-button\" download aria-describedby=\"wp-block-file--media-600ac123-0ea8-40bd-a3b8-7822482af35f\">Baixar<\/a><\/div>\n\n\n\n<div class=\"wp-block-file\"><a id=\"wp-block-file--media-d627ec9e-18f8-4341-a6f8-3ba7271ecbca\" href=\"https:\/\/www.tjba.jus.br\/portaleproc\/wp-content\/uploads\/2025\/10\/Decreto-Judiciario-n.-377.-2025-Designa-os-membros-do-Comite-Gestor-Interinstitucional.pdf\">Decreto Judici\u00e1rio n. 377. 2025 &#8211; Designa os membros do Comit\u00ea Gestor Interinstitucional<\/a><a href=\"https:\/\/www.tjba.jus.br\/portaleproc\/wp-content\/uploads\/2025\/10\/Decreto-Judiciario-n.-377.-2025-Designa-os-membros-do-Comite-Gestor-Interinstitucional.pdf\" class=\"wp-block-file__button wp-element-button\" download aria-describedby=\"wp-block-file--media-d627ec9e-18f8-4341-a6f8-3ba7271ecbca\">Baixar<\/a><\/div>\n\n\n\n<div class=\"wp-block-file\"><a id=\"wp-block-file--media-3b6e228f-2dce-4fe7-a58f-b5cdc5a261c8\" href=\"https:\/\/www.tjba.jus.br\/portaleproc\/wp-content\/uploads\/2025\/10\/Decreto-Judiciario-n.-541.2025-Institui-o-Comite-de-Acompanhamento-dos-Orgaos-Externos.pdf\">Decreto Judici\u00e1rio n. 541.2025 &#8211; Institui o Comit\u00ea de Acompanhamento dos \u00d3rg\u00e3os Externos<\/a><a href=\"https:\/\/www.tjba.jus.br\/portaleproc\/wp-content\/uploads\/2025\/10\/Decreto-Judiciario-n.-541.2025-Institui-o-Comite-de-Acompanhamento-dos-Orgaos-Externos.pdf\" class=\"wp-block-file__button wp-element-button\" download aria-describedby=\"wp-block-file--media-3b6e228f-2dce-4fe7-a58f-b5cdc5a261c8\">Baixar<\/a><\/div>\n\n\n\n<div class=\"wp-block-file\"><a id=\"wp-block-file--media-0af1d790-4b27-4abc-a8e4-796c3b7ece92\" href=\"https:\/\/www.tjba.jus.br\/portaleproc\/wp-content\/uploads\/2025\/10\/Decreto-Judiciario-n.-835.2025-Dispoe-sobre-a-implantacao-em-carater-piloto-do-Sistema-Eproc-nas-2a-e-3a-Varas-Civeis-de-SAJ.pdf\">Decreto Judici\u00e1rio n. 835.2025 &#8211; Disp\u00f5e sobre a implanta\u00e7\u00e3o, em c\u00e1rater piloto, do Sistema Eproc, nas 2\u00aa e 3\u00aa Varas C\u00edveis de SAJ<\/a><a href=\"https:\/\/www.tjba.jus.br\/portaleproc\/wp-content\/uploads\/2025\/10\/Decreto-Judiciario-n.-835.2025-Dispoe-sobre-a-implantacao-em-carater-piloto-do-Sistema-Eproc-nas-2a-e-3a-Varas-Civeis-de-SAJ.pdf\" class=\"wp-block-file__button wp-element-button\" download aria-describedby=\"wp-block-file--media-0af1d790-4b27-4abc-a8e4-796c3b7ece92\">Baixar<\/a><\/div>\n\n\n\n<p><\/p>\n","protected":false},"excerpt":{"rendered":"<p>Decretos Judici\u00e1rios:<\/p>\n","protected":false},"author":6,"featured_media":0,"parent":0,"menu_order":0,"comment_status":"closed","ping_status":"closed","template":"page.php","meta":{"ub_ctt_via":"","footnotes":""},"class_list":["post-738","page","type-page","status-publish","hentry"],"acf":[],"featured_image_src":null,"_links":{"self":[{"href":"https:\/\/www.tjba.jus.br\/portaleproc\/wp-json\/wp\/v2\/pages\/738","targetHints":{"allow":["GET"]}}],"collection":[{"href":"https:\/\/www.tjba.jus.br\/portaleproc\/wp-json\/wp\/v2\/pages"}],"about":[{"href":"https:\/\/www.tjba.jus.br\/portaleproc\/wp-json\/wp\/v2\/types\/page"}],"author":[{"embeddable":true,"href":"https:\/\/www.tjba.jus.br\/portaleproc\/wp-json\/wp\/v2\/users\/6"}],"replies":[{"embeddable":true,"href":"https:\/\/www.tjba.jus.br\/portaleproc\/wp-json\/wp\/v2\/comments?post=738"}],"version-history":[{"count":8,"href":"https:\/\/www.tjba.jus.br\/portaleproc\/wp-json\/wp\/v2\/pages\/738\/revisions"}],"predecessor-version":[{"id":867,"href":"https:\/\/www.tjba.jus.br\/portaleproc\/wp-json\/wp\/v2\/pages\/738\/revisions\/867"}],"wp:attachment":[{"href":"https:\/\/www.tjba.jus.br\/portaleproc\/wp-json\/wp\/v2\/media?parent=738"}],"curies":[{"name":"wp","href":"https:\/\/api.w.org\/{rel}","templated":true}]}}