{"id":1472,"date":"2018-03-12T16:23:09","date_gmt":"2018-03-12T19:23:09","guid":{"rendered":"http:\/\/tjbawsp001.tjba.jus.br\/segundavice\/?page_id=1472"},"modified":"2019-01-30T09:13:26","modified_gmt":"2019-01-30T12:13:26","slug":"secao-de-recursos","status":"publish","type":"page","link":"https:\/\/www.tjba.jus.br\/segundavice\/secao-de-recursos\/","title":{"rendered":"Se\u00e7\u00e3o de Recursos"},"content":{"rendered":"<p class=\"western\" align=\"JUSTIFY\"><span style=\"font-family: 'Open Sans', sans-serif;\">Atrelada \u00e0 2\u00aa Vice-Presid\u00eancia, a Se\u00e7\u00e3o de Recursos \u00e9 o \u00f3rg\u00e3o competente a assessor\u00e1-la <span style=\"font-size: medium;\">no exerc\u00edcio do ju\u00edzo de admissibilidade dos recursos dirigidos aos Tribunais Superiores, bem como o compete a elabora\u00e7\u00e3o de minutas de decis\u00f5es, despachos, consultas, notas t\u00e9cnicas, informa\u00e7\u00f5es e demais demandas, nos \u00e2mbitos jur\u00eddico e institucional, relacionadas aos recursos extraordin\u00e1rios e Tribunais Superiores, al\u00e9m da elabora\u00e7\u00e3o de planos, coordena\u00e7\u00e3o e execu\u00e7\u00e3o das atividades que lhe sejam cometidas pela 2\u00aa Vice-Presid\u00eancia.<\/span><\/span><\/p>\n<p class=\"western\" align=\"JUSTIFY\"><span style=\"font-family: 'Open Sans', sans-serif;\"><span style=\"font-size: medium;\">Atualmente coordenada pelo Assessor Especial, o Juiz de Direito Dr. F\u00e1bio Alexsandro Costa Bastos, a Se\u00e7\u00e3o de Recurso tem sua disciplina nos arts. 172 e 173 do Regimento dos \u00d3rg\u00e3os Auxiliares e de Apoio T\u00e9cnico Administrativo da Justi\u00e7a, aprovado pela Resolu\u00e7\u00e3o n\u00ba 05, de 27 de mar\u00e7o de 2013, deste Tribunal de Justi\u00e7a.<\/span><\/span><\/p>\n<p class=\"western\" align=\"JUSTIFY\"><span style=\"font-family: 'Open Sans', sans-serif;\"><span style=\"font-size: medium;\">Tel.: (71) 3372-5143<\/span><\/span><\/p>\n<p align=\"JUSTIFY\"><a href=\"https:\/\/www.tjba.jus.br\/segundavice\/wp-content\/uploads\/2019\/01\/RELAT\u00d3RIO-SE\u00c7\u00c3O-DE-RECURSOS-2018-1.pdf\" target=\"_blank\" rel=\"noopener\">RELAT\u00d3RIO SE\u00c7\u00c3O DE RECURSOS 2018<\/a><\/p>\n","protected":false},"excerpt":{"rendered":"<p>Atrelada \u00e0 2\u00aa Vice-Presid\u00eancia, a Se\u00e7\u00e3o de Recursos \u00e9 o \u00f3rg\u00e3o competente a assessor\u00e1-la no exerc\u00edcio do ju\u00edzo de admissibilidade dos recursos dirigidos aos Tribunais Superiores, bem como o compete [&hellip;]<\/p>\n","protected":false},"author":3,"featured_media":0,"parent":0,"menu_order":0,"comment_status":"closed","ping_status":"closed","template":"","meta":{"_EventAllDay":false,"_EventTimezone":"","_EventStartDate":"","_EventEndDate":"","_EventStartDateUTC":"","_EventEndDateUTC":"","_EventShowMap":false,"_EventShowMapLink":false,"_EventURL":"","_EventCost":"","_EventCostDescription":"","_EventCurrencySymbol":"","_EventCurrencyCode":"","_EventCurrencyPosition":"","_EventDateTimeSeparator":"","_EventTimeRangeSeparator":"","_EventOrganizerID":[],"_EventVenueID":[],"_OrganizerEmail":"","_OrganizerPhone":"","_OrganizerWebsite":"","_VenueAddress":"","_VenueCity":"","_VenueCountry":"","_VenueProvince":"","_VenueState":"","_VenueZip":"","_VenuePhone":"","_VenueURL":"","_VenueStateProvince":"","_VenueLat":"","_VenueLng":"","_VenueShowMap":false,"_VenueShowMapLink":false,"footnotes":""},"acf":[],"featured_image_src":null,"_links":{"self":[{"href":"https:\/\/www.tjba.jus.br\/segundavice\/wp-json\/wp\/v2\/pages\/1472"}],"collection":[{"href":"https:\/\/www.tjba.jus.br\/segundavice\/wp-json\/wp\/v2\/pages"}],"about":[{"href":"https:\/\/www.tjba.jus.br\/segundavice\/wp-json\/wp\/v2\/types\/page"}],"author":[{"embeddable":true,"href":"https:\/\/www.tjba.jus.br\/segundavice\/wp-json\/wp\/v2\/users\/3"}],"replies":[{"embeddable":true,"href":"https:\/\/www.tjba.jus.br\/segundavice\/wp-json\/wp\/v2\/comments?post=1472"}],"version-history":[{"count":8,"href":"https:\/\/www.tjba.jus.br\/segundavice\/wp-json\/wp\/v2\/pages\/1472\/revisions"}],"predecessor-version":[{"id":1911,"href":"https:\/\/www.tjba.jus.br\/segundavice\/wp-json\/wp\/v2\/pages\/1472\/revisions\/1911"}],"wp:attachment":[{"href":"https:\/\/www.tjba.jus.br\/segundavice\/wp-json\/wp\/v2\/media?parent=1472"}],"curies":[{"name":"wp","href":"https:\/\/api.w.org\/{rel}","templated":true}]}}

Seção de Recursos

<p class="western" align="JUSTIFY"><span style="font-family: 'Open Sans', sans-serif;">Atrelada à 2ª Vice-Presidência, a Seção de Recursos é o órgão competente a assessorá-la <span style="font-size: medium;">no exercício do juízo de admissibilidade dos recursos dirigidos aos Tribunais Superiores, bem como o compete a elaboração de minutas de decisões, despachos, consultas, notas técnicas, informações e demais demandas, nos âmbitos jurídico e institucional, relacionadas aos recursos extraordinários e Tribunais Superiores, além da elaboração de planos, coordenação e execução das atividades que lhe sejam cometidas pela 2ª Vice-Presidência.</span></span></p>
<p class="western" align="JUSTIFY"><span style="font-family: 'Open Sans', sans-serif;"><span style="font-size: medium;">Atualmente coordenada pelo Assessor Especial, o Juiz de Direito Dr. Fábio Alexsandro Costa Bastos, a Seção de Recurso tem sua disciplina nos arts. 172 e 173 do Regimento dos Órgãos Auxiliares e de Apoio Técnico Administrativo da Justiça, aprovado pela Resolução nº 05, de 27 de março de 2013, deste Tribunal de Justiça.</span></span></p>
<p class="western" align="JUSTIFY"><span style="font-family: 'Open Sans', sans-serif;"><span style="font-size: medium;">Tel.: (71) 3372-5143</span></span></p>
<p align="JUSTIFY"><a href="https://www.tjba.jus.br/segundavice/wp-content/uploads/2019/01/RELATÓRIO-SEÇÃO-DE-RECURSOS-2018-1.pdf" target="_blank" rel="noopener">RELATÓRIO SEÇÃO DE RECURSOS 2018</a></p>

<p>Atrelada à 2ª Vice-Presidência, a Seção de Recursos é o órgão competente a assessorá-la no exercício do juízo de admissibilidade dos recursos dirigidos aos Tribunais Superiores, bem como o compete [&hellip;]</p>
