{"id":1483,"date":"2018-03-12T16:25:34","date_gmt":"2018-03-12T19:25:34","guid":{"rendered":"http:\/\/tjbawsp001.tjba.jus.br\/segundavice\/?page_id=1483"},"modified":"2019-01-24T11:00:42","modified_gmt":"2019-01-24T14:00:42","slug":"semag","status":"publish","type":"page","link":"https:\/\/www.tjba.jus.br\/segundavice\/semag\/","title":{"rendered":"Semag"},"content":{"rendered":"<p class=\"western\" align=\"JUSTIFY\"><span style=\"font-family: 'Open Sans', sans-serif;\"><span style=\"font-size: medium;\">Atrelada \u00e0 2\u00aa Vice-Presid\u00eancia, a Se\u00e7\u00e3o de Magistrados, \u00e9 o \u00f3rg\u00e3o competente a assessor\u00e1-la no trato das mat\u00e9rias relacionadas aos ju\u00edzes de primeiro grau, tais como o controle de afastamento tempor\u00e1rio dos magistrados, a organiza\u00e7\u00e3o do plant\u00e3o judici\u00e1rio no per\u00edodo do recesso forense, al\u00e9m da lista de substitui\u00e7\u00f5es dos magistrados nas comarcas do estado e coordena\u00e7\u00e3o e execu\u00e7\u00e3o das a\u00e7\u00f5es e atividades concernentes \u00e0 sua natureza e determinadas pela 2\u00aa Vice-Presid\u00eancia.<\/span><\/span><\/p>\n<p class=\"western\" align=\"JUSTIFY\"><span style=\"font-family: 'Open Sans', sans-serif;\"><span style=\"font-size: medium;\">Hoje a Se\u00e7\u00e3o de Magistrados \u00e9 coordenada pela Assessora Especial, a Ju\u00edza de Direito Dra. Marina Kummer de Andrade, e tem sua disciplina nos arts. 167 e 168 do Regimento dos \u00d3rg\u00e3os Auxiliares e de Apoio T\u00e9cnico Administrativo da Justi\u00e7a, aprovado pela Resolu\u00e7\u00e3o n\u00ba 05, de 27 de mar\u00e7o de 2013, deste Tribunal de Justi\u00e7a.<\/span><\/span><\/p>\n<p align=\"JUSTIFY\">Tel.: (71) 3372-5656<\/p>\n<p align=\"JUSTIFY\">\n<p align=\"JUSTIFY\"><a href=\"https:\/\/www.tjba.jus.br\/segundavice\/wp-content\/uploads\/2019\/01\/Relatorio-SEMAG.pdf\">Relat\u00f3rio SEMAG 2018<\/a><\/p>\n","protected":false},"excerpt":{"rendered":"<p>Atrelada \u00e0 2\u00aa Vice-Presid\u00eancia, a Se\u00e7\u00e3o de Magistrados, \u00e9 o \u00f3rg\u00e3o competente a assessor\u00e1-la no trato das mat\u00e9rias relacionadas aos ju\u00edzes de primeiro grau, tais como o controle de afastamento [&hellip;]<\/p>\n","protected":false},"author":3,"featured_media":0,"parent":0,"menu_order":0,"comment_status":"closed","ping_status":"closed","template":"","meta":{"_EventAllDay":false,"_EventTimezone":"","_EventStartDate":"","_EventEndDate":"","_EventStartDateUTC":"","_EventEndDateUTC":"","_EventShowMap":false,"_EventShowMapLink":false,"_EventURL":"","_EventCost":"","_EventCostDescription":"","_EventCurrencySymbol":"","_EventCurrencyCode":"","_EventCurrencyPosition":"","_EventDateTimeSeparator":"","_EventTimeRangeSeparator":"","_EventOrganizerID":[],"_EventVenueID":[],"_OrganizerEmail":"","_OrganizerPhone":"","_OrganizerWebsite":"","_VenueAddress":"","_VenueCity":"","_VenueCountry":"","_VenueProvince":"","_VenueState":"","_VenueZip":"","_VenuePhone":"","_VenueURL":"","_VenueStateProvince":"","_VenueLat":"","_VenueLng":"","_VenueShowMap":false,"_VenueShowMapLink":false,"footnotes":""},"acf":[],"featured_image_src":null,"_links":{"self":[{"href":"https:\/\/www.tjba.jus.br\/segundavice\/wp-json\/wp\/v2\/pages\/1483"}],"collection":[{"href":"https:\/\/www.tjba.jus.br\/segundavice\/wp-json\/wp\/v2\/pages"}],"about":[{"href":"https:\/\/www.tjba.jus.br\/segundavice\/wp-json\/wp\/v2\/types\/page"}],"author":[{"embeddable":true,"href":"https:\/\/www.tjba.jus.br\/segundavice\/wp-json\/wp\/v2\/users\/3"}],"replies":[{"embeddable":true,"href":"https:\/\/www.tjba.jus.br\/segundavice\/wp-json\/wp\/v2\/comments?post=1483"}],"version-history":[{"count":5,"href":"https:\/\/www.tjba.jus.br\/segundavice\/wp-json\/wp\/v2\/pages\/1483\/revisions"}],"predecessor-version":[{"id":1897,"href":"https:\/\/www.tjba.jus.br\/segundavice\/wp-json\/wp\/v2\/pages\/1483\/revisions\/1897"}],"wp:attachment":[{"href":"https:\/\/www.tjba.jus.br\/segundavice\/wp-json\/wp\/v2\/media?parent=1483"}],"curies":[{"name":"wp","href":"https:\/\/api.w.org\/{rel}","templated":true}]}}

<p class="western" align="JUSTIFY"><span style="font-family: 'Open Sans', sans-serif;"><span style="font-size: medium;">Atrelada à 2ª Vice-Presidência, a Seção de Magistrados, é o órgão competente a assessorá-la no trato das matérias relacionadas aos juízes de primeiro grau, tais como o controle de afastamento temporário dos magistrados, a organização do plantão judiciário no período do recesso forense, além da lista de substituições dos magistrados nas comarcas do estado e coordenação e execução das ações e atividades concernentes à sua natureza e determinadas pela 2ª Vice-Presidência.</span></span></p>
<p class="western" align="JUSTIFY"><span style="font-family: 'Open Sans', sans-serif;"><span style="font-size: medium;">Hoje a Seção de Magistrados é coordenada pela Assessora Especial, a Juíza de Direito Dra. Marina Kummer de Andrade, e tem sua disciplina nos arts. 167 e 168 do Regimento dos Órgãos Auxiliares e de Apoio Técnico Administrativo da Justiça, aprovado pela Resolução nº 05, de 27 de março de 2013, deste Tribunal de Justiça.</span></span></p>
<p align="JUSTIFY">Tel.: (71) 3372-5656</p>
<p align="JUSTIFY">
<p align="JUSTIFY"><a href="https://www.tjba.jus.br/segundavice/wp-content/uploads/2019/01/Relatorio-SEMAG.pdf">Relatório SEMAG 2018</a></p>

<p>Atrelada à 2ª Vice-Presidência, a Seção de Magistrados, é o órgão competente a assessorá-la no trato das matérias relacionadas aos juízes de primeiro grau, tais como o controle de afastamento [&hellip;]</p>
