{"id":1556,"date":"2018-03-22T12:10:34","date_gmt":"2018-03-22T15:10:34","guid":{"rendered":"http:\/\/tjbawsp001.tjba.jus.br\/segundavice\/?page_id=1556"},"modified":"2024-02-01T13:10:12","modified_gmt":"2024-02-01T16:10:12","slug":"estatistica","status":"publish","type":"page","link":"https:\/\/www.tjba.jus.br\/segundavice\/estatistica\/","title":{"rendered":"Estat\u00edstica"},"content":{"rendered":"<p style=\"text-align: justify;\"><span style=\"font-family: Calibri, serif;\"><span style=\"font-size: xx-large;\">Bi\u00eanio 2022\/2024<\/span><\/span><\/p>\n<p>&nbsp;<\/p>\n<p style=\"text-align: justify;\"><a href=\"https:\/\/www.tjba.jus.br\/segundavice\/wp-content\/uploads\/2024\/02\/Relatorio-Estat%C3%ADstico-2022-2024-v.-final.pdf\"><strong><span style=\"color: #2a6099;\"><span style=\"font-family: 'Times New Roman', serif;\"><span style=\"font-size: large;\"><span lang=\"pt-BR\"><b>RELAT\u00d3RIO ESTAT\u00cdSTICO 2VP (ANO 2022\/2024<\/b><\/span><\/span><\/span><\/span><\/strong><span style=\"color: #2a6099;\"><span style=\"font-family: 'Times New Roman', serif;\"><span style=\"font-size: large;\"><span lang=\"pt-BR\"><b>) <\/b><\/span><\/span><\/span><\/span><\/a><span style=\"color: #000000;\"><span style=\"font-family: 'Times New Roman', serif;\"><span style=\"font-size: x-large;\"><span lang=\"pt-BR\">&#8211;\u00a0<\/span><\/span><\/span><\/span>O material disponibiliza dados de quantitativo de atos judiciais proferidos pela 2\u00aa Vice-Presidente, total de processos remetidos aos Tribunais Superiores e entre outras informa\u00e7\u00f5es. Cumpre informar que tal iniciativa esta alinhada ao princ\u00edpio da transpar\u00eancia, de modo a permitir o f\u00e1cil acesso \u00e0 presta\u00e7\u00e3o jurisdicional promovida pela 2\u00aa Vice-Presid\u00eancia, no bi\u00eanio 2022-2024.<\/p>\n<p>&nbsp;<\/p>\n<p style=\"text-align: justify;\"><a href=\"https:\/\/www.tjba.jus.br\/segundavice\/wp-content\/uploads\/2023\/03\/Relatorio-Estatistico-2VP-ano-2022-versao-dois.pdf\"><strong><span style=\"color: #2a6099;\"><span style=\"font-family: 'Times New Roman', serif;\"><span style=\"font-size: large;\"><span lang=\"pt-BR\"><b>RELAT\u00d3RIO ESTAT\u00cdSTICO 2VP (ANO 2022<\/b><\/span><\/span><\/span><\/span><\/strong><span style=\"color: #2a6099;\"><span style=\"font-family: 'Times New Roman', serif;\"><span style=\"font-size: large;\"><span lang=\"pt-BR\"><b>) <\/b><\/span><\/span><\/span><\/span><\/a><span style=\"color: #000000;\"><span style=\"font-family: 'Times New Roman', serif;\"><span style=\"font-size: x-large;\"><span lang=\"pt-BR\">&#8211;\u00a0<\/span><\/span><\/span><\/span><span style=\"font-family: 'Times New Roman', serif;\"><span style=\"font-size: large;\">O Poder Judici\u00e1rio da Bahia garante a todo o cidad\u00e3o o direito de acesso \u00e0 informa\u00e7\u00e3o. Neste relat\u00f3rio, a 2\u00aa Vice-Presid\u00eancia disponibiliza, por meio de gr\u00e1ficos e tabelas, dados referentes a quantidade de atos praticados, processos remetidos ao STJ e STF e entre outras informa\u00e7\u00f5es.<\/span><\/span><\/p>\n<p>&nbsp;<\/p>\n<p class=\"western\" style=\"text-align: justify;\" align=\"justify\"><span style=\"font-family: Calibri, serif;\"><span style=\"font-size: xx-large;\">Bi\u00eanio 2020\/2022<\/span><\/span><\/p>\n<p style=\"text-align: justify;\"><strong><a href=\"https:\/\/www.tjba.jus.br\/segundavice\/wp-content\/uploads\/2022\/02\/Painel-de-estat%C3%ADstica.pdf\"><span style=\"color: #2a6099;\"><span style=\"font-family: 'Times New Roman', serif;\"><span style=\"font-size: medium;\"><span lang=\"pt-BR\"><b>PAINEL DE ESTAT\u00cdSTICA<\/b><\/span><\/span><\/span><\/span><\/a>\u00a0<\/strong><b><\/b><span style=\"font-family: 'Times New Roman', serif;\"><span style=\"font-size: large;\">&#8211;\u00a0<\/span><\/span><span style=\"font-family: 'Times New Roman', serif;\"><span style=\"font-size: large;\"><span lang=\"pt-BR\">Alinhada ao macrodesafio de Aperfei\u00e7oamento da Gest\u00e3o de Precedentes Judiciais e para atender ao princ\u00edpio da transpar\u00eancia, a 2\u00aa Vice-Presid\u00eancia apresenta os dados estat\u00edsticos do bi\u00eanio 2020\/2022 relacionados \u00e0 admissibilidade dos recursos direcionados aos Tribunais Superiores.<\/span><\/span><\/span><\/p>\n<p class=\"western\" style=\"text-align: justify;\" align=\"justify\"><span style=\"font-family: 'Times New Roman', serif;\"><span style=\"font-size: large;\">Os dados foram consolidados a partir dos relat\u00f3rios extra\u00eddos do sistema Exaudi, ferramenta oficial de gest\u00e3o de acervo do PJBA, bem assim de compartilhamento de informa\u00e7\u00f5es realizado pela Secretaria de Precedentes do STF e do NUGEPNAC do STJ.<\/span><\/span><\/p>\n<p class=\"western\" style=\"text-align: justify;\" align=\"justify\"><span style=\"font-family: 'Times New Roman', serif;\"><span style=\"font-size: large;\">No painel est\u00e3o dispon\u00edveis o quantitativo de atos judiciais proferidos pelo 2\u00ba Vice-Presidente, o Desembargador Augusto de Lima Bispo, de processos enviados aos Tribunais Superiores, o indicativo da taxa de reforma das decis\u00f5es proferidas pelo Tribunal de Justi\u00e7a da Bahia e a tem\u00e1tica alvo dos maiores \u00edndices de reforma.<\/span><\/span><\/p>\n","protected":false},"excerpt":{"rendered":"<p>Bi\u00eanio 2022\/2024 &nbsp; RELAT\u00d3RIO ESTAT\u00cdSTICO 2VP (ANO 2022\/2024) &#8211;\u00a0O material disponibiliza dados de quantitativo de atos judiciais proferidos pela 2\u00aa Vice-Presidente, total de processos remetidos aos Tribunais Superiores e entre [&hellip;]<\/p>\n","protected":false},"author":3,"featured_media":0,"parent":0,"menu_order":0,"comment_status":"closed","ping_status":"closed","template":"","meta":{"_EventAllDay":false,"_EventTimezone":"","_EventStartDate":"","_EventEndDate":"","_EventStartDateUTC":"","_EventEndDateUTC":"","_EventShowMap":false,"_EventShowMapLink":false,"_EventURL":"","_EventCost":"","_EventCostDescription":"","_EventCurrencySymbol":"","_EventCurrencyCode":"","_EventCurrencyPosition":"","_EventDateTimeSeparator":"","_EventTimeRangeSeparator":"","_EventOrganizerID":[],"_EventVenueID":[],"_OrganizerEmail":"","_OrganizerPhone":"","_OrganizerWebsite":"","_VenueAddress":"","_VenueCity":"","_VenueCountry":"","_VenueProvince":"","_VenueState":"","_VenueZip":"","_VenuePhone":"","_VenueURL":"","_VenueStateProvince":"","_VenueLat":"","_VenueLng":"","_VenueShowMap":false,"_VenueShowMapLink":false,"footnotes":""},"acf":[],"featured_image_src":null,"_links":{"self":[{"href":"https:\/\/www.tjba.jus.br\/segundavice\/wp-json\/wp\/v2\/pages\/1556"}],"collection":[{"href":"https:\/\/www.tjba.jus.br\/segundavice\/wp-json\/wp\/v2\/pages"}],"about":[{"href":"https:\/\/www.tjba.jus.br\/segundavice\/wp-json\/wp\/v2\/types\/page"}],"author":[{"embeddable":true,"href":"https:\/\/www.tjba.jus.br\/segundavice\/wp-json\/wp\/v2\/users\/3"}],"replies":[{"embeddable":true,"href":"https:\/\/www.tjba.jus.br\/segundavice\/wp-json\/wp\/v2\/comments?post=1556"}],"version-history":[{"count":28,"href":"https:\/\/www.tjba.jus.br\/segundavice\/wp-json\/wp\/v2\/pages\/1556\/revisions"}],"predecessor-version":[{"id":7286,"href":"https:\/\/www.tjba.jus.br\/segundavice\/wp-json\/wp\/v2\/pages\/1556\/revisions\/7286"}],"wp:attachment":[{"href":"https:\/\/www.tjba.jus.br\/segundavice\/wp-json\/wp\/v2\/media?parent=1556"}],"curies":[{"name":"wp","href":"https:\/\/api.w.org\/{rel}","templated":true}]}}

Estatística

<p style="text-align: justify;"><span style="font-family: Calibri, serif;"><span style="font-size: xx-large;">Biênio 2022/2024</span></span></p>
<p>&nbsp;</p>
<p style="text-align: justify;"><a href="https://www.tjba.jus.br/segundavice/wp-content/uploads/2024/02/Relatorio-Estat%C3%ADstico-2022-2024-v.-final.pdf"><strong><span style="color: #2a6099;"><span style="font-family: 'Times New Roman', serif;"><span style="font-size: large;"><span lang="pt-BR"><b>RELATÓRIO ESTATÍSTICO 2VP (ANO 2022/2024</b></span></span></span></span></strong><span style="color: #2a6099;"><span style="font-family: 'Times New Roman', serif;"><span style="font-size: large;"><span lang="pt-BR"><b>) </b></span></span></span></span></a><span style="color: #000000;"><span style="font-family: 'Times New Roman', serif;"><span style="font-size: x-large;"><span lang="pt-BR">&#8211; </span></span></span></span>O material disponibiliza dados de quantitativo de atos judiciais proferidos pela 2ª Vice-Presidente, total de processos remetidos aos Tribunais Superiores e entre outras informações. Cumpre informar que tal iniciativa esta alinhada ao princípio da transparência, de modo a permitir o fácil acesso à prestação jurisdicional promovida pela 2ª Vice-Presidência, no biênio 2022-2024.</p>
<p>&nbsp;</p>
<p style="text-align: justify;"><a href="https://www.tjba.jus.br/segundavice/wp-content/uploads/2023/03/Relatorio-Estatistico-2VP-ano-2022-versao-dois.pdf"><strong><span style="color: #2a6099;"><span style="font-family: 'Times New Roman', serif;"><span style="font-size: large;"><span lang="pt-BR"><b>RELATÓRIO ESTATÍSTICO 2VP (ANO 2022</b></span></span></span></span></strong><span style="color: #2a6099;"><span style="font-family: 'Times New Roman', serif;"><span style="font-size: large;"><span lang="pt-BR"><b>) </b></span></span></span></span></a><span style="color: #000000;"><span style="font-family: 'Times New Roman', serif;"><span style="font-size: x-large;"><span lang="pt-BR">&#8211; </span></span></span></span><span style="font-family: 'Times New Roman', serif;"><span style="font-size: large;">O Poder Judiciário da Bahia garante a todo o cidadão o direito de acesso à informação. Neste relatório, a 2ª Vice-Presidência disponibiliza, por meio de gráficos e tabelas, dados referentes a quantidade de atos praticados, processos remetidos ao STJ e STF e entre outras informações.</span></span></p>
<p>&nbsp;</p>
<p class="western" style="text-align: justify;" align="justify"><span style="font-family: Calibri, serif;"><span style="font-size: xx-large;">Biênio 2020/2022</span></span></p>
<p style="text-align: justify;"><strong><a href="https://www.tjba.jus.br/segundavice/wp-content/uploads/2022/02/Painel-de-estat%C3%ADstica.pdf"><span style="color: #2a6099;"><span style="font-family: 'Times New Roman', serif;"><span style="font-size: medium;"><span lang="pt-BR"><b>PAINEL DE ESTATÍSTICA</b></span></span></span></span></a> </strong><b></b><span style="font-family: 'Times New Roman', serif;"><span style="font-size: large;">&#8211; </span></span><span style="font-family: 'Times New Roman', serif;"><span style="font-size: large;"><span lang="pt-BR">Alinhada ao macrodesafio de Aperfeiçoamento da Gestão de Precedentes Judiciais e para atender ao princípio da transparência, a 2ª Vice-Presidência apresenta os dados estatísticos do biênio 2020/2022 relacionados à admissibilidade dos recursos direcionados aos Tribunais Superiores.</span></span></span></p>
<p class="western" style="text-align: justify;" align="justify"><span style="font-family: 'Times New Roman', serif;"><span style="font-size: large;">Os dados foram consolidados a partir dos relatórios extraídos do sistema Exaudi, ferramenta oficial de gestão de acervo do PJBA, bem assim de compartilhamento de informações realizado pela Secretaria de Precedentes do STF e do NUGEPNAC do STJ.</span></span></p>
<p class="western" style="text-align: justify;" align="justify"><span style="font-family: 'Times New Roman', serif;"><span style="font-size: large;">No painel estão disponíveis o quantitativo de atos judiciais proferidos pelo 2º Vice-Presidente, o Desembargador Augusto de Lima Bispo, de processos enviados aos Tribunais Superiores, o indicativo da taxa de reforma das decisões proferidas pelo Tribunal de Justiça da Bahia e a temática alvo dos maiores índices de reforma.</span></span></p>

<p>Biênio 2022/2024 &nbsp; RELATÓRIO ESTATÍSTICO 2VP (ANO 2022/2024) &#8211; O material disponibiliza dados de quantitativo de atos judiciais proferidos pela 2ª Vice-Presidente, total de processos remetidos aos Tribunais Superiores e entre [&hellip;]</p>
