{"id":6042,"date":"2021-05-25T13:42:38","date_gmt":"2021-05-25T16:42:38","guid":{"rendered":"https:\/\/www.tjba.jus.br\/segundavice\/?page_id=6042"},"modified":"2021-05-26T08:59:33","modified_gmt":"2021-05-26T11:59:33","slug":"legislacao","status":"publish","type":"page","link":"https:\/\/www.tjba.jus.br\/segundavice\/legislacao\/","title":{"rendered":"Legisla\u00e7\u00e3o"},"content":{"rendered":"<p><a href=\"https:\/\/www.tjba.jus.br\/segundavice\/wp-content\/uploads\/2021\/05\/Resolu\u00e7\u00e3o-CNJ-N\u00ba-349.2021.pdf\">Resolu\u00e7\u00e3o CNJ N\u00ba 349.2021<\/a><\/p>\n<p>Disp\u00f5e sobre a cria\u00e7\u00e3o do Centro de Intelig\u00eancia do Poder Judici\u00e1rio e d\u00e1 outras provid\u00eancias.<\/p>\n<p>&nbsp;<\/p>\n<p><a href=\"https:\/\/www.tjba.jus.br\/segundavice\/wp-content\/uploads\/2021\/05\/Resolu\u00e7\u00e3o-n\u00ba-04.2021-TJBA.pdf\">Resolu\u00e7\u00e3o n\u00ba 04.2021 TJBA<\/a><\/p>\n<p>Disp\u00f5e sobre a cria\u00e7\u00e3o do Centro de Intelig\u00eancia do Poder Judici\u00e1rio no \u00e2mbito do Tribunal de Justi\u00e7a do Estado da Bahia.<\/p>\n<p>&nbsp;<\/p>\n<p><a href=\"https:\/\/www.tjba.jus.br\/segundavice\/wp-content\/uploads\/2021\/05\/Decreto-Judici\u00e1rio-n\u00ba-279.2021-1.pdf\">Decreto Judici\u00e1rio n\u00ba 279.2021<\/a><\/p>\n<p>Designa magistrados e servidores para compor o Grupo Operacional do Centro de Intelig\u00eancia da Justi\u00e7a Estadual da Bahia \u2013 CIJEBA.<\/p>\n<p>&nbsp;<\/p>\n<p><a href=\"https:\/\/www.tjba.jus.br\/segundavice\/wp-content\/uploads\/2021\/05\/Portaria-01.2021-CIJEBA-1.pdf\">Portaria 01.2021- CIJEBA<\/a><\/p>\n<p>Disp\u00f5e sobre as atribui\u00e7\u00f5es do juiz coordenador do Grupo Operacional do Centro de Intelig\u00eancia da Justi\u00e7a Estadual da Bahia.<\/p>\n","protected":false},"excerpt":{"rendered":"<p>Resolu\u00e7\u00e3o CNJ N\u00ba 349.2021 Disp\u00f5e sobre a cria\u00e7\u00e3o do Centro de Intelig\u00eancia do Poder Judici\u00e1rio e d\u00e1 outras provid\u00eancias. &nbsp; Resolu\u00e7\u00e3o n\u00ba 04.2021 TJBA Disp\u00f5e sobre a cria\u00e7\u00e3o do Centro [&hellip;]<\/p>\n","protected":false},"author":24,"featured_media":0,"parent":0,"menu_order":0,"comment_status":"closed","ping_status":"closed","template":"","meta":{"_EventAllDay":false,"_EventTimezone":"","_EventStartDate":"","_EventEndDate":"","_EventStartDateUTC":"","_EventEndDateUTC":"","_EventShowMap":false,"_EventShowMapLink":false,"_EventURL":"","_EventCost":"","_EventCostDescription":"","_EventCurrencySymbol":"","_EventCurrencyCode":"","_EventCurrencyPosition":"","_EventDateTimeSeparator":"","_EventTimeRangeSeparator":"","_EventOrganizerID":[],"_EventVenueID":[],"_OrganizerEmail":"","_OrganizerPhone":"","_OrganizerWebsite":"","_VenueAddress":"","_VenueCity":"","_VenueCountry":"","_VenueProvince":"","_VenueState":"","_VenueZip":"","_VenuePhone":"","_VenueURL":"","_VenueStateProvince":"","_VenueLat":"","_VenueLng":"","_VenueShowMap":false,"_VenueShowMapLink":false,"footnotes":""},"acf":[],"featured_image_src":null,"_links":{"self":[{"href":"https:\/\/www.tjba.jus.br\/segundavice\/wp-json\/wp\/v2\/pages\/6042"}],"collection":[{"href":"https:\/\/www.tjba.jus.br\/segundavice\/wp-json\/wp\/v2\/pages"}],"about":[{"href":"https:\/\/www.tjba.jus.br\/segundavice\/wp-json\/wp\/v2\/types\/page"}],"author":[{"embeddable":true,"href":"https:\/\/www.tjba.jus.br\/segundavice\/wp-json\/wp\/v2\/users\/24"}],"replies":[{"embeddable":true,"href":"https:\/\/www.tjba.jus.br\/segundavice\/wp-json\/wp\/v2\/comments?post=6042"}],"version-history":[{"count":3,"href":"https:\/\/www.tjba.jus.br\/segundavice\/wp-json\/wp\/v2\/pages\/6042\/revisions"}],"predecessor-version":[{"id":6061,"href":"https:\/\/www.tjba.jus.br\/segundavice\/wp-json\/wp\/v2\/pages\/6042\/revisions\/6061"}],"wp:attachment":[{"href":"https:\/\/www.tjba.jus.br\/segundavice\/wp-json\/wp\/v2\/media?parent=6042"}],"curies":[{"name":"wp","href":"https:\/\/api.w.org\/{rel}","templated":true}]}}

Legislação

<p><a href="https://www.tjba.jus.br/segundavice/wp-content/uploads/2021/05/Resolução-CNJ-Nº-349.2021.pdf">Resolução CNJ Nº 349.2021</a></p>
<p>Dispõe sobre a criação do Centro de Inteligência do Poder Judiciário e dá outras providências.</p>
<p>&nbsp;</p>
<p><a href="https://www.tjba.jus.br/segundavice/wp-content/uploads/2021/05/Resolução-nº-04.2021-TJBA.pdf">Resolução nº 04.2021 TJBA</a></p>
<p>Dispõe sobre a criação do Centro de Inteligência do Poder Judiciário no âmbito do Tribunal de Justiça do Estado da Bahia.</p>
<p>&nbsp;</p>
<p><a href="https://www.tjba.jus.br/segundavice/wp-content/uploads/2021/05/Decreto-Judiciário-nº-279.2021-1.pdf">Decreto Judiciário nº 279.2021</a></p>
<p>Designa magistrados e servidores para compor o Grupo Operacional do Centro de Inteligência da Justiça Estadual da Bahia – CIJEBA.</p>
<p>&nbsp;</p>
<p><a href="https://www.tjba.jus.br/segundavice/wp-content/uploads/2021/05/Portaria-01.2021-CIJEBA-1.pdf">Portaria 01.2021- CIJEBA</a></p>
<p>Dispõe sobre as atribuições do juiz coordenador do Grupo Operacional do Centro de Inteligência da Justiça Estadual da Bahia.</p>

<p>Resolução CNJ Nº 349.2021 Dispõe sobre a criação do Centro de Inteligência do Poder Judiciário e dá outras providências. &nbsp; Resolução nº 04.2021 TJBA Dispõe sobre a criação do Centro [&hellip;]</p>
