{"id":6394,"date":"2021-10-27T15:24:47","date_gmt":"2021-10-27T18:24:47","guid":{"rendered":"https:\/\/www.tjba.jus.br\/segundavice\/?page_id=6394"},"modified":"2021-10-27T15:24:47","modified_gmt":"2021-10-27T18:24:47","slug":"2a-vice-presidencia-participa-da-revisao-da-cadeia-de-valor-do-pjba","status":"publish","type":"page","link":"https:\/\/www.tjba.jus.br\/segundavice\/2a-vice-presidencia-participa-da-revisao-da-cadeia-de-valor-do-pjba\/","title":{"rendered":"2\u00aa Vice-Presid\u00eancia participa da Revis\u00e3o da Cadeia de Valor do PJBA"},"content":{"rendered":"<p>A 2\u00aa Vice-Presid\u00eancia, participou da Revis\u00e3o da Cadeia de Valor do PJBA, realizada no dia 19.10.2021.<\/p>\n<p>&nbsp;<\/p>\n<p>O encontro foi organizado pela Secretaria de Planejamento do Tribunal de Justi\u00e7a da Bahia, em cumprimento ao quanto determinado na XVIII Reuni\u00e3o e An\u00e1lise da Estrat\u00e9gia- RAE, realizada o dia 21\/09\/2021.<\/p>\n<p>&nbsp;<\/p>\n<p>A Reuni\u00e3o objetivou a revis\u00e3o da Cadeia de Valor do PJBA, tendo os participantes explanado \u00e0 consultoria contratada, acerca das atribui\u00e7\u00f5es das unidades e as rela\u00e7\u00f5es existentes entre elas.<\/p>\n<p>&nbsp;<\/p>\n<p>O encontro promoveu a intera\u00e7\u00e3o entre os participantes, favorecendo a comunica\u00e7\u00e3o institucional.<\/p>\n<p>&nbsp;<\/p>\n<p>A reuni\u00e3o contou com a presen\u00e7a da 2\u00aa Vice-Presid\u00eancia, representada pelas servidoras Viviane Souza, Chefe de Gabinete e L\u00edbia Andrade, Coordenadora do NUGEPNAC; 1\u00aa Vice-Presid\u00eancia; Secretaria Judici\u00e1ria- SEJUD; e N\u00facleo Auxiliar de Concilia\u00e7\u00e3o de Precat\u00f3rios- NACP.<\/p>\n","protected":false},"excerpt":{"rendered":"<p>A 2\u00aa Vice-Presid\u00eancia, participou da Revis\u00e3o da Cadeia de Valor do PJBA, realizada no dia 19.10.2021. &nbsp; O encontro foi organizado pela Secretaria de Planejamento do Tribunal de Justi\u00e7a da [&hellip;]<\/p>\n","protected":false},"author":24,"featured_media":6395,"parent":0,"menu_order":0,"comment_status":"closed","ping_status":"closed","template":"","meta":{"_EventAllDay":false,"_EventTimezone":"","_EventStartDate":"","_EventEndDate":"","_EventStartDateUTC":"","_EventEndDateUTC":"","_EventShowMap":false,"_EventShowMapLink":false,"_EventURL":"","_EventCost":"","_EventCostDescription":"","_EventCurrencySymbol":"","_EventCurrencyCode":"","_EventCurrencyPosition":"","_EventDateTimeSeparator":"","_EventTimeRangeSeparator":"","_EventOrganizerID":[],"_EventVenueID":[],"_OrganizerEmail":"","_OrganizerPhone":"","_OrganizerWebsite":"","_VenueAddress":"","_VenueCity":"","_VenueCountry":"","_VenueProvince":"","_VenueState":"","_VenueZip":"","_VenuePhone":"","_VenueURL":"","_VenueStateProvince":"","_VenueLat":"","_VenueLng":"","_VenueShowMap":false,"_VenueShowMapLink":false,"footnotes":""},"acf":[],"featured_image_src":"https:\/\/www.tjba.jus.br\/segundavice\/wp-content\/uploads\/2021\/10\/foto-postar.jpg","_links":{"self":[{"href":"https:\/\/www.tjba.jus.br\/segundavice\/wp-json\/wp\/v2\/pages\/6394"}],"collection":[{"href":"https:\/\/www.tjba.jus.br\/segundavice\/wp-json\/wp\/v2\/pages"}],"about":[{"href":"https:\/\/www.tjba.jus.br\/segundavice\/wp-json\/wp\/v2\/types\/page"}],"author":[{"embeddable":true,"href":"https:\/\/www.tjba.jus.br\/segundavice\/wp-json\/wp\/v2\/users\/24"}],"replies":[{"embeddable":true,"href":"https:\/\/www.tjba.jus.br\/segundavice\/wp-json\/wp\/v2\/comments?post=6394"}],"version-history":[{"count":1,"href":"https:\/\/www.tjba.jus.br\/segundavice\/wp-json\/wp\/v2\/pages\/6394\/revisions"}],"predecessor-version":[{"id":6396,"href":"https:\/\/www.tjba.jus.br\/segundavice\/wp-json\/wp\/v2\/pages\/6394\/revisions\/6396"}],"wp:featuredmedia":[{"embeddable":true,"href":"https:\/\/www.tjba.jus.br\/segundavice\/wp-json\/wp\/v2\/media\/6395"}],"wp:attachment":[{"href":"https:\/\/www.tjba.jus.br\/segundavice\/wp-json\/wp\/v2\/media?parent=6394"}],"curies":[{"name":"wp","href":"https:\/\/api.w.org\/{rel}","templated":true}]}}

2ª Vice-Presidência participa da Revisão da Cadeia de Valor do PJBA

<p>A 2ª Vice-Presidência, participou da Revisão da Cadeia de Valor do PJBA, realizada no dia 19.10.2021.</p>
<p>&nbsp;</p>
<p>O encontro foi organizado pela Secretaria de Planejamento do Tribunal de Justiça da Bahia, em cumprimento ao quanto determinado na XVIII Reunião e Análise da Estratégia- RAE, realizada o dia 21/09/2021.</p>
<p>&nbsp;</p>
<p>A Reunião objetivou a revisão da Cadeia de Valor do PJBA, tendo os participantes explanado à consultoria contratada, acerca das atribuições das unidades e as relações existentes entre elas.</p>
<p>&nbsp;</p>
<p>O encontro promoveu a interação entre os participantes, favorecendo a comunicação institucional.</p>
<p>&nbsp;</p>
<p>A reunião contou com a presença da 2ª Vice-Presidência, representada pelas servidoras Viviane Souza, Chefe de Gabinete e Líbia Andrade, Coordenadora do NUGEPNAC; 1ª Vice-Presidência; Secretaria Judiciária- SEJUD; e Núcleo Auxiliar de Conciliação de Precatórios- NACP.</p>

<p>A 2ª Vice-Presidência, participou da Revisão da Cadeia de Valor do PJBA, realizada no dia 19.10.2021. &nbsp; O encontro foi organizado pela Secretaria de Planejamento do Tribunal de Justiça da [&hellip;]</p>
